{"id":14337,"date":"2025-07-15T12:58:24","date_gmt":"2025-07-15T10:58:24","guid":{"rendered":"https:\/\/uj.adatbank.ro\/lexikon\/termek\/magyarosi-istvan-2\/"},"modified":"2025-07-15T12:58:24","modified_gmt":"2025-07-15T10:58:24","slug":"magyarosi-istvan-2","status":"publish","type":"product","link":"https:\/\/uj.adatbank.ro\/lexikon\/termek\/magyarosi-istvan-2\/","title":{"rendered":"MAGYAROSI Istv\u00e1n"},"content":{"rendered":"<p>? \u2020\u00a0?: unit. lelk\u00e9sz, esperes. \u2013 A kolozsi  zsinaton papp\u00e1 szentelt\u00e9k (1699). Ny\u00e1r\u00e1dszentl\u00e1szl\u00f3n lelk\u00e9sz  (1705\u201309), a k\u00fck\u00fcll\u0151sz\u00e9plaki zsinaton v\u00e1lasztott\u00e1k meg marosi esperesnek (1720. j\u00fan. 30.), esperes Harc\u00f3n (1734. dec. 15). Mint marosk\u00f6ri esperes kij\u00e1rta hogy visszakapja a szab\u00e9di unit. egyh\u00e1z azon erdej\u00e9t \u00e9s sz\u00e1nt\u00f3f\u00f6ldj\u00e9t, mely a hajdani baz\u00e9di unit\u00e1riusok adom\u00e1ny\u00e1b\u00f3l tartozott a szab\u00e9di unit. egyh\u00e1zhoz (1724. nov. 28). <br \/><strong>Irod.:<\/strong> Kelemen Lajos 2009; K\u00e9nosi-Uzoni 2.; Ny\u00e1r\u00e1dszentl\u00e1szl\u00f3; Zov\u00e1nyi<\/br><\/p>\n","protected":false},"excerpt":{"rendered":"<p>? \u2020\u00a0?: unit. lelk\u00e9sz, esperes. \u2013 A kolozsi zsinaton papp\u00e1 szentelt\u00e9k (1699). Ny\u00e1r\u00e1dszentl\u00e1szl\u00f3n lelk\u00e9sz (1705\u201309), a k\u00fck\u00fcll\u0151sz\u00e9plaki zsinaton v\u00e1lasztott\u00e1k meg marosi esperesnek (1720. j\u00fan. 30.), esperes Harc\u00f3n (1734. dec. 15). Mint marosk\u00f6ri esperes kij\u00e1rta hogy visszakapja a szab\u00e9di unit. egyh\u00e1z azon erdej\u00e9t \u00e9s sz\u00e1nt\u00f3f\u00f6ldj\u00e9t, mely a hajdani baz\u00e9di unit\u00e1riusok adom\u00e1ny\u00e1b\u00f3l tartozott a szab\u00e9di unit. egyh\u00e1zhoz [&hellip;]<\/p>\n","protected":false},"featured_media":0,"comment_status":"open","ping_status":"closed","template":"","meta":[],"product_brand":[],"product_cat":[137],"product_tag":[],"class_list":{"0":"post-14337","1":"product","2":"type-product","3":"status-publish","5":"product_cat-maros-megyei-eletrajzi-lexikon","7":"first","8":"instock","9":"shipping-taxable","10":"product-type-simple"},"_links":{"self":[{"href":"https:\/\/uj.adatbank.ro\/lexikon\/wp-json\/wp\/v2\/product\/14337","targetHints":{"allow":["GET"]}}],"collection":[{"href":"https:\/\/uj.adatbank.ro\/lexikon\/wp-json\/wp\/v2\/product"}],"about":[{"href":"https:\/\/uj.adatbank.ro\/lexikon\/wp-json\/wp\/v2\/types\/product"}],"replies":[{"embeddable":true,"href":"https:\/\/uj.adatbank.ro\/lexikon\/wp-json\/wp\/v2\/comments?post=14337"}],"wp:attachment":[{"href":"https:\/\/uj.adatbank.ro\/lexikon\/wp-json\/wp\/v2\/media?parent=14337"}],"wp:term":[{"taxonomy":"product_brand","embeddable":true,"href":"https:\/\/uj.adatbank.ro\/lexikon\/wp-json\/wp\/v2\/product_brand?post=14337"},{"taxonomy":"product_cat","embeddable":true,"href":"https:\/\/uj.adatbank.ro\/lexikon\/wp-json\/wp\/v2\/product_cat?post=14337"},{"taxonomy":"product_tag","embeddable":true,"href":"https:\/\/uj.adatbank.ro\/lexikon\/wp-json\/wp\/v2\/product_tag?post=14337"}],"curies":[{"name":"wp","href":"https:\/\/api.w.org\/{rel}","templated":true}]}}

MAGYAROSI István

<p>? † ?: unit. lelkész, esperes. – A kolozsi  zsinaton pappá szentelték (1699). Nyárádszentlászlón lelkész  (1705–09), a küküllőszéplaki zsinaton választották meg marosi esperesnek (1720. jún. 30.), esperes Harcón (1734. dec. 15). Mint marosköri esperes kijárta hogy visszakapja a szabédi unit. egyház azon erdejét és szántóföldjét, mely a hajdani bazédi unitáriusok adományából tartozott a szabédi unit. egyházhoz (1724. nov. 28). <br /><strong>Irod.:</strong> Kelemen Lajos 2009; Kénosi-Uzoni 2.; Nyárádszentlászló; Zoványi</br></p>

<p>? † ?: unit. lelkész, esperes. – A kolozsi zsinaton pappá szentelték (1699). Nyárádszentlászlón lelkész (1705–09), a küküllőszéplaki zsinaton választották meg marosi esperesnek (1720. jún. 30.), esperes Harcón (1734. dec. 15). Mint marosköri esperes kijárta hogy visszakapja a szabédi unit. egyház azon erdejét és szántóföldjét, mely a hajdani bazédi unitáriusok adományából tartozott a szabédi unit. egyházhoz [&hellip;]</p>
