{"id":14345,"date":"2025-07-15T12:58:40","date_gmt":"2025-07-15T10:58:40","guid":{"rendered":"https:\/\/uj.adatbank.ro\/lexikon\/termek\/magyarosi-sandor\/"},"modified":"2025-07-15T12:58:40","modified_gmt":"2025-07-15T10:58:40","slug":"magyarosi-sandor","status":"publish","type":"product","link":"https:\/\/uj.adatbank.ro\/lexikon\/termek\/magyarosi-sandor\/","title":{"rendered":"MAGYAROSI S\u00e1ndor"},"content":{"rendered":"<p>Kisf\u00fclp\u00f6s, 1912. j\u00fal. 12., \u2020 Sz\u00e1szr\u00e9gen, 1998. szept. 9.: tan\u00edt\u00f3, ref. k\u00e1ntor, karnagy. \u2013 A tan\u00edt\u00f3k\u00e9pz\u0151t Nagyenyeden v\u00e9gezte (1933). Marosj\u00e1r\u00e1n kezdte p\u00e1lyafut\u00e1s\u00e1t; Sz\u00e1szr\u00e9genbe tan\u00edtott (1934\u2013). A MP tagja, az egyh\u00e1zi \u00e9s ifj\u00fas\u00e1gi dal\u00e1rd\u00e1nak, valamint az IKE vezet\u0151je; a kultur\u00e1lis \u00e9s szoci\u00e1lis egyes\u00fcletek tev\u00e9kenys\u00e9g\u00e9ben r\u00e9szt vett. Tart. Alhadnagyk\u00e9nt r\u00e9szt vett a m. hadsereg harcaiban (1944. aug. 3.\u20131945. m\u00e1rc. 1). A sz\u00e1szr\u00e9geni Pedag\u00f3giai Iskol\u00e1ban tan\u00edtott (1948\u2013). A Sz\u00e1szr\u00e9geni M. Polg\u00e1ri Dalk\u00f6rt a II. vh. ut\u00e1n \u00fajj\u00e1szervezt\u00e9k (1948) a Solidaritatea b\u0151ripari sz\u00f6vetkezet keret\u00e9ben \u00e9s megb\u00edzt\u00e1k a k\u00f3rus vezet\u00e9s\u00e9vel (1948\u201373) \u00e9s a sz\u00e1szr\u00e9geni Ref. Egyh\u00e1zk\u00f6zs\u00e9g vegyeskar\u00e1t vezette ( \u2013 1990). Seg\u00edtette a N\u00e9psz\u00ednh\u00e1z tev\u00e9kenys\u00e9g\u00e9t is. <br \/><strong>Irod.:<\/strong> Bir\u00f3 Don\u00e1t; [Nekrol\u00f3g] (N\u00fa.1998.szept.10.); Reghin, militari; Sz\u00e9kelyf\u00f6ld \u00ed. k.<\/br><\/p>\n","protected":false},"excerpt":{"rendered":"<p>Kisf\u00fclp\u00f6s, 1912. j\u00fal. 12., \u2020 Sz\u00e1szr\u00e9gen, 1998. szept. 9.: tan\u00edt\u00f3, ref. k\u00e1ntor, karnagy. \u2013 A tan\u00edt\u00f3k\u00e9pz\u0151t Nagyenyeden v\u00e9gezte (1933). Marosj\u00e1r\u00e1n kezdte p\u00e1lyafut\u00e1s\u00e1t; Sz\u00e1szr\u00e9genbe tan\u00edtott (1934\u2013). A MP tagja, az egyh\u00e1zi \u00e9s ifj\u00fas\u00e1gi dal\u00e1rd\u00e1nak, valamint az IKE vezet\u0151je; a kultur\u00e1lis \u00e9s szoci\u00e1lis egyes\u00fcletek tev\u00e9kenys\u00e9g\u00e9ben r\u00e9szt vett. Tart. Alhadnagyk\u00e9nt r\u00e9szt vett a m. hadsereg harcaiban (1944. aug. [&hellip;]<\/p>\n","protected":false},"featured_media":0,"comment_status":"open","ping_status":"closed","template":"","meta":[],"product_brand":[],"product_cat":[137],"product_tag":[],"class_list":{"0":"post-14345","1":"product","2":"type-product","3":"status-publish","5":"product_cat-maros-megyei-eletrajzi-lexikon","7":"first","8":"instock","9":"shipping-taxable","10":"product-type-simple"},"_links":{"self":[{"href":"https:\/\/uj.adatbank.ro\/lexikon\/wp-json\/wp\/v2\/product\/14345","targetHints":{"allow":["GET"]}}],"collection":[{"href":"https:\/\/uj.adatbank.ro\/lexikon\/wp-json\/wp\/v2\/product"}],"about":[{"href":"https:\/\/uj.adatbank.ro\/lexikon\/wp-json\/wp\/v2\/types\/product"}],"replies":[{"embeddable":true,"href":"https:\/\/uj.adatbank.ro\/lexikon\/wp-json\/wp\/v2\/comments?post=14345"}],"wp:attachment":[{"href":"https:\/\/uj.adatbank.ro\/lexikon\/wp-json\/wp\/v2\/media?parent=14345"}],"wp:term":[{"taxonomy":"product_brand","embeddable":true,"href":"https:\/\/uj.adatbank.ro\/lexikon\/wp-json\/wp\/v2\/product_brand?post=14345"},{"taxonomy":"product_cat","embeddable":true,"href":"https:\/\/uj.adatbank.ro\/lexikon\/wp-json\/wp\/v2\/product_cat?post=14345"},{"taxonomy":"product_tag","embeddable":true,"href":"https:\/\/uj.adatbank.ro\/lexikon\/wp-json\/wp\/v2\/product_tag?post=14345"}],"curies":[{"name":"wp","href":"https:\/\/api.w.org\/{rel}","templated":true}]}}

MAGYAROSI Sándor

<p>Kisfülpös, 1912. júl. 12., † Szászrégen, 1998. szept. 9.: tanító, ref. kántor, karnagy. – A tanítóképzőt Nagyenyeden végezte (1933). Marosjárán kezdte pályafutását; Szászrégenbe tanított (1934–). A MP tagja, az egyházi és ifjúsági dalárdának, valamint az IKE vezetője; a kulturális és szociális egyesületek tevékenységében részt vett. Tart. Alhadnagyként részt vett a m. hadsereg harcaiban (1944. aug. 3.–1945. márc. 1). A szászrégeni Pedagógiai Iskolában tanított (1948–). A Szászrégeni M. Polgári Dalkört a II. vh. után újjászervezték (1948) a Solidaritatea bőripari szövetkezet keretében és megbízták a kórus vezetésével (1948–73) és a szászrégeni Ref. Egyházközség vegyeskarát vezette ( – 1990). Segítette a Népszínház tevékenységét is. <br /><strong>Irod.:</strong> Biró Donát; [Nekrológ] (Nú.1998.szept.10.); Reghin, militari; Székelyföld í. k.</br></p>

<p>Kisfülpös, 1912. júl. 12., † Szászrégen, 1998. szept. 9.: tanító, ref. kántor, karnagy. – A tanítóképzőt Nagyenyeden végezte (1933). Marosjárán kezdte pályafutását; Szászrégenbe tanított (1934–). A MP tagja, az egyházi és ifjúsági dalárdának, valamint az IKE vezetője; a kulturális és szociális egyesületek tevékenységében részt vett. Tart. Alhadnagyként részt vett a m. hadsereg harcaiban (1944. aug. [&hellip;]</p>
