{"id":14355,"date":"2025-07-15T12:59:00","date_gmt":"2025-07-15T10:59:00","guid":{"rendered":"https:\/\/uj.adatbank.ro\/lexikon\/termek\/mahig-ignac-bernard-mahig-bernard-alneve-aradi\/"},"modified":"2025-07-15T12:59:00","modified_gmt":"2025-07-15T10:59:00","slug":"mahig-ignac-bernard-mahig-bernard-alneve-aradi","status":"publish","type":"product","link":"https:\/\/uj.adatbank.ro\/lexikon\/termek\/mahig-ignac-bernard-mahig-bernard-alneve-aradi\/","title":{"rendered":"M\u00c1HIG Ign\u00e1c Bern\u00e1rd, M\u00e1hig Bern\u00e1rd, \u00e1lneve: Aradi"},"content":{"rendered":"<p>B\u00e9b (Veszpr\u00e9m vm.), 1880. m\u00e1j. 2., \u2020\u00a01958: minorita szerzetes, r\u00f3mai m. gyontat\u00f3. \u2013 A k\u00f6z\u00e9piskol\u00e1t Veszpr\u00e9mben v\u00e9gezte, a minorita rendbe vett\u00e9k fel Mv.-en (1901. szept. 5.). A pr\u00f3ba\u00e9v letelte ut\u00e1n R\u00f3m\u00e1ban folytatta tanulm\u00e1nyait, papp\u00e1 szentelt\u00e9k (1906. \u00e1pr. 14.). Seg\u00e9dlelk\u00e9sz Lugoson, Pancsov\u00e1n, visszat\u00e9rt R\u00f3m\u00e1ba m. gy\u00f3ntat\u00f3k\u00e9nt, m\u00edg eg\u00e9szs\u00e9gi \u00e1llapota engedte (1911. szept.\u20131913. eleje). K\u00e9zdiv\u00e1s\u00e1rhelyen pl\u00e9b\u00e1nos, Nagyenyeden h\u00e1zf\u0151n\u00f6k, majd Aradon szolg\u00e1lt, mint lelki igazgat\u00f3, r\u00f6vid ideig Pancsov\u00e1n a n\u00e9metajk\u00faak papja, de a rend\u0151rs\u00e9g kiutas\u00edtotta, mert nem volt jugoszl\u00e1v \u00e1llampolg\u00e1r. A mv.-i papnevel\u0151 int\u00e9zet n\u00f6vend\u00e9keinek mester\u00e9v\u00e9 nevezt\u00e9k ki (1935.jan.12.\u20131935. dec. 4.), a rendtartom\u00e1ny tan\u00e1cs\u00e1nak \u00f6r\u00f6k\u00f6s tagj\u00e1v\u00e1 v\u00e1lasztott\u00e1k meg a rendtartom\u00e1nyi nagygy\u0171l\u00e9sen (1937). A papn\u00f6vend\u00e9keket \u00e1thelyezt\u00e9k Egerbe (1943. szept. v\u00e9ge), Mv.-en maradt, mint az ap\u00e1c\u00e1k gyontat\u00f3ja. K\u00e9s\u0151bb Ny\u00edrb\u00e1torban \u00e9s Magyar\u00fcr\u00f6gben pl\u00e9b\u00e1nos, a rendtartom\u00e1ny \u00e1llamilag t\u00f6rt\u00e9n\u0151 feloszlat\u00e1s\u00e1ig.Cikkei megjelentek a Lourdes c. foly\u00f3iratban. \u2013 <strong>F. m.:<\/strong> A Szent Mise \u00e1jtatoss\u00e1ga: Ima \u00e9s \u00e9nekesk\u00f6nyv a kereszt\u00e9ny h\u00edv\u0151k, f\u0151k\u00e9p a katolikus ifj\u00fas\u00e1g sz\u00e1m\u00e1ra (K\u00e9zdiv\u00e1s\u00e1rhely, 1919). <br \/><strong>Irod.:<\/strong> Maros megyei t\u00f6rt.; Monay: magyaro.-i \u00e9s erd\u00e9lyi minorit\u00e1k; Monay: R. m. gy.<\/br><\/p>\n","protected":false},"excerpt":{"rendered":"<p>B\u00e9b (Veszpr\u00e9m vm.), 1880. m\u00e1j. 2., \u2020\u00a01958: minorita szerzetes, r\u00f3mai m. gyontat\u00f3. \u2013 A k\u00f6z\u00e9piskol\u00e1t Veszpr\u00e9mben v\u00e9gezte, a minorita rendbe vett\u00e9k fel Mv.-en (1901. szept. 5.). A pr\u00f3ba\u00e9v letelte ut\u00e1n R\u00f3m\u00e1ban folytatta tanulm\u00e1nyait, papp\u00e1 szentelt\u00e9k (1906. \u00e1pr. 14.). Seg\u00e9dlelk\u00e9sz Lugoson, Pancsov\u00e1n, visszat\u00e9rt R\u00f3m\u00e1ba m. gy\u00f3ntat\u00f3k\u00e9nt, m\u00edg eg\u00e9szs\u00e9gi \u00e1llapota engedte (1911. szept.\u20131913. eleje). K\u00e9zdiv\u00e1s\u00e1rhelyen pl\u00e9b\u00e1nos, Nagyenyeden [&hellip;]<\/p>\n","protected":false},"featured_media":0,"comment_status":"open","ping_status":"closed","template":"","meta":[],"product_brand":[],"product_cat":[137],"product_tag":[],"class_list":{"0":"post-14355","1":"product","2":"type-product","3":"status-publish","5":"product_cat-maros-megyei-eletrajzi-lexikon","7":"first","8":"instock","9":"shipping-taxable","10":"product-type-simple"},"_links":{"self":[{"href":"https:\/\/uj.adatbank.ro\/lexikon\/wp-json\/wp\/v2\/product\/14355","targetHints":{"allow":["GET"]}}],"collection":[{"href":"https:\/\/uj.adatbank.ro\/lexikon\/wp-json\/wp\/v2\/product"}],"about":[{"href":"https:\/\/uj.adatbank.ro\/lexikon\/wp-json\/wp\/v2\/types\/product"}],"replies":[{"embeddable":true,"href":"https:\/\/uj.adatbank.ro\/lexikon\/wp-json\/wp\/v2\/comments?post=14355"}],"wp:attachment":[{"href":"https:\/\/uj.adatbank.ro\/lexikon\/wp-json\/wp\/v2\/media?parent=14355"}],"wp:term":[{"taxonomy":"product_brand","embeddable":true,"href":"https:\/\/uj.adatbank.ro\/lexikon\/wp-json\/wp\/v2\/product_brand?post=14355"},{"taxonomy":"product_cat","embeddable":true,"href":"https:\/\/uj.adatbank.ro\/lexikon\/wp-json\/wp\/v2\/product_cat?post=14355"},{"taxonomy":"product_tag","embeddable":true,"href":"https:\/\/uj.adatbank.ro\/lexikon\/wp-json\/wp\/v2\/product_tag?post=14355"}],"curies":[{"name":"wp","href":"https:\/\/api.w.org\/{rel}","templated":true}]}}