{"id":14357,"date":"2025-07-15T12:59:04","date_gmt":"2025-07-15T10:59:04","guid":{"rendered":"https:\/\/uj.adatbank.ro\/lexikon\/termek\/maier-alexandru-sandor\/"},"modified":"2025-07-15T12:59:04","modified_gmt":"2025-07-15T10:59:04","slug":"maier-alexandru-sandor","status":"publish","type":"product","link":"https:\/\/uj.adatbank.ro\/lexikon\/termek\/maier-alexandru-sandor\/","title":{"rendered":"MAIER, Alexandru, S\u00e1ndor"},"content":{"rendered":"<p>? \u2020 ? : korcsoly\u00e1z\u00f3. \u2013 A mv.-Progresul Sk. leigazolt sportol\u00f3ja (1950- 65). Az orsz\u00e1gos gyorskorcsoly\u00e1z\u00f3 bajnoks\u00e1gon II. d\u00edjat nyert (1953), a m\u0171korcsoly\u00e1z\u00f3 sz\u00e1mokban orsz\u00e1gos I. helyet \u00e9rt el, de m\u00e1s sz\u00e1mokban is rekordokat \u00e1ll\u00edtott fel. Sok nemzetk\u00f6zi versenyen k\u00e9pviselte haz\u00e1j\u00e1t. A k\u00e9s\u0151bbi \u00e9vekben az ut\u00e1np\u00f3tl\u00e1s kiv\u00e1l\u00f3 nevel\u0151je lett. <br \/><strong>Irod.:<\/strong> Ra\u0163iu: Sportul mure\u015fan<\/br><\/p>\n","protected":false},"excerpt":{"rendered":"<p>? \u2020 ? : korcsoly\u00e1z\u00f3. \u2013 A mv.-Progresul Sk. leigazolt sportol\u00f3ja (1950- 65). Az orsz\u00e1gos gyorskorcsoly\u00e1z\u00f3 bajnoks\u00e1gon II. d\u00edjat nyert (1953), a m\u0171korcsoly\u00e1z\u00f3 sz\u00e1mokban orsz\u00e1gos I. helyet \u00e9rt el, de m\u00e1s sz\u00e1mokban is rekordokat \u00e1ll\u00edtott fel. Sok nemzetk\u00f6zi versenyen k\u00e9pviselte haz\u00e1j\u00e1t. A k\u00e9s\u0151bbi \u00e9vekben az ut\u00e1np\u00f3tl\u00e1s kiv\u00e1l\u00f3 nevel\u0151je lett. Irod.: Ra\u0163iu: Sportul mure\u015fan<\/p>\n","protected":false},"featured_media":0,"comment_status":"open","ping_status":"closed","template":"","meta":[],"product_brand":[],"product_cat":[137],"product_tag":[],"class_list":{"0":"post-14357","1":"product","2":"type-product","3":"status-publish","5":"product_cat-maros-megyei-eletrajzi-lexikon","7":"first","8":"instock","9":"shipping-taxable","10":"product-type-simple"},"_links":{"self":[{"href":"https:\/\/uj.adatbank.ro\/lexikon\/wp-json\/wp\/v2\/product\/14357","targetHints":{"allow":["GET"]}}],"collection":[{"href":"https:\/\/uj.adatbank.ro\/lexikon\/wp-json\/wp\/v2\/product"}],"about":[{"href":"https:\/\/uj.adatbank.ro\/lexikon\/wp-json\/wp\/v2\/types\/product"}],"replies":[{"embeddable":true,"href":"https:\/\/uj.adatbank.ro\/lexikon\/wp-json\/wp\/v2\/comments?post=14357"}],"wp:attachment":[{"href":"https:\/\/uj.adatbank.ro\/lexikon\/wp-json\/wp\/v2\/media?parent=14357"}],"wp:term":[{"taxonomy":"product_brand","embeddable":true,"href":"https:\/\/uj.adatbank.ro\/lexikon\/wp-json\/wp\/v2\/product_brand?post=14357"},{"taxonomy":"product_cat","embeddable":true,"href":"https:\/\/uj.adatbank.ro\/lexikon\/wp-json\/wp\/v2\/product_cat?post=14357"},{"taxonomy":"product_tag","embeddable":true,"href":"https:\/\/uj.adatbank.ro\/lexikon\/wp-json\/wp\/v2\/product_tag?post=14357"}],"curies":[{"name":"wp","href":"https:\/\/api.w.org\/{rel}","templated":true}]}}