{"id":14361,"date":"2025-07-15T12:59:14","date_gmt":"2025-07-15T10:59:14","guid":{"rendered":"https:\/\/uj.adatbank.ro\/lexikon\/termek\/maier-gheorghe\/"},"modified":"2025-07-15T12:59:14","modified_gmt":"2025-07-15T10:59:14","slug":"maier-gheorghe","status":"publish","type":"product","link":"https:\/\/uj.adatbank.ro\/lexikon\/termek\/maier-gheorghe\/","title":{"rendered":"MAIER, Gheorghe"},"content":{"rendered":"<p>Als\u00f3tat\u00e1rlaka (Hunyad), 1905. m\u00e1j. 10., \u2020\u00a0?\u00a0: tisztvisel\u0151, tan\u00edt\u00f3. \u2013 R\u00e9genben a mai Virgil Oni\u0163iu Gimn.-ban tan\u00edtott t\u00f6bb mint 40 \u00e9vig, a k\u00e9t vh. k\u00f6z\u00f6tt is. Ioan Falibog\u00e1val ellenforradalmi szervezetet alap\u00edtottak (1953), ellenforradalmi felh\u00edv\u00e1st szerkesztettek, fi\u00e1val, Al. Maierrel elv\u00e1llalta, hogy sokszoros\u00edtj\u00e1k a felh\u00edv\u00e1st. Letart\u00f3ztatt\u00e1k az RNK belbiztons\u00e1ga elleni szervezked\u00e9s\u00e9rt (1956. nov. 4\u20135.). <br \/><strong>Irod.:<\/strong> \u00c1ldozatok\u00a0; Bottoni 2006; Costea 1999; Ioni\u0163oiu Az is lehet, h. ez egy m\u00e1sik M.G.! !<\/br><\/p>\n","protected":false},"excerpt":{"rendered":"<p>Als\u00f3tat\u00e1rlaka (Hunyad), 1905. m\u00e1j. 10., \u2020\u00a0?\u00a0: tisztvisel\u0151, tan\u00edt\u00f3. \u2013 R\u00e9genben a mai Virgil Oni\u0163iu Gimn.-ban tan\u00edtott t\u00f6bb mint 40 \u00e9vig, a k\u00e9t vh. k\u00f6z\u00f6tt is. Ioan Falibog\u00e1val ellenforradalmi szervezetet alap\u00edtottak (1953), ellenforradalmi felh\u00edv\u00e1st szerkesztettek, fi\u00e1val, Al. Maierrel elv\u00e1llalta, hogy sokszoros\u00edtj\u00e1k a felh\u00edv\u00e1st. Letart\u00f3ztatt\u00e1k az RNK belbiztons\u00e1ga elleni szervezked\u00e9s\u00e9rt (1956. nov. 4\u20135.). Irod.: \u00c1ldozatok\u00a0; Bottoni 2006; [&hellip;]<\/p>\n","protected":false},"featured_media":0,"comment_status":"open","ping_status":"closed","template":"","meta":[],"product_brand":[],"product_cat":[137],"product_tag":[],"class_list":{"0":"post-14361","1":"product","2":"type-product","3":"status-publish","5":"product_cat-maros-megyei-eletrajzi-lexikon","7":"first","8":"instock","9":"shipping-taxable","10":"product-type-simple"},"_links":{"self":[{"href":"https:\/\/uj.adatbank.ro\/lexikon\/wp-json\/wp\/v2\/product\/14361","targetHints":{"allow":["GET"]}}],"collection":[{"href":"https:\/\/uj.adatbank.ro\/lexikon\/wp-json\/wp\/v2\/product"}],"about":[{"href":"https:\/\/uj.adatbank.ro\/lexikon\/wp-json\/wp\/v2\/types\/product"}],"replies":[{"embeddable":true,"href":"https:\/\/uj.adatbank.ro\/lexikon\/wp-json\/wp\/v2\/comments?post=14361"}],"wp:attachment":[{"href":"https:\/\/uj.adatbank.ro\/lexikon\/wp-json\/wp\/v2\/media?parent=14361"}],"wp:term":[{"taxonomy":"product_brand","embeddable":true,"href":"https:\/\/uj.adatbank.ro\/lexikon\/wp-json\/wp\/v2\/product_brand?post=14361"},{"taxonomy":"product_cat","embeddable":true,"href":"https:\/\/uj.adatbank.ro\/lexikon\/wp-json\/wp\/v2\/product_cat?post=14361"},{"taxonomy":"product_tag","embeddable":true,"href":"https:\/\/uj.adatbank.ro\/lexikon\/wp-json\/wp\/v2\/product_tag?post=14361"}],"curies":[{"name":"wp","href":"https:\/\/api.w.org\/{rel}","templated":true}]}}

<p>Alsótatárlaka (Hunyad), 1905. máj. 10., † ? : tisztviselő, tanító. – Régenben a mai Virgil Oniţiu Gimn.-ban tanított több mint 40 évig, a két vh. között is. Ioan Falibogával ellenforradalmi szervezetet alapítottak (1953), ellenforradalmi felhívást szerkesztettek, fiával, Al. Maierrel elvállalta, hogy sokszorosítják a felhívást. Letartóztatták az RNK belbiztonsága elleni szervezkedésért (1956. nov. 4–5.). <br /><strong>Irod.:</strong> Áldozatok ; Bottoni 2006; Costea 1999; Ioniţoiu Az is lehet, h. ez egy másik M.G.! !</br></p>

<p>Alsótatárlaka (Hunyad), 1905. máj. 10., † ? : tisztviselő, tanító. – Régenben a mai Virgil Oniţiu Gimn.-ban tanított több mint 40 évig, a két vh. között is. Ioan Falibogával ellenforradalmi szervezetet alapítottak (1953), ellenforradalmi felhívást szerkesztettek, fiával, Al. Maierrel elvállalta, hogy sokszorosítják a felhívást. Letartóztatták az RNK belbiztonsága elleni szervezkedésért (1956. nov. 4–5.). Irod.: Áldozatok ; Bottoni 2006; [&hellip;]</p>
