{"id":14363,"date":"2025-07-15T12:59:17","date_gmt":"2025-07-15T10:59:17","guid":{"rendered":"https:\/\/uj.adatbank.ro\/lexikon\/termek\/maier-ioan\/"},"modified":"2025-07-15T12:59:17","modified_gmt":"2025-07-15T10:59:17","slug":"maier-ioan","status":"publish","type":"product","link":"https:\/\/uj.adatbank.ro\/lexikon\/termek\/maier-ioan\/","title":{"rendered":"MAIER, Ioan"},"content":{"rendered":"<p>? \u2020 ?: pap. \u2013 Nagy\u00f6lyvesben (1800 \u2013 1822).Az \u0151 idej\u00e9ben \u00e9p\u00fclt a r\u00e9gi templom, amely k\u00e9s\u0151bb f\u00f6ldcsuszaml\u00e1sok miatt \u00f6sszed\u0151lt (1818 \u00e9p\u00fclt \u00e9s 1977 \u00f6sszeomlott). <br \/><strong>Irod.:<\/strong> \u015eincan 2006<\/br><\/p>\n","protected":false},"excerpt":{"rendered":"<p>? \u2020 ?: pap. \u2013 Nagy\u00f6lyvesben (1800 \u2013 1822).Az \u0151 idej\u00e9ben \u00e9p\u00fclt a r\u00e9gi templom, amely k\u00e9s\u0151bb f\u00f6ldcsuszaml\u00e1sok miatt \u00f6sszed\u0151lt (1818 \u00e9p\u00fclt \u00e9s 1977 \u00f6sszeomlott). Irod.: \u015eincan 2006<\/p>\n","protected":false},"featured_media":0,"comment_status":"open","ping_status":"closed","template":"","meta":[],"product_brand":[],"product_cat":[137],"product_tag":[],"class_list":{"0":"post-14363","1":"product","2":"type-product","3":"status-publish","5":"product_cat-maros-megyei-eletrajzi-lexikon","7":"first","8":"instock","9":"shipping-taxable","10":"product-type-simple"},"_links":{"self":[{"href":"https:\/\/uj.adatbank.ro\/lexikon\/wp-json\/wp\/v2\/product\/14363","targetHints":{"allow":["GET"]}}],"collection":[{"href":"https:\/\/uj.adatbank.ro\/lexikon\/wp-json\/wp\/v2\/product"}],"about":[{"href":"https:\/\/uj.adatbank.ro\/lexikon\/wp-json\/wp\/v2\/types\/product"}],"replies":[{"embeddable":true,"href":"https:\/\/uj.adatbank.ro\/lexikon\/wp-json\/wp\/v2\/comments?post=14363"}],"wp:attachment":[{"href":"https:\/\/uj.adatbank.ro\/lexikon\/wp-json\/wp\/v2\/media?parent=14363"}],"wp:term":[{"taxonomy":"product_brand","embeddable":true,"href":"https:\/\/uj.adatbank.ro\/lexikon\/wp-json\/wp\/v2\/product_brand?post=14363"},{"taxonomy":"product_cat","embeddable":true,"href":"https:\/\/uj.adatbank.ro\/lexikon\/wp-json\/wp\/v2\/product_cat?post=14363"},{"taxonomy":"product_tag","embeddable":true,"href":"https:\/\/uj.adatbank.ro\/lexikon\/wp-json\/wp\/v2\/product_tag?post=14363"}],"curies":[{"name":"wp","href":"https:\/\/api.w.org\/{rel}","templated":true}]}}