{"id":14365,"date":"2025-07-15T12:59:20","date_gmt":"2025-07-15T10:59:20","guid":{"rendered":"https:\/\/uj.adatbank.ro\/lexikon\/termek\/maier-ion\/"},"modified":"2025-07-15T12:59:20","modified_gmt":"2025-07-15T10:59:20","slug":"maier-ion","status":"publish","type":"product","link":"https:\/\/uj.adatbank.ro\/lexikon\/termek\/maier-ion\/","title":{"rendered":"MAIER, Ion"},"content":{"rendered":"<p>Maroslekence, 1949., \u2020 Mv., 1993.: \u00fajs\u00e1g\u00edr\u00f3, szerkeszt\u0151, rejtv\u00e9nyszerkeszt\u0151, a Mv.-en megjelen\u0151 rejtv\u00e9nylap a C\u0103lu\u015farul (1988) munkat\u00e1rsa. <br \/><strong>Irod.:<\/strong> MMK<\/br><\/p>\n","protected":false},"excerpt":{"rendered":"<p>Maroslekence, 1949., \u2020 Mv., 1993.: \u00fajs\u00e1g\u00edr\u00f3, szerkeszt\u0151, rejtv\u00e9nyszerkeszt\u0151, a Mv.-en megjelen\u0151 rejtv\u00e9nylap a C\u0103lu\u015farul (1988) munkat\u00e1rsa. Irod.: MMK<\/p>\n","protected":false},"featured_media":0,"comment_status":"open","ping_status":"closed","template":"","meta":[],"product_brand":[],"product_cat":[137],"product_tag":[],"class_list":{"0":"post-14365","1":"product","2":"type-product","3":"status-publish","5":"product_cat-maros-megyei-eletrajzi-lexikon","7":"first","8":"instock","9":"shipping-taxable","10":"product-type-simple"},"_links":{"self":[{"href":"https:\/\/uj.adatbank.ro\/lexikon\/wp-json\/wp\/v2\/product\/14365","targetHints":{"allow":["GET"]}}],"collection":[{"href":"https:\/\/uj.adatbank.ro\/lexikon\/wp-json\/wp\/v2\/product"}],"about":[{"href":"https:\/\/uj.adatbank.ro\/lexikon\/wp-json\/wp\/v2\/types\/product"}],"replies":[{"embeddable":true,"href":"https:\/\/uj.adatbank.ro\/lexikon\/wp-json\/wp\/v2\/comments?post=14365"}],"wp:attachment":[{"href":"https:\/\/uj.adatbank.ro\/lexikon\/wp-json\/wp\/v2\/media?parent=14365"}],"wp:term":[{"taxonomy":"product_brand","embeddable":true,"href":"https:\/\/uj.adatbank.ro\/lexikon\/wp-json\/wp\/v2\/product_brand?post=14365"},{"taxonomy":"product_cat","embeddable":true,"href":"https:\/\/uj.adatbank.ro\/lexikon\/wp-json\/wp\/v2\/product_cat?post=14365"},{"taxonomy":"product_tag","embeddable":true,"href":"https:\/\/uj.adatbank.ro\/lexikon\/wp-json\/wp\/v2\/product_tag?post=14365"}],"curies":[{"name":"wp","href":"https:\/\/api.w.org\/{rel}","templated":true}]}}