{"id":14372,"date":"2025-07-15T12:59:38","date_gmt":"2025-07-15T10:59:38","guid":{"rendered":"https:\/\/uj.adatbank.ro\/lexikon\/termek\/maior-beniamin-ioan\/"},"modified":"2025-07-15T12:59:38","modified_gmt":"2025-07-15T10:59:38","slug":"maior-beniamin-ioan","status":"publish","type":"product","link":"https:\/\/uj.adatbank.ro\/lexikon\/termek\/maior-beniamin-ioan\/","title":{"rendered":"MAIOR, Beniamin Ioan"},"content":{"rendered":"<p>Hod\u00e1k, 1908. \u00e1pr. 28., \u2020\u00a0Kv., 1985. okt. 28.: g. kat lelk\u00e9sz. \u2013 Elemi isk. a sz\u00fcl\u0151faluban, gimn\u00e1zium R\u00e9genben, liceumot Gyergy\u00f3szentmikl\u00f3son \u00e9s a teol\u00f3gi\u00e1t Bal\u00e1zsfalv\u00e1n v\u00e9gezte (1929). Egy \u00e9vig a gyergy\u00f3i \u201eSzent Mikl\u00f3s Lic.\u201d-ban vall\u00e1stan\u00e1r volt (1929\u20131930). Papp\u00e1 szentelt\u00e9k (1930 aug. 24), \u00e9s Pusztaalm\u00e1sra nevezt\u00e9k ki egyh\u00e1zk\u00f6zs\u00e9gi gondnoknak, majd ugyanott pl\u00e9b\u00e1nosnak (1936), ezut\u00e1n Marosfelfaluba ker\u00fclt (1940), de gondoznia kellett a hod\u00e1ki \u00e9s erd\u0151szak\u00e1li parochi\u00e1kat is. A g\u00f6r. kat. egyh\u00e1z felsz\u00e1mol\u00e1sa ut\u00e1n ( 1948), annak ellen\u00e9re, h. nem t\u00e9rt \u00e1t, ortdox lelk\u00e9sz lett, majd mivel nem \u00edrta al\u00e1 az \u00e1tt\u00e9r\u00e9si nyilatkozatot, kitett\u00e9k a kl\u00e9rus soraib\u00f3l (1949 febr.). A marosfelfalui t\u00e9glagy\u00e1rban dolgozott, amelyet m\u00e1r 1944 okt.28-t\u00f3l vezetett. Ott 13 \u00e9vig maradt (1957 dec. 28)., azut\u00e1n R\u00e9genben a CARP.-hoz ker\u00fclt (1957\u20131961). Mivel \u00e9p\u00edt\u0151ipari technikusi k\u00e9pz\u00e9se is volt, Kv.-on az \u00dat- \u00e9s H\u00edd\u00e9p\u00edt\u0151 V\u00e1llalatn\u00e1l helyezkedett el, ahol nyugd\u00edjaz\u00e1s\u00e1ig dolgozott (1970 \u00e1pr.). Meg\u00edrta Hod\u00e1k monogr\u00e1fi\u00e1j\u00e1t. \u2013 <strong>F. m.:<\/strong> Monografia satului Maioresti (Blaj, 2008 ). <br \/><strong>Irod.:<\/strong> Butiurc\u0103; Maior B.: Monografia satului Maioresti (Blaj, 2008); Sz\u00e9kelyf\u00f6ld \u00ed.k.; Todea 2013<\/br><\/p>\n","protected":false},"excerpt":{"rendered":"<p>Hod\u00e1k, 1908. \u00e1pr. 28., \u2020\u00a0Kv., 1985. okt. 28.: g. kat lelk\u00e9sz. \u2013 Elemi isk. a sz\u00fcl\u0151faluban, gimn\u00e1zium R\u00e9genben, liceumot Gyergy\u00f3szentmikl\u00f3son \u00e9s a teol\u00f3gi\u00e1t Bal\u00e1zsfalv\u00e1n v\u00e9gezte (1929). Egy \u00e9vig a gyergy\u00f3i \u201eSzent Mikl\u00f3s Lic.\u201d-ban vall\u00e1stan\u00e1r volt (1929\u20131930). Papp\u00e1 szentelt\u00e9k (1930 aug. 24), \u00e9s Pusztaalm\u00e1sra nevezt\u00e9k ki egyh\u00e1zk\u00f6zs\u00e9gi gondnoknak, majd ugyanott pl\u00e9b\u00e1nosnak (1936), ezut\u00e1n Marosfelfaluba ker\u00fclt (1940), [&hellip;]<\/p>\n","protected":false},"featured_media":0,"comment_status":"open","ping_status":"closed","template":"","meta":[],"product_brand":[],"product_cat":[137],"product_tag":[],"class_list":{"0":"post-14372","1":"product","2":"type-product","3":"status-publish","5":"product_cat-maros-megyei-eletrajzi-lexikon","7":"first","8":"instock","9":"shipping-taxable","10":"product-type-simple"},"_links":{"self":[{"href":"https:\/\/uj.adatbank.ro\/lexikon\/wp-json\/wp\/v2\/product\/14372","targetHints":{"allow":["GET"]}}],"collection":[{"href":"https:\/\/uj.adatbank.ro\/lexikon\/wp-json\/wp\/v2\/product"}],"about":[{"href":"https:\/\/uj.adatbank.ro\/lexikon\/wp-json\/wp\/v2\/types\/product"}],"replies":[{"embeddable":true,"href":"https:\/\/uj.adatbank.ro\/lexikon\/wp-json\/wp\/v2\/comments?post=14372"}],"wp:attachment":[{"href":"https:\/\/uj.adatbank.ro\/lexikon\/wp-json\/wp\/v2\/media?parent=14372"}],"wp:term":[{"taxonomy":"product_brand","embeddable":true,"href":"https:\/\/uj.adatbank.ro\/lexikon\/wp-json\/wp\/v2\/product_brand?post=14372"},{"taxonomy":"product_cat","embeddable":true,"href":"https:\/\/uj.adatbank.ro\/lexikon\/wp-json\/wp\/v2\/product_cat?post=14372"},{"taxonomy":"product_tag","embeddable":true,"href":"https:\/\/uj.adatbank.ro\/lexikon\/wp-json\/wp\/v2\/product_tag?post=14372"}],"curies":[{"name":"wp","href":"https:\/\/api.w.org\/{rel}","templated":true}]}}

<p>Hodák, 1908. ápr. 28., † Kv., 1985. okt. 28.: g. kat lelkész. – Elemi isk. a szülőfaluban, gimnázium Régenben, liceumot Gyergyószentmiklóson és a teológiát Balázsfalván végezte (1929). Egy évig a gyergyói „Szent Miklós Lic.”-ban vallástanár volt (1929–1930). Pappá szentelték (1930 aug. 24), és Pusztaalmásra nevezték ki egyházközségi gondnoknak, majd ugyanott plébánosnak (1936), ezután Marosfelfaluba került (1940), de gondoznia kellett a hodáki és erdőszakáli parochiákat is. A gör. kat. egyház felszámolása után ( 1948), annak ellenére, h. nem tért át, ortdox lelkész lett, majd mivel nem írta alá az áttérési nyilatkozatot, kitették a klérus soraiból (1949 febr.). A marosfelfalui téglagyárban dolgozott, amelyet már 1944 okt.28-tól vezetett. Ott 13 évig maradt (1957 dec. 28)., azután Régenben a CARP.-hoz került (1957–1961). Mivel építőipari technikusi képzése is volt, Kv.-on az Út- és Hídépítő Vállalatnál helyezkedett el, ahol nyugdíjazásáig dolgozott (1970 ápr.). Megírta Hodák monográfiáját. – <strong>F. m.:</strong> Monografia satului Maioresti (Blaj, 2008 ). <br /><strong>Irod.:</strong> Butiurcă; Maior B.: Monografia satului Maioresti (Blaj, 2008); Székelyföld í.k.; Todea 2013</br></p>

<p>Hodák, 1908. ápr. 28., † Kv., 1985. okt. 28.: g. kat lelkész. – Elemi isk. a szülőfaluban, gimnázium Régenben, liceumot Gyergyószentmiklóson és a teológiát Balázsfalván végezte (1929). Egy évig a gyergyói „Szent Miklós Lic.”-ban vallástanár volt (1929–1930). Pappá szentelték (1930 aug. 24), és Pusztaalmásra nevezték ki egyházközségi gondnoknak, majd ugyanott plébánosnak (1936), ezután Marosfelfaluba került (1940), [&hellip;]</p>
