{"id":14374,"date":"2025-07-15T12:59:43","date_gmt":"2025-07-15T10:59:43","guid":{"rendered":"https:\/\/uj.adatbank.ro\/lexikon\/termek\/maior-george-maior-gheorghe-maior-georgius\/"},"modified":"2025-07-15T12:59:43","modified_gmt":"2025-07-15T10:59:43","slug":"maior-george-maior-gheorghe-maior-georgius","status":"publish","type":"product","link":"https:\/\/uj.adatbank.ro\/lexikon\/termek\/maior-george-maior-gheorghe-maior-georgius\/","title":{"rendered":"MAIOR, George, Maior Gheorghe, Maior, Georgius"},"content":{"rendered":"<p>? \u2020 ?: g. kat pap, esperes, p\u00fcsp\u00f6k. \u2013 Egyszer\u0171 b\u00e1rdosi f\u00f6ldm\u0171ves csal\u00e1db\u00f3l sz\u00e1rmazott. Petru Maior apja. Mv.-en lakott (1751\u201362). A v\u00e1ros telket adott a g. kat.-nak, ahol Andrei Grecu keresked\u0151 fel\u00e9p\u00edttette az els\u0151 templomot \u00e9s vezet\u00e9s\u00e9vel esperesi sz\u00e9khelly\u00e9 tett\u00e9k a v\u00e1rost (1750\u201362), egyben Ny\u00e1r\u00e1dt\u0151 ker\u00fclet g. kat. esperese (1751\u201362), Mez\u0151kapuson volt pap (1763\u2013), majd esperes Iklandon (1762\u2013) u. a. Mv.-i esperess\u00e9get is ell\u00e1tta (1962\u201363), 1779 ben m\u00e9g Ikland esperese Mez\u0151kapus sz\u00e9khellyel. Harcolt a g. kat egyh\u00e1z jogai\u00e9rt. A b\u00e1rdosi templom vagyon\u00e1r\u00f3l is k\u00e9sz\u00edtett \u00f6ssze\u00edr\u00e1st, amelyet beadott a tan\u00e1csnak (1758). \u2013 Irod: B\u0103ciu\u0163-\u015eincan; B\u0103ciu\u0163, Nicolae-\u015eincan, Gheorghe: Biserica de piatr\u0103 \u201e\u00cen\u0103l\u0163area Domnului\u201d T\u00e2rgu-Mure\u015f (Vatra veche, nr. 1., 2009; nr. 10., 2009); Id\u0151t\u00e1r 1; P\u00e1l-Antal 2009; Popa, Traian: Tg.M.; Todea 2013; Ungheni\u2013735<\/br><\/p>\n","protected":false},"excerpt":{"rendered":"<p>? \u2020 ?: g. kat pap, esperes, p\u00fcsp\u00f6k. \u2013 Egyszer\u0171 b\u00e1rdosi f\u00f6ldm\u0171ves csal\u00e1db\u00f3l sz\u00e1rmazott. Petru Maior apja. Mv.-en lakott (1751\u201362). A v\u00e1ros telket adott a g. kat.-nak, ahol Andrei Grecu keresked\u0151 fel\u00e9p\u00edttette az els\u0151 templomot \u00e9s vezet\u00e9s\u00e9vel esperesi sz\u00e9khelly\u00e9 tett\u00e9k a v\u00e1rost (1750\u201362), egyben Ny\u00e1r\u00e1dt\u0151 ker\u00fclet g. kat. esperese (1751\u201362), Mez\u0151kapuson volt pap (1763\u2013), majd [&hellip;]<\/p>\n","protected":false},"featured_media":0,"comment_status":"open","ping_status":"closed","template":"","meta":[],"product_brand":[],"product_cat":[137],"product_tag":[],"class_list":{"0":"post-14374","1":"product","2":"type-product","3":"status-publish","5":"product_cat-maros-megyei-eletrajzi-lexikon","7":"first","8":"instock","9":"shipping-taxable","10":"product-type-simple"},"_links":{"self":[{"href":"https:\/\/uj.adatbank.ro\/lexikon\/wp-json\/wp\/v2\/product\/14374","targetHints":{"allow":["GET"]}}],"collection":[{"href":"https:\/\/uj.adatbank.ro\/lexikon\/wp-json\/wp\/v2\/product"}],"about":[{"href":"https:\/\/uj.adatbank.ro\/lexikon\/wp-json\/wp\/v2\/types\/product"}],"replies":[{"embeddable":true,"href":"https:\/\/uj.adatbank.ro\/lexikon\/wp-json\/wp\/v2\/comments?post=14374"}],"wp:attachment":[{"href":"https:\/\/uj.adatbank.ro\/lexikon\/wp-json\/wp\/v2\/media?parent=14374"}],"wp:term":[{"taxonomy":"product_brand","embeddable":true,"href":"https:\/\/uj.adatbank.ro\/lexikon\/wp-json\/wp\/v2\/product_brand?post=14374"},{"taxonomy":"product_cat","embeddable":true,"href":"https:\/\/uj.adatbank.ro\/lexikon\/wp-json\/wp\/v2\/product_cat?post=14374"},{"taxonomy":"product_tag","embeddable":true,"href":"https:\/\/uj.adatbank.ro\/lexikon\/wp-json\/wp\/v2\/product_tag?post=14374"}],"curies":[{"name":"wp","href":"https:\/\/api.w.org\/{rel}","templated":true}]}}