{"id":14376,"date":"2025-07-15T12:59:47","date_gmt":"2025-07-15T10:59:47","guid":{"rendered":"https:\/\/uj.adatbank.ro\/lexikon\/termek\/maior-gheorghe-2\/"},"modified":"2025-07-15T12:59:47","modified_gmt":"2025-07-15T10:59:47","slug":"maior-gheorghe-2","status":"publish","type":"product","link":"https:\/\/uj.adatbank.ro\/lexikon\/termek\/maior-gheorghe-2\/","title":{"rendered":"MAIOR, Gheorghe"},"content":{"rendered":"<p>Maroshod\u00e1k, 1846. \u00e1pr. 25., \u2020 Sz\u00e1szr\u00e9gen, 1927. nov. 23.: tan\u00edt\u00f3, politikus. \u2013 Tanult Sz\u00e1szr\u00e9genben a rom\u00e1n iskol\u00e1ban, Mv.-en a gimn\u00e1ziumban, Bal\u00e1zsfalv\u00e1n a pedag\u00f3giai int\u00e9zetben tan\u00edt\u00f3i oklevelet szerzett (1873).Tan\u00edtott Veszt\u00e9lyben a hat\u00e1r\u0151rs\u00e9g iskol\u00e1j\u00e1ban (1868\u201370), R\u00e9genben a rom\u00e1n elemiben nyugd\u00edjaz\u00e1s\u00e1ig (1870\u20131911). Az iskol\u00e1nak k\u00f6nyvt\u00e1rat l\u00e9tes\u00edtett (1879), vezette a sz\u00e1szr\u00e9geni g. kat. tan\u00edt\u00f3k egyes\u00fclet\u00e9t (1896\u20131911), el\u0151ad\u00e1sokat tartott, paraktikus t\u00e1nocsokkal l\u00e1tta el az oktat\u00f3kat. T\u00e1mogatta az ASTRA tev\u00e9kenys\u00e9g\u00e9t, gy\u0171jt\u00e9st szervezett az ASTRA sz\u00e1m\u00e1ra, r\u00e9szt vett a sz\u00e1szr\u00e9geni tagozat l\u00e9trehoz\u00e1s\u00e1ban (1874), vezet\u0151s\u00e9gi tagk\u00e9nt (1995\u2013) nagy szerepe volt a r\u00e9geni nagygy\u0171l\u00e9s megszervez\u00e9s\u00e9ben (1890). A Rom\u00e1n Nemzeti P\u00e1rt tagja, titk\u00e1ra, a Nemzeti Tan\u00e1cs megyei k\u00fcld\u00f6tte. Al\u00e1\u00edr\u00f3ja volt a Fra\u0163i rom\u00e2ni felh\u00edv\u00e1snak. Alap\u00edt\u00f3 oklev\u00e9llel t\u00fcntette ki a a Gyulafeh\u00e9rv\u00e1r-fogarasi p\u00fcsp\u00f6ks\u00e9g G. Kat Tan\u00edt\u00f3k Egyes\u00fclete (1904). <br \/><strong>Irod.:<\/strong> Regh. cult. 2.; Profiluri reghinene, Pusztai-Popovits J\u00f3zsef: Rom\u00e1n kult\u00far\u00e9let a magyar Erd\u00e9lyben (P\u00e9cs, 1942), Todea 2013<\/br><\/p>\n","protected":false},"excerpt":{"rendered":"<p>Maroshod\u00e1k, 1846. \u00e1pr. 25., \u2020 Sz\u00e1szr\u00e9gen, 1927. nov. 23.: tan\u00edt\u00f3, politikus. \u2013 Tanult Sz\u00e1szr\u00e9genben a rom\u00e1n iskol\u00e1ban, Mv.-en a gimn\u00e1ziumban, Bal\u00e1zsfalv\u00e1n a pedag\u00f3giai int\u00e9zetben tan\u00edt\u00f3i oklevelet szerzett (1873).Tan\u00edtott Veszt\u00e9lyben a hat\u00e1r\u0151rs\u00e9g iskol\u00e1j\u00e1ban (1868\u201370), R\u00e9genben a rom\u00e1n elemiben nyugd\u00edjaz\u00e1s\u00e1ig (1870\u20131911). Az iskol\u00e1nak k\u00f6nyvt\u00e1rat l\u00e9tes\u00edtett (1879), vezette a sz\u00e1szr\u00e9geni g. kat. tan\u00edt\u00f3k egyes\u00fclet\u00e9t (1896\u20131911), el\u0151ad\u00e1sokat tartott, paraktikus [&hellip;]<\/p>\n","protected":false},"featured_media":0,"comment_status":"open","ping_status":"closed","template":"","meta":[],"product_brand":[],"product_cat":[137],"product_tag":[],"class_list":{"0":"post-14376","1":"product","2":"type-product","3":"status-publish","5":"product_cat-maros-megyei-eletrajzi-lexikon","7":"first","8":"instock","9":"shipping-taxable","10":"product-type-simple"},"_links":{"self":[{"href":"https:\/\/uj.adatbank.ro\/lexikon\/wp-json\/wp\/v2\/product\/14376","targetHints":{"allow":["GET"]}}],"collection":[{"href":"https:\/\/uj.adatbank.ro\/lexikon\/wp-json\/wp\/v2\/product"}],"about":[{"href":"https:\/\/uj.adatbank.ro\/lexikon\/wp-json\/wp\/v2\/types\/product"}],"replies":[{"embeddable":true,"href":"https:\/\/uj.adatbank.ro\/lexikon\/wp-json\/wp\/v2\/comments?post=14376"}],"wp:attachment":[{"href":"https:\/\/uj.adatbank.ro\/lexikon\/wp-json\/wp\/v2\/media?parent=14376"}],"wp:term":[{"taxonomy":"product_brand","embeddable":true,"href":"https:\/\/uj.adatbank.ro\/lexikon\/wp-json\/wp\/v2\/product_brand?post=14376"},{"taxonomy":"product_cat","embeddable":true,"href":"https:\/\/uj.adatbank.ro\/lexikon\/wp-json\/wp\/v2\/product_cat?post=14376"},{"taxonomy":"product_tag","embeddable":true,"href":"https:\/\/uj.adatbank.ro\/lexikon\/wp-json\/wp\/v2\/product_tag?post=14376"}],"curies":[{"name":"wp","href":"https:\/\/api.w.org\/{rel}","templated":true}]}}

<p>Maroshodák, 1846. ápr. 25., † Szászrégen, 1927. nov. 23.: tanító, politikus. – Tanult Szászrégenben a román iskolában, Mv.-en a gimnáziumban, Balázsfalván a pedagógiai intézetben tanítói oklevelet szerzett (1873).Tanított Vesztélyben a határőrség iskolájában (1868–70), Régenben a román elemiben nyugdíjazásáig (1870–1911). Az iskolának könyvtárat létesített (1879), vezette a szászrégeni g. kat. tanítók egyesületét (1896–1911), előadásokat tartott, paraktikus tánocsokkal látta el az oktatókat. Támogatta az ASTRA tevékenységét, gyűjtést szervezett az ASTRA számára, részt vett a szászrégeni tagozat létrehozásában (1874), vezetőségi tagként (1995–) nagy szerepe volt a régeni nagygyűlés megszervezésében (1890). A Román Nemzeti Párt tagja, titkára, a Nemzeti Tanács megyei küldötte. Aláírója volt a Fraţi români felhívásnak. Alapító oklevéllel tüntette ki a a Gyulafehérvár-fogarasi püspökség G. Kat Tanítók Egyesülete (1904). <br /><strong>Irod.:</strong> Regh. cult. 2.; Profiluri reghinene, Pusztai-Popovits József: Román kultúrélet a magyar Erdélyben (Pécs, 1942), Todea 2013</br></p>

<p>Maroshodák, 1846. ápr. 25., † Szászrégen, 1927. nov. 23.: tanító, politikus. – Tanult Szászrégenben a román iskolában, Mv.-en a gimnáziumban, Balázsfalván a pedagógiai intézetben tanítói oklevelet szerzett (1873).Tanított Vesztélyben a határőrség iskolájában (1868–70), Régenben a román elemiben nyugdíjazásáig (1870–1911). Az iskolának könyvtárat létesített (1879), vezette a szászrégeni g. kat. tanítók egyesületét (1896–1911), előadásokat tartott, paraktikus [&hellip;]</p>
