{"id":14377,"date":"2025-07-15T12:59:49","date_gmt":"2025-07-15T10:59:49","guid":{"rendered":"https:\/\/uj.adatbank.ro\/lexikon\/termek\/maior-gheorghe-gyorgy\/"},"modified":"2025-07-15T12:59:49","modified_gmt":"2025-07-15T10:59:49","slug":"maior-gheorghe-gyorgy","status":"publish","type":"product","link":"https:\/\/uj.adatbank.ro\/lexikon\/termek\/maior-gheorghe-gyorgy\/","title":{"rendered":"MAIOR, Gheorghe; Gy\u00f6rgy"},"content":{"rendered":"<p>Sz\u00e1szr\u00e9gen, 1895., \u2020 ?: bankigazgat\u00f3 Sz\u00e1szr\u00e9genben. \u2013 Apja iskolaigazgat\u00f3 volt. Brass\u00f3ban \u00e9retts\u00e9gizett, majd bankp\u00e1ly\u00e1ra l\u00e9pett \u00e9s a sz\u00e1szr\u00e9geni Banca Mure\u015fean\u0103 tisztvisel\u0151je lett. R\u00e9szt vett az els\u0151 vh.-ban, kit\u00fcntett\u00e9k, majd hazat\u00e9rte ut\u00e1n ism\u00e9t a bankn\u00e1l dolgozott. Tehets\u00e9ge \u00e9s szorgalma r\u00e9v\u00e9n a bank \u00e9l\u00e9re ker\u00fclt (1930). A v\u00e1rosi tan\u00e1cs \u00e1lland\u00f3 tagja, a Nemzeti Paraszt P\u00e1rt helyi tagozat\u00e1nak p\u00e9nzt\u00e1rosa \u00e9s a megyei tagozat m\u00e1sodtitk\u00e1ra, az ASTRA \u00e9s t\u00f6bb t\u00e1rsadalmi \u00e9s kultur\u00e1lis egyes\u00fclet m\u0171k\u00f6d\u00e9s\u00e9ben el\u0151kel\u0151 szerepet j\u00e1tszott. A Rom\u00e1n Koronarend lovagja. P\u00e9nz\u00fcgyi \u00e9s kereskedelmi cikkeket \u00edrt. <br \/><strong>Irod.:<\/strong> Ki kicsoda?, Pusztai-Popovits J\u00f3zsef : Rom\u00e1n kult\u00far\u00fcnnep\u00e9lyek \u00c9szakerd\u00e9lyben (P\u00e9cs, 1943), Pusztai-Popovits J\u00f3zsef: Rom\u00e1n kult\u00far\u00e9let a magyar Erd\u00e9lyben (P\u00e9cs, 1942),<\/br><\/p>\n","protected":false},"excerpt":{"rendered":"<p>Sz\u00e1szr\u00e9gen, 1895., \u2020 ?: bankigazgat\u00f3 Sz\u00e1szr\u00e9genben. \u2013 Apja iskolaigazgat\u00f3 volt. Brass\u00f3ban \u00e9retts\u00e9gizett, majd bankp\u00e1ly\u00e1ra l\u00e9pett \u00e9s a sz\u00e1szr\u00e9geni Banca Mure\u015fean\u0103 tisztvisel\u0151je lett. R\u00e9szt vett az els\u0151 vh.-ban, kit\u00fcntett\u00e9k, majd hazat\u00e9rte ut\u00e1n ism\u00e9t a bankn\u00e1l dolgozott. Tehets\u00e9ge \u00e9s szorgalma r\u00e9v\u00e9n a bank \u00e9l\u00e9re ker\u00fclt (1930). A v\u00e1rosi tan\u00e1cs \u00e1lland\u00f3 tagja, a Nemzeti Paraszt P\u00e1rt helyi tagozat\u00e1nak [&hellip;]<\/p>\n","protected":false},"featured_media":0,"comment_status":"open","ping_status":"closed","template":"","meta":[],"product_brand":[],"product_cat":[137],"product_tag":[],"class_list":{"0":"post-14377","1":"product","2":"type-product","3":"status-publish","5":"product_cat-maros-megyei-eletrajzi-lexikon","7":"first","8":"instock","9":"shipping-taxable","10":"product-type-simple"},"_links":{"self":[{"href":"https:\/\/uj.adatbank.ro\/lexikon\/wp-json\/wp\/v2\/product\/14377","targetHints":{"allow":["GET"]}}],"collection":[{"href":"https:\/\/uj.adatbank.ro\/lexikon\/wp-json\/wp\/v2\/product"}],"about":[{"href":"https:\/\/uj.adatbank.ro\/lexikon\/wp-json\/wp\/v2\/types\/product"}],"replies":[{"embeddable":true,"href":"https:\/\/uj.adatbank.ro\/lexikon\/wp-json\/wp\/v2\/comments?post=14377"}],"wp:attachment":[{"href":"https:\/\/uj.adatbank.ro\/lexikon\/wp-json\/wp\/v2\/media?parent=14377"}],"wp:term":[{"taxonomy":"product_brand","embeddable":true,"href":"https:\/\/uj.adatbank.ro\/lexikon\/wp-json\/wp\/v2\/product_brand?post=14377"},{"taxonomy":"product_cat","embeddable":true,"href":"https:\/\/uj.adatbank.ro\/lexikon\/wp-json\/wp\/v2\/product_cat?post=14377"},{"taxonomy":"product_tag","embeddable":true,"href":"https:\/\/uj.adatbank.ro\/lexikon\/wp-json\/wp\/v2\/product_tag?post=14377"}],"curies":[{"name":"wp","href":"https:\/\/api.w.org\/{rel}","templated":true}]}}

MAIOR, Gheorghe; György

<p>Szászrégen, 1895., † ?: bankigazgató Szászrégenben. – Apja iskolaigazgató volt. Brassóban érettségizett, majd bankpályára lépett és a szászrégeni Banca Mureşeană tisztviselője lett. Részt vett az első vh.-ban, kitüntették, majd hazatérte után ismét a banknál dolgozott. Tehetsége és szorgalma révén a bank élére került (1930). A városi tanács állandó tagja, a Nemzeti Paraszt Párt helyi tagozatának pénztárosa és a megyei tagozat másodtitkára, az ASTRA és több társadalmi és kulturális egyesület működésében előkelő szerepet játszott. A Román Koronarend lovagja. Pénzügyi és kereskedelmi cikkeket írt. <br /><strong>Irod.:</strong> Ki kicsoda?, Pusztai-Popovits József : Román kultúrünnepélyek Északerdélyben (Pécs, 1943), Pusztai-Popovits József: Román kultúrélet a magyar Erdélyben (Pécs, 1942),</br></p>

<p>Szászrégen, 1895., † ?: bankigazgató Szászrégenben. – Apja iskolaigazgató volt. Brassóban érettségizett, majd bankpályára lépett és a szászrégeni Banca Mureşeană tisztviselője lett. Részt vett az első vh.-ban, kitüntették, majd hazatérte után ismét a banknál dolgozott. Tehetsége és szorgalma révén a bank élére került (1930). A városi tanács állandó tagja, a Nemzeti Paraszt Párt helyi tagozatának [&hellip;]</p>
