{"id":14383,"date":"2025-07-15T13:00:01","date_gmt":"2025-07-15T11:00:01","guid":{"rendered":"https:\/\/uj.adatbank.ro\/lexikon\/termek\/maior-ioan\/"},"modified":"2025-07-15T13:00:01","modified_gmt":"2025-07-15T11:00:01","slug":"maior-ioan","status":"publish","type":"product","link":"https:\/\/uj.adatbank.ro\/lexikon\/termek\/maior-ioan\/","title":{"rendered":"MAIOR, Ioan"},"content":{"rendered":"<p>Hod\u00e1k, ? \u2020 Hod\u00e1k, 1829.: ort. lelk\u00e9sz. \u2013 Val\u00f3sz\u00edn\u0171leg Bal\u00e1zsfalv\u00e1n vagy Szebenben v\u00e9gezte a teol\u00f3gi\u00e1t. Hod\u00e1kon volt lelk\u00e9sz (1812\u20131829). Nev\u00e9hez f\u0171z\u0151dik egy fontos esem\u00e9ny, m\u00e9gpedig az eg\u00e9sz falu \u00e1tt\u00e9rt a g\u00f6r.kat. vall\u00e1sra (1824), \u00e9s ez \u00edgy maradt amig a kommmunista rendszer fel nem sz\u00e1molta ezt a vall\u00e1st (1948). Szolg\u00e1lat\u00e1nak ideje alatt \u00e9p\u00fclt fel az els\u0151 rom\u00e1n iskola Hod\u00e1kon (1827).Val\u00f3sz\u00edn\u0171leg a tan\u00edt\u00e1st is \u0151 v\u00e9gezte hal\u00e1l\u00e1ig.-<br \/><strong>Irod.:<\/strong> Maior Beniamin Ioan: Monografia satului Maiore\u015fti (Blaj, 2008); Serb\u0103rile [ASTREI] dela Blaj 1911 (Blaj, 1911)<\/br><\/p>\n","protected":false},"excerpt":{"rendered":"<p>Hod\u00e1k, ? \u2020 Hod\u00e1k, 1829.: ort. lelk\u00e9sz. \u2013 Val\u00f3sz\u00edn\u0171leg Bal\u00e1zsfalv\u00e1n vagy Szebenben v\u00e9gezte a teol\u00f3gi\u00e1t. Hod\u00e1kon volt lelk\u00e9sz (1812\u20131829). Nev\u00e9hez f\u0171z\u0151dik egy fontos esem\u00e9ny, m\u00e9gpedig az eg\u00e9sz falu \u00e1tt\u00e9rt a g\u00f6r.kat. vall\u00e1sra (1824), \u00e9s ez \u00edgy maradt amig a kommmunista rendszer fel nem sz\u00e1molta ezt a vall\u00e1st (1948). Szolg\u00e1lat\u00e1nak ideje alatt \u00e9p\u00fclt fel az els\u0151 [&hellip;]<\/p>\n","protected":false},"featured_media":0,"comment_status":"open","ping_status":"closed","template":"","meta":[],"product_brand":[],"product_cat":[137],"product_tag":[],"class_list":{"0":"post-14383","1":"product","2":"type-product","3":"status-publish","5":"product_cat-maros-megyei-eletrajzi-lexikon","7":"first","8":"instock","9":"shipping-taxable","10":"product-type-simple"},"_links":{"self":[{"href":"https:\/\/uj.adatbank.ro\/lexikon\/wp-json\/wp\/v2\/product\/14383","targetHints":{"allow":["GET"]}}],"collection":[{"href":"https:\/\/uj.adatbank.ro\/lexikon\/wp-json\/wp\/v2\/product"}],"about":[{"href":"https:\/\/uj.adatbank.ro\/lexikon\/wp-json\/wp\/v2\/types\/product"}],"replies":[{"embeddable":true,"href":"https:\/\/uj.adatbank.ro\/lexikon\/wp-json\/wp\/v2\/comments?post=14383"}],"wp:attachment":[{"href":"https:\/\/uj.adatbank.ro\/lexikon\/wp-json\/wp\/v2\/media?parent=14383"}],"wp:term":[{"taxonomy":"product_brand","embeddable":true,"href":"https:\/\/uj.adatbank.ro\/lexikon\/wp-json\/wp\/v2\/product_brand?post=14383"},{"taxonomy":"product_cat","embeddable":true,"href":"https:\/\/uj.adatbank.ro\/lexikon\/wp-json\/wp\/v2\/product_cat?post=14383"},{"taxonomy":"product_tag","embeddable":true,"href":"https:\/\/uj.adatbank.ro\/lexikon\/wp-json\/wp\/v2\/product_tag?post=14383"}],"curies":[{"name":"wp","href":"https:\/\/api.w.org\/{rel}","templated":true}]}}

<p>Hodák, ? † Hodák, 1829.: ort. lelkész. – Valószínűleg Balázsfalván vagy Szebenben végezte a teológiát. Hodákon volt lelkész (1812–1829). Nevéhez fűződik egy fontos esemény, mégpedig az egész falu áttért a gör.kat. vallásra (1824), és ez így maradt amig a kommmunista rendszer fel nem számolta ezt a vallást (1948). Szolgálatának ideje alatt épült fel az első román iskola Hodákon (1827).Valószínűleg a tanítást is ő végezte haláláig.-<br /><strong>Irod.:</strong> Maior Beniamin Ioan: Monografia satului Maioreşti (Blaj, 2008); Serbările [ASTREI] dela Blaj 1911 (Blaj, 1911)</br></p>

<p>Hodák, ? † Hodák, 1829.: ort. lelkész. – Valószínűleg Balázsfalván vagy Szebenben végezte a teológiát. Hodákon volt lelkész (1812–1829). Nevéhez fűződik egy fontos esemény, mégpedig az egész falu áttért a gör.kat. vallásra (1824), és ez így maradt amig a kommmunista rendszer fel nem számolta ezt a vallást (1948). Szolgálatának ideje alatt épült fel az első [&hellip;]</p>
