{"id":14387,"date":"2025-07-15T13:00:08","date_gmt":"2025-07-15T11:00:08","guid":{"rendered":"https:\/\/uj.adatbank.ro\/lexikon\/termek\/maior-laurean\/"},"modified":"2025-07-15T13:00:08","modified_gmt":"2025-07-15T11:00:08","slug":"maior-laurean","status":"publish","type":"product","link":"https:\/\/uj.adatbank.ro\/lexikon\/termek\/maior-laurean\/","title":{"rendered":"MAIOR, Laurean"},"content":{"rendered":"<p>Hod\u00e1k, ? \u2020 Szeged, ?: tan\u00edt\u00f3. \u2013 Iskol\u00e1it a sz\u00fcl\u0151faluban \u00e9s Monoron, tan\u00edt\u00f3k\u00e9pz\u0151t D\u00e9v\u00e1n v\u00e9gzett. T\u00f6bbek k\u00f6z\u00f6tt Hod\u00e1kon is tan\u00edtott \u00e9s Maroslak\u00e1n, az osztr.\u2013m. uralom idej\u00e9n a falu nev\u00e9t, az ott \u00e9l\u0151 Maior f\u00f6ldbirtokos csal\u00e1d neve szerint Maiore\u015fti-re v\u00e1ltoztatta, a falut rom\u00e1nul Huduc-nak v. magyarul Maros\u2013Hod\u00e1knak h\u00edvt\u00e1k (1848 el\u0151tt). \u00c9rdemei k\u00f6z\u00e9 tartozik: k\u00f3rust \u00e9s sz\u00ednj\u00e1tsz\u00f3 csoportot szervezett, \u00fajs\u00e1grendel\u00e9sre szoktatta a falusiakat (Foaia Poporului, Unirea Poporului, Sem\u0103n\u0103torul, Albina). Politikai okok miatt el\u00edt\u00e9lt\u00e9k \u00e9s Szegeden kiv\u00e9gezt\u00e9k. <br \/><strong>Irod.:<\/strong> Maior, B. I.: Monografia satului Maioresti (Blaj, 2008); Reghin, Protopopiat<\/br><\/p>\n","protected":false},"excerpt":{"rendered":"<p>Hod\u00e1k, ? \u2020 Szeged, ?: tan\u00edt\u00f3. \u2013 Iskol\u00e1it a sz\u00fcl\u0151faluban \u00e9s Monoron, tan\u00edt\u00f3k\u00e9pz\u0151t D\u00e9v\u00e1n v\u00e9gzett. T\u00f6bbek k\u00f6z\u00f6tt Hod\u00e1kon is tan\u00edtott \u00e9s Maroslak\u00e1n, az osztr.\u2013m. uralom idej\u00e9n a falu nev\u00e9t, az ott \u00e9l\u0151 Maior f\u00f6ldbirtokos csal\u00e1d neve szerint Maiore\u015fti-re v\u00e1ltoztatta, a falut rom\u00e1nul Huduc-nak v. magyarul Maros\u2013Hod\u00e1knak h\u00edvt\u00e1k (1848 el\u0151tt). \u00c9rdemei k\u00f6z\u00e9 tartozik: k\u00f3rust \u00e9s sz\u00ednj\u00e1tsz\u00f3 [&hellip;]<\/p>\n","protected":false},"featured_media":0,"comment_status":"open","ping_status":"closed","template":"","meta":[],"product_brand":[],"product_cat":[137],"product_tag":[],"class_list":{"0":"post-14387","1":"product","2":"type-product","3":"status-publish","5":"product_cat-maros-megyei-eletrajzi-lexikon","7":"first","8":"instock","9":"shipping-taxable","10":"product-type-simple"},"_links":{"self":[{"href":"https:\/\/uj.adatbank.ro\/lexikon\/wp-json\/wp\/v2\/product\/14387","targetHints":{"allow":["GET"]}}],"collection":[{"href":"https:\/\/uj.adatbank.ro\/lexikon\/wp-json\/wp\/v2\/product"}],"about":[{"href":"https:\/\/uj.adatbank.ro\/lexikon\/wp-json\/wp\/v2\/types\/product"}],"replies":[{"embeddable":true,"href":"https:\/\/uj.adatbank.ro\/lexikon\/wp-json\/wp\/v2\/comments?post=14387"}],"wp:attachment":[{"href":"https:\/\/uj.adatbank.ro\/lexikon\/wp-json\/wp\/v2\/media?parent=14387"}],"wp:term":[{"taxonomy":"product_brand","embeddable":true,"href":"https:\/\/uj.adatbank.ro\/lexikon\/wp-json\/wp\/v2\/product_brand?post=14387"},{"taxonomy":"product_cat","embeddable":true,"href":"https:\/\/uj.adatbank.ro\/lexikon\/wp-json\/wp\/v2\/product_cat?post=14387"},{"taxonomy":"product_tag","embeddable":true,"href":"https:\/\/uj.adatbank.ro\/lexikon\/wp-json\/wp\/v2\/product_tag?post=14387"}],"curies":[{"name":"wp","href":"https:\/\/api.w.org\/{rel}","templated":true}]}}

<p>Hodák, ? † Szeged, ?: tanító. – Iskoláit a szülőfaluban és Monoron, tanítóképzőt Déván végzett. Többek között Hodákon is tanított és Maroslakán, az osztr.–m. uralom idején a falu nevét, az ott élő Maior földbirtokos család neve szerint Maioreşti-re változtatta, a falut románul Huduc-nak v. magyarul Maros–Hodáknak hívták (1848 előtt). Érdemei közé tartozik: kórust és színjátszó csoportot szervezett, újságrendelésre szoktatta a falusiakat (Foaia Poporului, Unirea Poporului, Semănătorul, Albina). Politikai okok miatt elítélték és Szegeden kivégezték. <br /><strong>Irod.:</strong> Maior, B. I.: Monografia satului Maioresti (Blaj, 2008); Reghin, Protopopiat</br></p>

<p>Hodák, ? † Szeged, ?: tanító. – Iskoláit a szülőfaluban és Monoron, tanítóképzőt Déván végzett. Többek között Hodákon is tanított és Maroslakán, az osztr.–m. uralom idején a falu nevét, az ott élő Maior földbirtokos család neve szerint Maioreşti-re változtatta, a falut románul Huduc-nak v. magyarul Maros–Hodáknak hívták (1848 előtt). Érdemei közé tartozik: kórust és színjátszó [&hellip;]</p>
