{"id":14388,"date":"2025-07-15T13:00:09","date_gmt":"2025-07-15T11:00:09","guid":{"rendered":"https:\/\/uj.adatbank.ro\/lexikon\/termek\/maior-laurian\/"},"modified":"2025-07-15T13:00:09","modified_gmt":"2025-07-15T11:00:09","slug":"maior-laurian","status":"publish","type":"product","link":"https:\/\/uj.adatbank.ro\/lexikon\/termek\/maior-laurian\/","title":{"rendered":"MAIOR, Laurian"},"content":{"rendered":"<p>Nagyteremi, 1893,. \u2020\u00a0?: f\u0151szolgab\u00edr\u00f3. \u2013 G. kat. lelk\u00e9szi csal\u00e1db\u0151l sz\u00fcletett. K\u00f6z\u00e9piskol\u00e1t \u00e9s teol\u00f3gi\u00e1t Bal\u00e1zsfalv\u00e1n, jegyz\u0151i tanfolyamot Nagybecskereken, egyetemet Kv.-on (1919) v\u00e9gzett. K\u00f6zigazgat\u00e1si p\u00e1ly\u00e1ra l\u00e9pett (1914), eleinte gyakornok , majd seg\u00e9djegyz\u0151 \u00e9s jegyz\u0151 (\u20131920), majd Mv.-en p\u00e9nz\u00fcgyi tan\u00e1csos (\u20131924), valamint a mv.-i j\u00e1r\u00e1s f\u0151szolgab\u00edr\u00f3ja lett, majd a mv.-i v\u00e1rosi tan\u00e1cs kult\u00fartan\u00e1csosa (1925). A j\u00e1r\u00e1s iskola\u00fcgy\u00e9nek \u00e9rdek\u00e9ben sokat tett, k\u00fcl\u00f6n\u00f6sen az \u00faj iskol\u00e1k l\u00e9tes\u00edt\u00e9se ter\u00e9n. Az ASTRA alap\u00edt\u00f3 tagja, a g. kat. Egyh\u00e1ztan\u00e1cs tagja, a Diana \u00e9s Apostolok vad\u00e1szegyes\u00fclet titk\u00e1ra, a CFR Muresul Sportegylet aleln\u00f6ke volt. Nagy zenekedvel\u0151, zenekari dirigens volt. N\u00e9pszer\u0171 k\u00fczigazgat\u00e1si el\u0151ad\u00e1sokat tartott. <br \/><strong>Irod.:<\/strong> Ki kicsoda?; Kl\u00f3sz-Tolok\u00e1n; Molter 1.; Societate de V\u00e2n\u0103toare Apostolii Tg. Mure\u015f (Tg. Mure\u015f, 1941)<\/br><\/p>\n","protected":false},"excerpt":{"rendered":"<p>Nagyteremi, 1893,. \u2020\u00a0?: f\u0151szolgab\u00edr\u00f3. \u2013 G. kat. lelk\u00e9szi csal\u00e1db\u0151l sz\u00fcletett. K\u00f6z\u00e9piskol\u00e1t \u00e9s teol\u00f3gi\u00e1t Bal\u00e1zsfalv\u00e1n, jegyz\u0151i tanfolyamot Nagybecskereken, egyetemet Kv.-on (1919) v\u00e9gzett. K\u00f6zigazgat\u00e1si p\u00e1ly\u00e1ra l\u00e9pett (1914), eleinte gyakornok , majd seg\u00e9djegyz\u0151 \u00e9s jegyz\u0151 (\u20131920), majd Mv.-en p\u00e9nz\u00fcgyi tan\u00e1csos (\u20131924), valamint a mv.-i j\u00e1r\u00e1s f\u0151szolgab\u00edr\u00f3ja lett, majd a mv.-i v\u00e1rosi tan\u00e1cs kult\u00fartan\u00e1csosa (1925). A j\u00e1r\u00e1s iskola\u00fcgy\u00e9nek \u00e9rdek\u00e9ben [&hellip;]<\/p>\n","protected":false},"featured_media":0,"comment_status":"open","ping_status":"closed","template":"","meta":[],"product_brand":[],"product_cat":[137],"product_tag":[],"class_list":{"0":"post-14388","1":"product","2":"type-product","3":"status-publish","5":"product_cat-maros-megyei-eletrajzi-lexikon","7":"first","8":"instock","9":"shipping-taxable","10":"product-type-simple"},"_links":{"self":[{"href":"https:\/\/uj.adatbank.ro\/lexikon\/wp-json\/wp\/v2\/product\/14388","targetHints":{"allow":["GET"]}}],"collection":[{"href":"https:\/\/uj.adatbank.ro\/lexikon\/wp-json\/wp\/v2\/product"}],"about":[{"href":"https:\/\/uj.adatbank.ro\/lexikon\/wp-json\/wp\/v2\/types\/product"}],"replies":[{"embeddable":true,"href":"https:\/\/uj.adatbank.ro\/lexikon\/wp-json\/wp\/v2\/comments?post=14388"}],"wp:attachment":[{"href":"https:\/\/uj.adatbank.ro\/lexikon\/wp-json\/wp\/v2\/media?parent=14388"}],"wp:term":[{"taxonomy":"product_brand","embeddable":true,"href":"https:\/\/uj.adatbank.ro\/lexikon\/wp-json\/wp\/v2\/product_brand?post=14388"},{"taxonomy":"product_cat","embeddable":true,"href":"https:\/\/uj.adatbank.ro\/lexikon\/wp-json\/wp\/v2\/product_cat?post=14388"},{"taxonomy":"product_tag","embeddable":true,"href":"https:\/\/uj.adatbank.ro\/lexikon\/wp-json\/wp\/v2\/product_tag?post=14388"}],"curies":[{"name":"wp","href":"https:\/\/api.w.org\/{rel}","templated":true}]}}

<p>Nagyteremi, 1893,. † ?: főszolgabíró. – G. kat. lelkészi családből született. Középiskolát és teológiát Balázsfalván, jegyzői tanfolyamot Nagybecskereken, egyetemet Kv.-on (1919) végzett. Közigazgatási pályára lépett (1914), eleinte gyakornok , majd segédjegyző és jegyző (–1920), majd Mv.-en pénzügyi tanácsos (–1924), valamint a mv.-i járás főszolgabírója lett, majd a mv.-i városi tanács kultúrtanácsosa (1925). A járás iskolaügyének érdekében sokat tett, különösen az új iskolák létesítése terén. Az ASTRA alapító tagja, a g. kat. Egyháztanács tagja, a Diana és Apostolok vadászegyesület titkára, a CFR Muresul Sportegylet alelnöke volt. Nagy zenekedvelő, zenekari dirigens volt. Népszerű küzigazgatási előadásokat tartott. <br /><strong>Irod.:</strong> Ki kicsoda?; Klósz-Tolokán; Molter 1.; Societate de Vânătoare Apostolii Tg. Mureş (Tg. Mureş, 1941)</br></p>

<p>Nagyteremi, 1893,. † ?: főszolgabíró. – G. kat. lelkészi családből született. Középiskolát és teológiát Balázsfalván, jegyzői tanfolyamot Nagybecskereken, egyetemet Kv.-on (1919) végzett. Közigazgatási pályára lépett (1914), eleinte gyakornok , majd segédjegyző és jegyző (–1920), majd Mv.-en pénzügyi tanácsos (–1924), valamint a mv.-i járás főszolgabírója lett, majd a mv.-i városi tanács kultúrtanácsosa (1925). A járás iskolaügyének érdekében [&hellip;]</p>
