{"id":14389,"date":"2025-07-15T13:00:10","date_gmt":"2025-07-15T11:00:10","guid":{"rendered":"https:\/\/uj.adatbank.ro\/lexikon\/termek\/maior-leon\/"},"modified":"2025-07-15T13:00:10","modified_gmt":"2025-07-15T11:00:10","slug":"maior-leon","status":"publish","type":"product","link":"https:\/\/uj.adatbank.ro\/lexikon\/termek\/maior-leon\/","title":{"rendered":"MAIOR, Leon"},"content":{"rendered":"<p>Maroshod\u00e1k, 1873., \u2020\u00a0Bal\u00e1zsfalva, ?: tan\u00edt\u00f3, tanfel\u00fcgyel\u0151. \u2013 K\u00f6z\u00e9piskol\u00e1it \u00e9s a tan\u00edt\u00f3k\u00e9pz\u0151t Bal\u00e1zsfalv\u00e1n v\u00e9gezte. Hod\u00e1kon tan\u00edtott a g. kat iskol\u00e1ban, az \u0151 idej\u00e9ben \u00e9p\u00edtett\u00e9k az \u00faj g. kat egytantermes iskol\u00e1t (1889). \u0150 volt a falu polg\u00e1rmestere is. Tan\u00edtott m\u00e9g Orl\u00e1ton (Szeben), azut\u00e1n Bal\u00e1zsfalv\u00e1n, majd Kisk\u00fck\u00fcll\u0151 vm. tanfel\u00fcgyel\u0151j\u00e9v\u00e9 nevezt\u00e9k ki Dics\u0151szentm\u00e1rtonban (1929). Ezen kiv\u00fcl a v\u00e1rmegyei bizotts\u00e1g tagja, a nagyszebeni tan\u00edt\u00f3egyes\u00fclet eln\u00f6ke 12 \u00e9ven \u00e1t, az AGRU k\u00f6zponti v\u00e1l. tagja, mint alpolg\u00e1rmester r\u00e9szt vett Bal\u00e1zsfalva \u00fcgyeinek vezet\u00e9s\u00e9ben. \u00c9rdemei\u00e9rt a Rom\u00e1n Csillagrend lovagi keresztj\u00e9vel t\u00fcntett\u00e9k ki. T\u00f6bb alkalommal l\u00e1togatott haza Hod\u00e1kra, \u00e9s anyagi seg\u00edts\u00e9get ny\u00fajtott az \u00faj templom fel\u00e9p\u00edt\u00e9s\u00e9hez, gy\u0171jt\u00e9st is szervezett (1936), saj\u00e1t k\u00f6lts\u00e9g\u00e9n elk\u00e9sz\u00edttette a templom \u00e9p\u00edt\u00e9si terv\u00e9t \u00e9s megszerezte az \u00e9p\u00edt\u00e9si enged\u00e9lyt. (1935). <br \/><strong>Irod.:<\/strong> Ki kicsoda\u00a0?; Maiore\u015fti<\/br><\/p>\n","protected":false},"excerpt":{"rendered":"<p>Maroshod\u00e1k, 1873., \u2020\u00a0Bal\u00e1zsfalva, ?: tan\u00edt\u00f3, tanfel\u00fcgyel\u0151. \u2013 K\u00f6z\u00e9piskol\u00e1it \u00e9s a tan\u00edt\u00f3k\u00e9pz\u0151t Bal\u00e1zsfalv\u00e1n v\u00e9gezte. Hod\u00e1kon tan\u00edtott a g. kat iskol\u00e1ban, az \u0151 idej\u00e9ben \u00e9p\u00edtett\u00e9k az \u00faj g. kat egytantermes iskol\u00e1t (1889). \u0150 volt a falu polg\u00e1rmestere is. Tan\u00edtott m\u00e9g Orl\u00e1ton (Szeben), azut\u00e1n Bal\u00e1zsfalv\u00e1n, majd Kisk\u00fck\u00fcll\u0151 vm. tanfel\u00fcgyel\u0151j\u00e9v\u00e9 nevezt\u00e9k ki Dics\u0151szentm\u00e1rtonban (1929). Ezen kiv\u00fcl a v\u00e1rmegyei bizotts\u00e1g [&hellip;]<\/p>\n","protected":false},"featured_media":0,"comment_status":"open","ping_status":"closed","template":"","meta":[],"product_brand":[],"product_cat":[137],"product_tag":[],"class_list":{"0":"post-14389","1":"product","2":"type-product","3":"status-publish","5":"product_cat-maros-megyei-eletrajzi-lexikon","7":"first","8":"instock","9":"shipping-taxable","10":"product-type-simple"},"_links":{"self":[{"href":"https:\/\/uj.adatbank.ro\/lexikon\/wp-json\/wp\/v2\/product\/14389","targetHints":{"allow":["GET"]}}],"collection":[{"href":"https:\/\/uj.adatbank.ro\/lexikon\/wp-json\/wp\/v2\/product"}],"about":[{"href":"https:\/\/uj.adatbank.ro\/lexikon\/wp-json\/wp\/v2\/types\/product"}],"replies":[{"embeddable":true,"href":"https:\/\/uj.adatbank.ro\/lexikon\/wp-json\/wp\/v2\/comments?post=14389"}],"wp:attachment":[{"href":"https:\/\/uj.adatbank.ro\/lexikon\/wp-json\/wp\/v2\/media?parent=14389"}],"wp:term":[{"taxonomy":"product_brand","embeddable":true,"href":"https:\/\/uj.adatbank.ro\/lexikon\/wp-json\/wp\/v2\/product_brand?post=14389"},{"taxonomy":"product_cat","embeddable":true,"href":"https:\/\/uj.adatbank.ro\/lexikon\/wp-json\/wp\/v2\/product_cat?post=14389"},{"taxonomy":"product_tag","embeddable":true,"href":"https:\/\/uj.adatbank.ro\/lexikon\/wp-json\/wp\/v2\/product_tag?post=14389"}],"curies":[{"name":"wp","href":"https:\/\/api.w.org\/{rel}","templated":true}]}}

<p>Maroshodák, 1873., † Balázsfalva, ?: tanító, tanfelügyelő. – Középiskoláit és a tanítóképzőt Balázsfalván végezte. Hodákon tanított a g. kat iskolában, az ő idejében építették az új g. kat egytantermes iskolát (1889). Ő volt a falu polgármestere is. Tanított még Orláton (Szeben), azután Balázsfalván, majd Kisküküllő vm. tanfelügyelőjévé nevezték ki Dicsőszentmártonban (1929). Ezen kivül a vármegyei bizottság tagja, a nagyszebeni tanítóegyesület elnöke 12 éven át, az AGRU központi vál. tagja, mint alpolgármester részt vett Balázsfalva ügyeinek vezetésében. Érdemeiért a Román Csillagrend lovagi keresztjével tüntették ki. Több alkalommal látogatott haza Hodákra, és anyagi segítséget nyújtott az új templom felépítéséhez, gyűjtést is szervezett (1936), saját költségén elkészíttette a templom építési tervét és megszerezte az építési engedélyt. (1935). <br /><strong>Irod.:</strong> Ki kicsoda ?; Maioreşti</br></p>

<p>Maroshodák, 1873., † Balázsfalva, ?: tanító, tanfelügyelő. – Középiskoláit és a tanítóképzőt Balázsfalván végezte. Hodákon tanított a g. kat iskolában, az ő idejében építették az új g. kat egytantermes iskolát (1889). Ő volt a falu polgármestere is. Tanított még Orláton (Szeben), azután Balázsfalván, majd Kisküküllő vm. tanfelügyelőjévé nevezték ki Dicsőszentmártonban (1929). Ezen kivül a vármegyei bizottság [&hellip;]</p>
