{"id":14394,"date":"2025-07-15T13:00:22","date_gmt":"2025-07-15T11:00:22","guid":{"rendered":"https:\/\/uj.adatbank.ro\/lexikon\/termek\/maior-victor-gh-dicsoszentmartoni\/"},"modified":"2025-07-15T13:00:22","modified_gmt":"2025-07-15T11:00:22","slug":"maior-victor-gh-dicsoszentmartoni","status":"publish","type":"product","link":"https:\/\/uj.adatbank.ro\/lexikon\/termek\/maior-victor-gh-dicsoszentmartoni\/","title":{"rendered":"MAIOR, Victor Gh, dics\u0151szentm\u00e1rtoni"},"content":{"rendered":"<p>Nagys\u00e1rm\u00e1s, 1878.okt 22., \u2020 Mv., 1959. szept. 5.: k\u00f6zjegyz\u0151, f\u0151isp\u00e1n, k\u00e9pvisel\u0151, mez\u0151gazdas\u00e1gi kamarai eln\u00f6k, f\u00f6ldbirtokos. \u2013 R\u00e9gi g. kat. lelk\u00e9szi csal\u00e1db\u00f3l sz\u00e1rmazott. Brass\u00f3ban \u00e9retts\u00e9gizett \u00e9s kereskedelmi akad\u00e9mi\u00e1t, Bal\u00e1zsfalv\u00e1n teol\u00f3gi\u00e1t v\u00e9gzett (1906). A bank szakm\u00e1ban helyezkedett el a Vulturul Bankn\u00e1l igazgat\u00f3s\u00e1gi tag Dics\u0151szentm\u00e1rtonban (1907), igazgat\u00f3 vagy eln\u00f6k (1911\u201348). Papp\u00e1 szentelt\u00e9k, ezut\u00e1n a sz\u00f6kefalvi parochia adminisztr\u00e1tora (1908\u201311); a h\u00e1bor\u00fa alatt k\u00f6rjegyz\u0151. R\u00e9szt vett a k\u00f6rzet politikai, kultur\u00e1lis \u00e9let\u00e9ben. Cserged hivatalos k\u00fcld\u00f6tte a gyulafeh\u00e9rv\u00e1ri nagygy\u0171l\u00e9sre (1918. dec. 1.) Mv.-en v\u00e1rmegyei f\u0151jegyz\u0151 (1919), megyei tan\u00e1csos (1919\u201320), f\u0151szolgab\u00edr\u00f3 a Fels\u0151-Marosi k\u00f6rzetben (1920\u201323); megyei tan\u00e1csos, Mv. v\u00e1ros \u00e9s v\u00e1rmegye prefektusa (1923. nov. 19.\u20131925. szept. 30.), v\u00e1rosi tan\u00e1csos (1926\u201329); a megyei Gazdas\u00e1gi Kamara mez\u0151gazdas\u00e1gi oszt\u00e1ly\u00e1nak eln\u00f6ke (1925\u20131929). A Nemzeti Liber\u00e1lis P\u00e1rt tagja (1923), Maros k\u00f6rzet megv\u00e1lasztott liber\u00e1lis k\u00e9pvisel\u0151je a Rom\u00e1n Parlamentben (1939\u201340). Mint a T\u0103t\u0103rescu-f\u00e9le Liber\u00e1lis P\u00e1rt k\u00e9pvisel\u0151je tagja volt az 1945. aug. 1-\u00e9n l\u00e9trehozott megyei Politikai Bizotts\u00e1gnak. Letart\u00f3ztatt\u00e1k, k\u00e9nyszerlakhelyen \u00e9lt Mv.-en. Naponta kellett jelentkeznie a Securitat\u00e9n. Aleln\u00f6ke a Cukorr\u00e9patermeszt\u0151k Szakszervezet\u00e9nek; r\u00e9szt vett a Partidul Poporului megyei l\u00e9trehoz\u00e1s\u00e1ban (1920); alap\u00edt\u00f3tagja a mv.-i Tinerimea Rom\u00e2n\u0103 T\u00e1rsas\u00e1gnak (1923); a gazdas\u00e1gi \u00e9s hitelint\u00e9zet mez\u0151gazd\u00e1szok sz\u00e1m\u00e1ra kezdem\u00e9nyez\u0151je; Az Orsz\u00e1gos Mez\u0151gazdas\u00e1gi Kamar\u00e1k k\u00f6zpontj\u00e1nak aleln\u00f6ke; a g. kat. egyh\u00e1z megyei f\u0151gondnoka, v\u00e1rmegyei bizotts\u00e1gi tag \u00e9s v\u00e1rosi tan\u00e1csos, a mv.-i Diana vad\u00e1szt\u00e1rsas\u00e1g alap\u00edt\u00f3ja \u00e9s eln\u00f6ke. A mv.-i Kaszin\u00f3 tagja, a Kir T\u00e1bla mellett m\u0171k\u00f6d\u0151 \u00e1llampolg\u00e1rs\u00e1gi \u00fcgyek d\u00f6nt\u0151b\u00edr\u00f3s\u00e1gi tagja, a buk.-i k\u00f6zponti vegyes cukorbizotts\u00e1g erd\u00e9lyr\u00e9szi tagja volt. K\u00f6zgazdas\u00e1gi k\u00e9rd\u00e9sekben v\u00e9lem\u00e9nye mindig ir\u00e1nyad\u00f3. Eg\u00e9sz Erd\u00e9ly ter\u00fclet\u00e9n elismert vad\u00e1sz, mintagazdas\u00e1ga volt. K\u00f6zigazgat\u00e1si k\u00e9rd\u00e9sekkel foglalkoz\u00f3 cikkei szaklapokban jelentek meg.A Rom\u00e1n Koronarend Lovagja kit\u00fcntet\u00e9s birtokosa.-<br \/><strong>Irod.:<\/strong> Bosoanc\u0103; Id\u0151t\u00e1r 3; Ki kicsoda ?; MO (nr. 190, 1923. nov. 24.; nr. 218 (1925. oct. 4.); Statutul Siciet\u0103\u0163ii V\u00e2n\u0103torilor \u201eDiana\u201d Tg. M. (Tg. M., 1928); Mv. t\u00f6rt. 2.; Pan\u0103; Todea 2013<\/br><\/p>\n","protected":false},"excerpt":{"rendered":"<p>Nagys\u00e1rm\u00e1s, 1878.okt 22., \u2020 Mv., 1959. szept. 5.: k\u00f6zjegyz\u0151, f\u0151isp\u00e1n, k\u00e9pvisel\u0151, mez\u0151gazdas\u00e1gi kamarai eln\u00f6k, f\u00f6ldbirtokos. \u2013 R\u00e9gi g. kat. lelk\u00e9szi csal\u00e1db\u00f3l sz\u00e1rmazott. Brass\u00f3ban \u00e9retts\u00e9gizett \u00e9s kereskedelmi akad\u00e9mi\u00e1t, Bal\u00e1zsfalv\u00e1n teol\u00f3gi\u00e1t v\u00e9gzett (1906). A bank szakm\u00e1ban helyezkedett el a Vulturul Bankn\u00e1l igazgat\u00f3s\u00e1gi tag Dics\u0151szentm\u00e1rtonban (1907), igazgat\u00f3 vagy eln\u00f6k (1911\u201348). Papp\u00e1 szentelt\u00e9k, ezut\u00e1n a sz\u00f6kefalvi parochia adminisztr\u00e1tora (1908\u201311); [&hellip;]<\/p>\n","protected":false},"featured_media":0,"comment_status":"open","ping_status":"closed","template":"","meta":[],"product_brand":[],"product_cat":[137],"product_tag":[],"class_list":{"0":"post-14394","1":"product","2":"type-product","3":"status-publish","5":"product_cat-maros-megyei-eletrajzi-lexikon","7":"first","8":"instock","9":"shipping-taxable","10":"product-type-simple"},"_links":{"self":[{"href":"https:\/\/uj.adatbank.ro\/lexikon\/wp-json\/wp\/v2\/product\/14394","targetHints":{"allow":["GET"]}}],"collection":[{"href":"https:\/\/uj.adatbank.ro\/lexikon\/wp-json\/wp\/v2\/product"}],"about":[{"href":"https:\/\/uj.adatbank.ro\/lexikon\/wp-json\/wp\/v2\/types\/product"}],"replies":[{"embeddable":true,"href":"https:\/\/uj.adatbank.ro\/lexikon\/wp-json\/wp\/v2\/comments?post=14394"}],"wp:attachment":[{"href":"https:\/\/uj.adatbank.ro\/lexikon\/wp-json\/wp\/v2\/media?parent=14394"}],"wp:term":[{"taxonomy":"product_brand","embeddable":true,"href":"https:\/\/uj.adatbank.ro\/lexikon\/wp-json\/wp\/v2\/product_brand?post=14394"},{"taxonomy":"product_cat","embeddable":true,"href":"https:\/\/uj.adatbank.ro\/lexikon\/wp-json\/wp\/v2\/product_cat?post=14394"},{"taxonomy":"product_tag","embeddable":true,"href":"https:\/\/uj.adatbank.ro\/lexikon\/wp-json\/wp\/v2\/product_tag?post=14394"}],"curies":[{"name":"wp","href":"https:\/\/api.w.org\/{rel}","templated":true}]}}

MAIOR, Victor Gh, dicsőszentmártoni

<p>Nagysármás, 1878.okt 22., † Mv., 1959. szept. 5.: közjegyző, főispán, képviselő, mezőgazdasági kamarai elnök, földbirtokos. – Régi g. kat. lelkészi családból származott. Brassóban érettségizett és kereskedelmi akadémiát, Balázsfalván teológiát végzett (1906). A bank szakmában helyezkedett el a Vulturul Banknál igazgatósági tag Dicsőszentmártonban (1907), igazgató vagy elnök (1911–48). Pappá szentelték, ezután a szökefalvi parochia adminisztrátora (1908–11); a háború alatt körjegyző. Részt vett a körzet politikai, kulturális életében. Cserged hivatalos küldötte a gyulafehérvári nagygyűlésre (1918. dec. 1.) Mv.-en vármegyei főjegyző (1919), megyei tanácsos (1919–20), főszolgabíró a Felső-Marosi körzetben (1920–23); megyei tanácsos, Mv. város és vármegye prefektusa (1923. nov. 19.–1925. szept. 30.), városi tanácsos (1926–29); a megyei Gazdasági Kamara mezőgazdasági osztályának elnöke (1925–1929). A Nemzeti Liberális Párt tagja (1923), Maros körzet megválasztott liberális képviselője a Román Parlamentben (1939–40). Mint a Tătărescu-féle Liberális Párt képviselője tagja volt az 1945. aug. 1-én létrehozott megyei Politikai Bizottságnak. Letartóztatták, kényszerlakhelyen élt Mv.-en. Naponta kellett jelentkeznie a Securitatén. Alelnöke a Cukorrépatermesztők Szakszervezetének; részt vett a Partidul Poporului megyei létrehozásában (1920); alapítótagja a mv.-i Tinerimea Română Társaságnak (1923); a gazdasági és hitelintézet mezőgazdászok számára kezdeményezője; Az Országos Mezőgazdasági Kamarák központjának alelnöke; a g. kat. egyház megyei főgondnoka, vármegyei bizottsági tag és városi tanácsos, a mv.-i Diana vadásztársaság alapítója és elnöke. A mv.-i Kaszinó tagja, a Kir Tábla mellett működő állampolgársági ügyek döntőbírósági tagja, a buk.-i központi vegyes cukorbizottság erdélyrészi tagja volt. Közgazdasági kérdésekben véleménye mindig irányadó. Egész Erdély területén elismert vadász, mintagazdasága volt. Közigazgatási kérdésekkel foglalkozó cikkei szaklapokban jelentek meg.A Román Koronarend Lovagja kitüntetés birtokosa.-<br /><strong>Irod.:</strong> Bosoancă; Időtár 3; Ki kicsoda ?; MO (nr. 190, 1923. nov. 24.; nr. 218 (1925. oct. 4.); Statutul Sicietăţii Vânătorilor „Diana” Tg. M. (Tg. M., 1928); Mv. tört. 2.; Pană; Todea 2013</br></p>

<p>Nagysármás, 1878.okt 22., † Mv., 1959. szept. 5.: közjegyző, főispán, képviselő, mezőgazdasági kamarai elnök, földbirtokos. – Régi g. kat. lelkészi családból származott. Brassóban érettségizett és kereskedelmi akadémiát, Balázsfalván teológiát végzett (1906). A bank szakmában helyezkedett el a Vulturul Banknál igazgatósági tag Dicsőszentmártonban (1907), igazgató vagy elnök (1911–48). Pappá szentelték, ezután a szökefalvi parochia adminisztrátora (1908–11); [&hellip;]</p>
