{"id":14398,"date":"2025-07-15T13:00:29","date_gmt":"2025-07-15T11:00:29","guid":{"rendered":"https:\/\/uj.adatbank.ro\/lexikon\/termek\/majai-majai-osi-szekely-csalad\/"},"modified":"2025-07-15T13:00:29","modified_gmt":"2025-07-15T11:00:29","slug":"majai-majai-osi-szekely-csalad","status":"publish","type":"product","link":"https:\/\/uj.adatbank.ro\/lexikon\/termek\/majai-majai-osi-szekely-csalad\/","title":{"rendered":"M\u00c1JAI, m\u00e1jai \u0151si sz\u00e9kely csal\u00e1d"},"content":{"rendered":"<p>K\u00f6z\u0171l\u00f6k m\u00e1jai M\u00e1jai Gergely 1579-ben \u00e9lt M. J\u00e1nos, P\u00e9ter \u00e9s Mih\u00e1ly cs. \u00e9s kir. h\u0171s\u00e9g\u00e9re esk\u00fcdtek fe B\u00e1sta rendelet\u00e9re (1602), tagjai lustr\u00e1ltak Bethlen G\u00e1bor alatt (1614); Mih\u00e1ly, Andr\u00e1s, S\u00e1ndor \u00e9s Istv\u00e1n 1785. okt. 31. s 1788. aug. 4. legf. helyen igazolt\u00e1k nemess\u00e9g\u00fcket; M. Istv\u00e1n B\u00fazah\u00e1z\u00e1ra k\u00f6lt\u00f6z\u00f6tt, \u0151se a buzah\u00e1zi \u00e1gnak. Gergely 1836. \u00e9vi c\u00edmerpecs\u00e9tje \u00e9s lesz\u00e1rmaz\u00e1si adatok a gr. Teleki-lev\u00e9lt\u00e1rban Mv. Majai Domokos szolgab\u00edr\u00f3, 1848-ban pedig tizedb\u00e9r t\u00e1rnok. <br \/><strong>Irod.:<\/strong> Kempelen; Nagy Iv\u00e1n; P\u00e1lmay<\/br><\/p>\n","protected":false},"excerpt":{"rendered":"<p>K\u00f6z\u0171l\u00f6k m\u00e1jai M\u00e1jai Gergely 1579-ben \u00e9lt M. J\u00e1nos, P\u00e9ter \u00e9s Mih\u00e1ly cs. \u00e9s kir. h\u0171s\u00e9g\u00e9re esk\u00fcdtek fe B\u00e1sta rendelet\u00e9re (1602), tagjai lustr\u00e1ltak Bethlen G\u00e1bor alatt (1614); Mih\u00e1ly, Andr\u00e1s, S\u00e1ndor \u00e9s Istv\u00e1n 1785. okt. 31. s 1788. aug. 4. legf. helyen igazolt\u00e1k nemess\u00e9g\u00fcket; M. Istv\u00e1n B\u00fazah\u00e1z\u00e1ra k\u00f6lt\u00f6z\u00f6tt, \u0151se a buzah\u00e1zi \u00e1gnak. Gergely 1836. \u00e9vi c\u00edmerpecs\u00e9tje \u00e9s [&hellip;]<\/p>\n","protected":false},"featured_media":0,"comment_status":"open","ping_status":"closed","template":"","meta":[],"product_brand":[],"product_cat":[137],"product_tag":[],"class_list":{"0":"post-14398","1":"product","2":"type-product","3":"status-publish","5":"product_cat-maros-megyei-eletrajzi-lexikon","7":"first","8":"instock","9":"shipping-taxable","10":"product-type-simple"},"_links":{"self":[{"href":"https:\/\/uj.adatbank.ro\/lexikon\/wp-json\/wp\/v2\/product\/14398","targetHints":{"allow":["GET"]}}],"collection":[{"href":"https:\/\/uj.adatbank.ro\/lexikon\/wp-json\/wp\/v2\/product"}],"about":[{"href":"https:\/\/uj.adatbank.ro\/lexikon\/wp-json\/wp\/v2\/types\/product"}],"replies":[{"embeddable":true,"href":"https:\/\/uj.adatbank.ro\/lexikon\/wp-json\/wp\/v2\/comments?post=14398"}],"wp:attachment":[{"href":"https:\/\/uj.adatbank.ro\/lexikon\/wp-json\/wp\/v2\/media?parent=14398"}],"wp:term":[{"taxonomy":"product_brand","embeddable":true,"href":"https:\/\/uj.adatbank.ro\/lexikon\/wp-json\/wp\/v2\/product_brand?post=14398"},{"taxonomy":"product_cat","embeddable":true,"href":"https:\/\/uj.adatbank.ro\/lexikon\/wp-json\/wp\/v2\/product_cat?post=14398"},{"taxonomy":"product_tag","embeddable":true,"href":"https:\/\/uj.adatbank.ro\/lexikon\/wp-json\/wp\/v2\/product_tag?post=14398"}],"curies":[{"name":"wp","href":"https:\/\/api.w.org\/{rel}","templated":true}]}}

MÁJAI, májai ősi székely család

<p>Közűlök májai Májai Gergely 1579-ben élt M. János, Péter és Mihály cs. és kir. hűségére esküdtek fe Básta rendeletére (1602), tagjai lustráltak Bethlen Gábor alatt (1614); Mihály, András, Sándor és István 1785. okt. 31. s 1788. aug. 4. legf. helyen igazolták nemességüket; M. István Búzaházára költözött, őse a buzaházi ágnak. Gergely 1836. évi címerpecsétje és leszármazási adatok a gr. Teleki-levéltárban Mv. Majai Domokos szolgabíró, 1848-ban pedig tizedbér tárnok. <br /><strong>Irod.:</strong> Kempelen; Nagy Iván; Pálmay</br></p>

<p>Közűlök májai Májai Gergely 1579-ben élt M. János, Péter és Mihály cs. és kir. hűségére esküdtek fe Básta rendeletére (1602), tagjai lustráltak Bethlen Gábor alatt (1614); Mihály, András, Sándor és István 1785. okt. 31. s 1788. aug. 4. legf. helyen igazolták nemességüket; M. István Búzaházára költözött, őse a buzaházi ágnak. Gergely 1836. évi címerpecsétje és [&hellip;]</p>
