{"id":14401,"date":"2025-07-15T13:00:35","date_gmt":"2025-07-15T11:00:35","guid":{"rendered":"https:\/\/uj.adatbank.ro\/lexikon\/termek\/majai-ferenc-majay-ferenc\/"},"modified":"2025-07-15T13:00:35","modified_gmt":"2025-07-15T11:00:35","slug":"majai-ferenc-majay-ferenc","status":"publish","type":"product","link":"https:\/\/uj.adatbank.ro\/lexikon\/termek\/majai-ferenc-majay-ferenc\/","title":{"rendered":"M\u00c1JAI Ferenc; M\u00e1jay Ferenc"},"content":{"rendered":"<p>Szentgerice, 1894. nov. 25., \u2020\u00a0Bp. , 1972.: polg\u00e1rmester. \u2013 Sz\u00fclei tan\u00edt\u00f3k voltak.Feles\u00e9ge: Homotnay Irma. K\u00e9t gyermek\u00fck volt. \u2013 Tanulm\u00e1nyait a kv.-i Unit. Koll.-ban v\u00e9gezte, Ferenc J\u00f3zsef TE-en jogi diplom\u00e1t szerzett. R\u00e9szt vett az I. vh.-ban. \u00c1ttelep\u00fclt Mo.-ra (1919\u2013). Bp.-en, majd Kaposv\u00e1rt k\u00f6zigazgat\u00e1si tiszvisel\u0151. Pestszenterzs\u00e9bet polg\u00e1rmestere (1939\u201340). A bel\u00fcgyminiszt\u00e9rium nevezte ki Mv. polg\u00e1rmester\u00e9v\u00e9 (1940. nov.\u201344. j\u00fan. v\u00e9ge). Vida t\u00e1bornokt\u00f3l, a katonai k\u00f6zigazgat\u00e1s mv.-i polg\u00e1rmester\u00e9t\u0151l vette \u00e1t a v\u00e1ros vezet\u00e9s\u00e9t. Mikor Horthy Mikl\u00f3s korm\u00e1nyz\u00f3 Mv.-re \u00e9rkezett, tisztelet\u00e9re d\u00edszszeml\u00e9t rendeztek, a korm\u00e1nyz\u00f3t, mint polg\u00e1rmester k\u00f6sz\u00f6nt\u00f6tte, majd megszeml\u00e9lt\u00e9k a honv\u00e9d csapatok felvonul\u00e1s\u00e1t (1940. szept. 17.).Endre L\u00e1szl\u00f3 \u00e1llamtitk\u00e1r parancs\u00e1ra (1944. \u00e1pr. 28.), v\u00e9grehajtotta a k\u00f6vetel\u00e9seket. Mv.-en elkezd\u0151dtek a zsid\u00f3ellenes int\u00e9zked\u00e9sek: \u00f6sszeszedt\u00e9k a zsid\u00f3kat (1944. m\u00e1j. 3\u20134.) a t\u00e9glagy\u00e1r ter\u00fclet\u00e9n l\u00e9v\u0151 gett\u00f3ba. A zsid\u00f3 t\u00f6rv\u00e9nyek \u00e9s a deport\u00e1l\u00e1s elleni tiltakoz\u00e1sk\u00e9nt nyugd\u00edjaz\u00e1s\u00e1t k\u00e9rte, s mivel nem nyug\u00edjazt\u00e1k, beteg\u00e1llom\u00e1nyba vonult. Lemondott, nyugd\u00edjazt\u00e1k (1944. j\u00fal. 31) \u00e9s csal\u00e1dj\u00e1val Bp.-re menek\u00fclt (1944. szept. 11.), majd visszat\u00e9rt Mv.-re (1945. m\u00e1rc. 17.). Letartoztatt\u00e1k, a zsid\u00f3\u00fcld\u00f6z\u00e9sek, a gett\u00f3s\u00edt\u00e1s \u00e9s a deport\u00e1l\u00e1sok miatt h\u00e1bor\u00fas b\u0171n\u00f6ss\u00e9 nyilv\u00e1n\u00edtott\u00e1k, \u00e9s a kv.-i t\u00f6rv\u00e9nysz\u00e9ken 10 \u00e9v b\u00f6rt\u00f6nre, teljes vagyon \u00e9s politikai jogok megfoszt\u00e1s\u00e1ra \u00edt\u00e9lt\u00e9k (1946. m\u00e1j. 16.). Miut\u00e1n siker\u00fclt bizony\u00edtani, hogy 1944-ben lemondott, amneszti\u00e1val szabadult. Bp.-en telepedett le, iskolai port\u00e1sk\u00e9nt, majd g\u00e9pgy\u00e1ri rakt\u00e1rkezel\u0151k\u00e9nt dolgozott hal\u00e1l\u00e1ig. \u2013 <strong>F. m.:<\/strong> Szab\u00e1lyrendelet: Mv. thj. Kir. v\u00e1ros szab\u00e1lyrendelete a T\u00f6rv\u00e9nyhat\u00f3s\u00e1gi K\u00f6zgy\u0171l\u00e9s \u00fcgyrendj\u00e9r\u0151l, rendes \u00fcl\u00e9seinek sz\u00e1m\u00e1r\u00f3l \u00e9s megtart\u00e1suk id\u0151k\u00f6zeir\u0151l (Mv., 1943); Szab\u00e1lyrendelet\u00a0: Mv. thj. sz. k. v\u00e1rosnak a T\u00f6rv\u00e9nyhat\u00f3s\u00e1gi Bizotts\u00e1g K\u00f6zgy\u0171l\u00e9s\u00e9n az eln\u00f6ki tiszt bet\u00f6lt\u00e9s\u00e9r\u0151l (Mv., 1943). <br \/><strong>Irod.:<\/strong> Berekm\u00e9ri 2015; Bern\u00e1dy Gy\u00f6rgyt\u0151l M\u00e1jay Ferencig (Sz\u00e9kely Sz\u00f3, 1943. m\u00e1j. 23.); B\u0103la\u015f-Kocsis; Csepreghy 2010; Fodor\u2013Bal\u00e1s; Id\u0151t\u00e1r 3; M\u00e1jay Mv. gett\u00f3z\u00f3 polg\u00e1rmestere a n\u00e9p\u00fcgy\u00e9sz el\u0151tt (Szabad Sz\u00f3, 1946. jan. 23.; 1946. jan. 25.); Nagyjaink; P\u00e1lmay; Sebesty\u00e9n Mih\u00e1ly; 2000 Szentgerice<\/br><\/p>\n","protected":false},"excerpt":{"rendered":"<p>Szentgerice, 1894. nov. 25., \u2020\u00a0Bp. , 1972.: polg\u00e1rmester. \u2013 Sz\u00fclei tan\u00edt\u00f3k voltak.Feles\u00e9ge: Homotnay Irma. K\u00e9t gyermek\u00fck volt. \u2013 Tanulm\u00e1nyait a kv.-i Unit. Koll.-ban v\u00e9gezte, Ferenc J\u00f3zsef TE-en jogi diplom\u00e1t szerzett. R\u00e9szt vett az I. vh.-ban. \u00c1ttelep\u00fclt Mo.-ra (1919\u2013). Bp.-en, majd Kaposv\u00e1rt k\u00f6zigazgat\u00e1si tiszvisel\u0151. Pestszenterzs\u00e9bet polg\u00e1rmestere (1939\u201340). A bel\u00fcgyminiszt\u00e9rium nevezte ki Mv. polg\u00e1rmester\u00e9v\u00e9 (1940. nov.\u201344. j\u00fan. [&hellip;]<\/p>\n","protected":false},"featured_media":0,"comment_status":"open","ping_status":"closed","template":"","meta":[],"product_brand":[],"product_cat":[137],"product_tag":[],"class_list":{"0":"post-14401","1":"product","2":"type-product","3":"status-publish","5":"product_cat-maros-megyei-eletrajzi-lexikon","7":"first","8":"instock","9":"shipping-taxable","10":"product-type-simple"},"_links":{"self":[{"href":"https:\/\/uj.adatbank.ro\/lexikon\/wp-json\/wp\/v2\/product\/14401","targetHints":{"allow":["GET"]}}],"collection":[{"href":"https:\/\/uj.adatbank.ro\/lexikon\/wp-json\/wp\/v2\/product"}],"about":[{"href":"https:\/\/uj.adatbank.ro\/lexikon\/wp-json\/wp\/v2\/types\/product"}],"replies":[{"embeddable":true,"href":"https:\/\/uj.adatbank.ro\/lexikon\/wp-json\/wp\/v2\/comments?post=14401"}],"wp:attachment":[{"href":"https:\/\/uj.adatbank.ro\/lexikon\/wp-json\/wp\/v2\/media?parent=14401"}],"wp:term":[{"taxonomy":"product_brand","embeddable":true,"href":"https:\/\/uj.adatbank.ro\/lexikon\/wp-json\/wp\/v2\/product_brand?post=14401"},{"taxonomy":"product_cat","embeddable":true,"href":"https:\/\/uj.adatbank.ro\/lexikon\/wp-json\/wp\/v2\/product_cat?post=14401"},{"taxonomy":"product_tag","embeddable":true,"href":"https:\/\/uj.adatbank.ro\/lexikon\/wp-json\/wp\/v2\/product_tag?post=14401"}],"curies":[{"name":"wp","href":"https:\/\/api.w.org\/{rel}","templated":true}]}}

MÁJAI Ferenc; Májay Ferenc

<p>Szentgerice, 1894. nov. 25., † Bp. , 1972.: polgármester. – Szülei tanítók voltak.Felesége: Homotnay Irma. Két gyermekük volt. – Tanulmányait a kv.-i Unit. Koll.-ban végezte, Ferenc József TE-en jogi diplomát szerzett. Részt vett az I. vh.-ban. Áttelepült Mo.-ra (1919–). Bp.-en, majd Kaposvárt közigazgatási tiszviselő. Pestszenterzsébet polgármestere (1939–40). A belügyminisztérium nevezte ki Mv. polgármesterévé (1940. nov.–44. jún. vége). Vida tábornoktól, a katonai közigazgatás mv.-i polgármesterétől vette át a város vezetését. Mikor Horthy Miklós kormányzó Mv.-re érkezett, tiszteletére díszszemlét rendeztek, a kormányzót, mint polgármester köszöntötte, majd megszemlélték a honvéd csapatok felvonulását (1940. szept. 17.).Endre László államtitkár parancsára (1944. ápr. 28.), végrehajtotta a követeléseket. Mv.-en elkezdődtek a zsidóellenes intézkedések: összeszedték a zsidókat (1944. máj. 3–4.) a téglagyár területén lévő gettóba. A zsidó törvények és a deportálás elleni tiltakozásként nyugdíjazását kérte, s mivel nem nyugíjazták, betegállományba vonult. Lemondott, nyugdíjazták (1944. júl. 31) és családjával Bp.-re menekült (1944. szept. 11.), majd visszatért Mv.-re (1945. márc. 17.). Letartoztatták, a zsidóüldözések, a gettósítás és a deportálások miatt háborús bűnössé nyilvánították, és a kv.-i törvényszéken 10 év börtönre, teljes vagyon és politikai jogok megfosztására ítélték (1946. máj. 16.). Miután sikerült bizonyítani, hogy 1944-ben lemondott, amnesztiával szabadult. Bp.-en telepedett le, iskolai portásként, majd gépgyári raktárkezelőként dolgozott haláláig. – <strong>F. m.:</strong> Szabályrendelet: Mv. thj. Kir. város szabályrendelete a Törvényhatósági Közgyűlés ügyrendjéről, rendes üléseinek számáról és megtartásuk időközeiről (Mv., 1943); Szabályrendelet : Mv. thj. sz. k. városnak a Törvényhatósági Bizottság Közgyűlésén az elnöki tiszt betöltéséről (Mv., 1943). <br /><strong>Irod.:</strong> Berekméri 2015; Bernády Györgytől Májay Ferencig (Székely Szó, 1943. máj. 23.); Bălaş-Kocsis; Csepreghy 2010; Fodor–Balás; Időtár 3; Májay Mv. gettózó polgármestere a népügyész előtt (Szabad Szó, 1946. jan. 23.; 1946. jan. 25.); Nagyjaink; Pálmay; Sebestyén Mihály; 2000 Szentgerice</br></p>

<p>Szentgerice, 1894. nov. 25., † Bp. , 1972.: polgármester. – Szülei tanítók voltak.Felesége: Homotnay Irma. Két gyermekük volt. – Tanulmányait a kv.-i Unit. Koll.-ban végezte, Ferenc József TE-en jogi diplomát szerzett. Részt vett az I. vh.-ban. Áttelepült Mo.-ra (1919–). Bp.-en, majd Kaposvárt közigazgatási tiszviselő. Pestszenterzsébet polgármestere (1939–40). A belügyminisztérium nevezte ki Mv. polgármesterévé (1940. nov.–44. jún. [&hellip;]</p>
