{"id":14404,"date":"2025-07-15T13:00:41","date_gmt":"2025-07-15T11:00:41","guid":{"rendered":"https:\/\/uj.adatbank.ro\/lexikon\/termek\/majai-gyorgy-2\/"},"modified":"2025-07-15T13:00:41","modified_gmt":"2025-07-15T11:00:41","slug":"majai-gyorgy-2","status":"publish","type":"product","link":"https:\/\/uj.adatbank.ro\/lexikon\/termek\/majai-gyorgy-2\/","title":{"rendered":"M\u00c1JAI Gy\u00f6rgy"},"content":{"rendered":"<p>Jobb\u00e1gyfalva, 1945. \u00e1pr. 24., \u2020 Szov\u00e1ta, 2005.: tan\u00edt\u00f3. \u2013 Cs\u00edkfalv\u00e1n, Ny\u00e1r\u00e1dszered\u00e1ban tanult \u00e9s a sz\u00e9kely- kereszt\u00fari tan\u00edt\u00f3k\u00e9pz\u0151ben v\u00e9gzett. Nevel\u0151 ill. tan\u00edt\u00f3 Gyergy\u00f3i alfaluban, Mikh\u00e1z\u00e1n, K\u00f6szv\u00e9nyesen, Szov\u00e1t\u00e1n \u00e9s v\u00e9g\u00fcl lly\u00e9smez\u0151ben volt. A szov\u00e1tai RMDSZ vezet\u0151je (1989 ut\u00e1n\u2013), k\u00f3rustal\u00e1lkoz\u00f3kat, rendezv\u00e9nyeket szervezett. <br \/><strong>Irod.:<\/strong> Cs\u00edkfalva<\/br><\/p>\n","protected":false},"excerpt":{"rendered":"<p>Jobb\u00e1gyfalva, 1945. \u00e1pr. 24., \u2020 Szov\u00e1ta, 2005.: tan\u00edt\u00f3. \u2013 Cs\u00edkfalv\u00e1n, Ny\u00e1r\u00e1dszered\u00e1ban tanult \u00e9s a sz\u00e9kely- kereszt\u00fari tan\u00edt\u00f3k\u00e9pz\u0151ben v\u00e9gzett. Nevel\u0151 ill. tan\u00edt\u00f3 Gyergy\u00f3i alfaluban, Mikh\u00e1z\u00e1n, K\u00f6szv\u00e9nyesen, Szov\u00e1t\u00e1n \u00e9s v\u00e9g\u00fcl lly\u00e9smez\u0151ben volt. A szov\u00e1tai RMDSZ vezet\u0151je (1989 ut\u00e1n\u2013), k\u00f3rustal\u00e1lkoz\u00f3kat, rendezv\u00e9nyeket szervezett. Irod.: Cs\u00edkfalva<\/p>\n","protected":false},"featured_media":0,"comment_status":"open","ping_status":"closed","template":"","meta":[],"product_brand":[],"product_cat":[137],"product_tag":[],"class_list":{"0":"post-14404","1":"product","2":"type-product","3":"status-publish","5":"product_cat-maros-megyei-eletrajzi-lexikon","7":"first","8":"instock","9":"shipping-taxable","10":"product-type-simple"},"_links":{"self":[{"href":"https:\/\/uj.adatbank.ro\/lexikon\/wp-json\/wp\/v2\/product\/14404","targetHints":{"allow":["GET"]}}],"collection":[{"href":"https:\/\/uj.adatbank.ro\/lexikon\/wp-json\/wp\/v2\/product"}],"about":[{"href":"https:\/\/uj.adatbank.ro\/lexikon\/wp-json\/wp\/v2\/types\/product"}],"replies":[{"embeddable":true,"href":"https:\/\/uj.adatbank.ro\/lexikon\/wp-json\/wp\/v2\/comments?post=14404"}],"wp:attachment":[{"href":"https:\/\/uj.adatbank.ro\/lexikon\/wp-json\/wp\/v2\/media?parent=14404"}],"wp:term":[{"taxonomy":"product_brand","embeddable":true,"href":"https:\/\/uj.adatbank.ro\/lexikon\/wp-json\/wp\/v2\/product_brand?post=14404"},{"taxonomy":"product_cat","embeddable":true,"href":"https:\/\/uj.adatbank.ro\/lexikon\/wp-json\/wp\/v2\/product_cat?post=14404"},{"taxonomy":"product_tag","embeddable":true,"href":"https:\/\/uj.adatbank.ro\/lexikon\/wp-json\/wp\/v2\/product_tag?post=14404"}],"curies":[{"name":"wp","href":"https:\/\/api.w.org\/{rel}","templated":true}]}}