{"id":14409,"date":"2025-07-15T13:00:52","date_gmt":"2025-07-15T11:00:52","guid":{"rendered":"https:\/\/uj.adatbank.ro\/lexikon\/termek\/majai-zsigmond\/"},"modified":"2025-07-15T13:00:52","modified_gmt":"2025-07-15T11:00:52","slug":"majai-zsigmond","status":"publish","type":"product","link":"https:\/\/uj.adatbank.ro\/lexikon\/termek\/majai-zsigmond\/","title":{"rendered":"M\u00c1JAI Zsigmond"},"content":{"rendered":"<p>1934., \u2020\u00a0Jobb\u00e1gyfalva, 2008. dec. 17.:  igazgat\u00f3. \u2013 A jobb\u00e1gyfalvi t\u00e9glagy\u00e1r volt vezet\u0151je. <br \/><strong>Irod.:<\/strong> [Nekrol\u00f3g] (V\u00e1s\u00e1rhelyi H\u00edrlap, 2008. dec..18.)<\/br><\/p>\n","protected":false},"excerpt":{"rendered":"<p>1934., \u2020\u00a0Jobb\u00e1gyfalva, 2008. dec. 17.: igazgat\u00f3. \u2013 A jobb\u00e1gyfalvi t\u00e9glagy\u00e1r volt vezet\u0151je. Irod.: [Nekrol\u00f3g] (V\u00e1s\u00e1rhelyi H\u00edrlap, 2008. dec..18.)<\/p>\n","protected":false},"featured_media":0,"comment_status":"open","ping_status":"closed","template":"","meta":[],"product_brand":[],"product_cat":[137],"product_tag":[],"class_list":{"0":"post-14409","1":"product","2":"type-product","3":"status-publish","5":"product_cat-maros-megyei-eletrajzi-lexikon","7":"first","8":"instock","9":"shipping-taxable","10":"product-type-simple"},"_links":{"self":[{"href":"https:\/\/uj.adatbank.ro\/lexikon\/wp-json\/wp\/v2\/product\/14409","targetHints":{"allow":["GET"]}}],"collection":[{"href":"https:\/\/uj.adatbank.ro\/lexikon\/wp-json\/wp\/v2\/product"}],"about":[{"href":"https:\/\/uj.adatbank.ro\/lexikon\/wp-json\/wp\/v2\/types\/product"}],"replies":[{"embeddable":true,"href":"https:\/\/uj.adatbank.ro\/lexikon\/wp-json\/wp\/v2\/comments?post=14409"}],"wp:attachment":[{"href":"https:\/\/uj.adatbank.ro\/lexikon\/wp-json\/wp\/v2\/media?parent=14409"}],"wp:term":[{"taxonomy":"product_brand","embeddable":true,"href":"https:\/\/uj.adatbank.ro\/lexikon\/wp-json\/wp\/v2\/product_brand?post=14409"},{"taxonomy":"product_cat","embeddable":true,"href":"https:\/\/uj.adatbank.ro\/lexikon\/wp-json\/wp\/v2\/product_cat?post=14409"},{"taxonomy":"product_tag","embeddable":true,"href":"https:\/\/uj.adatbank.ro\/lexikon\/wp-json\/wp\/v2\/product_tag?post=14409"}],"curies":[{"name":"wp","href":"https:\/\/api.w.org\/{rel}","templated":true}]}}