{"id":14413,"date":"2025-07-15T13:00:59","date_gmt":"2025-07-15T11:00:59","guid":{"rendered":"https:\/\/uj.adatbank.ro\/lexikon\/termek\/majlat-karoly-gusztav-majlath-gusztav-karoly-szekhelyi-gr\/"},"modified":"2025-07-15T13:00:59","modified_gmt":"2025-07-15T11:00:59","slug":"majlat-karoly-gusztav-majlath-gusztav-karoly-szekhelyi-gr","status":"publish","type":"product","link":"https:\/\/uj.adatbank.ro\/lexikon\/termek\/majlat-karoly-gusztav-majlath-gusztav-karoly-szekhelyi-gr\/","title":{"rendered":"MAJL\u00c1T K\u00e1roly Guszt\u00e1v, Majl\u00e1th Guszt\u00e1v K\u00e1roly, sz\u00e9khelyi gr."},"content":{"rendered":"<p>1864., \u2020\u00a01940.: r. k. p\u00fcsp\u00f6k. \u2013 A ny\u00e1r\u00e1dremetei iskol\u00e1t (1904), a ny\u00e1r\u00e1dk\u00f6szv\u00e9nyesi iskol\u00e1t (1905), a templomos-iskol\u00e1t V\u00e1rmez\u0151n is az \u0151 adom\u00e1ny\u00e1b\u00f3l \u00e9p\u00edtett\u00e9k (1913). A v\u00e1s\u00e1rhelyi katolikusok meg\u00fcnnepelt\u00e9k p\u00fcsp\u00f6kk\u00e9 szentel\u00e9s\u00e9nek 40. jubileum\u00e1t (1937).<br \/><strong>Irod.:<\/strong> Bern\u00e1dy; Bir\u00f3 Vencel: Sz\u00e9khelyi gr.  Majl\u00e1th G. K\u00e1roly (Kv., 1940); Id\u0151t\u00e1r 3; Maros-k\u00fck\u00fcll\u0151i f\u0151esp.; Sepsisz\u00e9ki<\/br><\/p>\n","protected":false},"excerpt":{"rendered":"<p>1864., \u2020\u00a01940.: r. k. p\u00fcsp\u00f6k. \u2013 A ny\u00e1r\u00e1dremetei iskol\u00e1t (1904), a ny\u00e1r\u00e1dk\u00f6szv\u00e9nyesi iskol\u00e1t (1905), a templomos-iskol\u00e1t V\u00e1rmez\u0151n is az \u0151 adom\u00e1ny\u00e1b\u00f3l \u00e9p\u00edtett\u00e9k (1913). A v\u00e1s\u00e1rhelyi katolikusok meg\u00fcnnepelt\u00e9k p\u00fcsp\u00f6kk\u00e9 szentel\u00e9s\u00e9nek 40. jubileum\u00e1t (1937).Irod.: Bern\u00e1dy; Bir\u00f3 Vencel: Sz\u00e9khelyi gr. Majl\u00e1th G. K\u00e1roly (Kv., 1940); Id\u0151t\u00e1r 3; Maros-k\u00fck\u00fcll\u0151i f\u0151esp.; Sepsisz\u00e9ki<\/p>\n","protected":false},"featured_media":0,"comment_status":"open","ping_status":"closed","template":"","meta":[],"product_brand":[],"product_cat":[137],"product_tag":[],"class_list":{"0":"post-14413","1":"product","2":"type-product","3":"status-publish","5":"product_cat-maros-megyei-eletrajzi-lexikon","7":"first","8":"instock","9":"shipping-taxable","10":"product-type-simple"},"_links":{"self":[{"href":"https:\/\/uj.adatbank.ro\/lexikon\/wp-json\/wp\/v2\/product\/14413","targetHints":{"allow":["GET"]}}],"collection":[{"href":"https:\/\/uj.adatbank.ro\/lexikon\/wp-json\/wp\/v2\/product"}],"about":[{"href":"https:\/\/uj.adatbank.ro\/lexikon\/wp-json\/wp\/v2\/types\/product"}],"replies":[{"embeddable":true,"href":"https:\/\/uj.adatbank.ro\/lexikon\/wp-json\/wp\/v2\/comments?post=14413"}],"wp:attachment":[{"href":"https:\/\/uj.adatbank.ro\/lexikon\/wp-json\/wp\/v2\/media?parent=14413"}],"wp:term":[{"taxonomy":"product_brand","embeddable":true,"href":"https:\/\/uj.adatbank.ro\/lexikon\/wp-json\/wp\/v2\/product_brand?post=14413"},{"taxonomy":"product_cat","embeddable":true,"href":"https:\/\/uj.adatbank.ro\/lexikon\/wp-json\/wp\/v2\/product_cat?post=14413"},{"taxonomy":"product_tag","embeddable":true,"href":"https:\/\/uj.adatbank.ro\/lexikon\/wp-json\/wp\/v2\/product_tag?post=14413"}],"curies":[{"name":"wp","href":"https:\/\/api.w.org\/{rel}","templated":true}]}}

MAJLÁT Károly Gusztáv, Majláth Gusztáv Károly, székhelyi gr.

<p>1864., † 1940.: r. k. püspök. – A nyárádremetei iskolát (1904), a nyárádköszvényesi iskolát (1905), a templomos-iskolát Vármezőn is az ő adományából építették (1913). A vásárhelyi katolikusok megünnepelték püspökké szentelésének 40. jubileumát (1937).<br /><strong>Irod.:</strong> Bernády; Biró Vencel: Székhelyi gr.  Majláth G. Károly (Kv., 1940); Időtár 3; Maros-küküllői főesp.; Sepsiszéki</br></p>

<p>1864., † 1940.: r. k. püspök. – A nyárádremetei iskolát (1904), a nyárádköszvényesi iskolát (1905), a templomos-iskolát Vármezőn is az ő adományából építették (1913). A vásárhelyi katolikusok megünnepelték püspökké szentelésének 40. jubileumát (1937).Irod.: Bernády; Biró Vencel: Székhelyi gr. Majláth G. Károly (Kv., 1940); Időtár 3; Maros-küküllői főesp.; Sepsiszéki</p>
