{"id":14416,"date":"2025-07-15T13:01:06","date_gmt":"2025-07-15T11:01:06","guid":{"rendered":"https:\/\/uj.adatbank.ro\/lexikon\/termek\/major-bela\/"},"modified":"2025-07-15T13:01:06","modified_gmt":"2025-07-15T11:01:06","slug":"major-bela","status":"publish","type":"product","link":"https:\/\/uj.adatbank.ro\/lexikon\/termek\/major-bela\/","title":{"rendered":"MAJOR B\u00e9la"},"content":{"rendered":"<p>Kraszna, 1924., \u2020\u00a0Kiskunhalas, 1998. jan. 25. Mv.-en nyugszik.Feles\u00e9ge: De\u00e1k M\u00e1rta, orvos.- Belgy\u00f3gy\u00e1sz f\u0151orvos. \u2013 Egyetemi hallgat\u00f3 kor\u00e1ban gyakrrnok az anat\u00f3mia katedr\u00e1n. Mv.en az I. Klinikai Belgy\u00f3gy\u00e1szaton oszt\u00e1lyos orvos,  f\u0151orvos az 1. \u00e9s 5. sz. Belgy\u00f3gy\u00e1szaton, egyetemi oktat\u00f3, tan\u00e1rseg\u00e9d (1973-ig), amikor nyolcadmag\u00e1val menesztett\u00e9k. A megyei k\u00f3rh\u00e1z ban vezeti az I. sz. Belgy\u00f3gy\u00e1szati klinika s\u00fcrg\u0151ss\u00e9gi oszt\u00e1ly\u00e1t. Gasztroenterol\u00f3gi\u00e1b\u00f3l doktor\u00e1lt Buk.-ben (1970-es \u00e9vek v\u00e9g\u00e9n). \u00c1llamvizsg\u00e1ra k\u00e9sz\u00fcl\u0151k dolgozatait vezette t\u00f6bb \u00e9ven \u00e1t. <br \/><strong>Irod.:<\/strong> Genersich; Kiss\u2013P\u00e9terffy\u2013P\u00e9terffy; [Nekrol\u00f3g] (N\u00fa., 1998. jan. 28)<\/br><\/p>\n","protected":false},"excerpt":{"rendered":"<p>Kraszna, 1924., \u2020\u00a0Kiskunhalas, 1998. jan. 25. Mv.-en nyugszik.Feles\u00e9ge: De\u00e1k M\u00e1rta, orvos.- Belgy\u00f3gy\u00e1sz f\u0151orvos. \u2013 Egyetemi hallgat\u00f3 kor\u00e1ban gyakrrnok az anat\u00f3mia katedr\u00e1n. Mv.en az I. Klinikai Belgy\u00f3gy\u00e1szaton oszt\u00e1lyos orvos, f\u0151orvos az 1. \u00e9s 5. sz. Belgy\u00f3gy\u00e1szaton, egyetemi oktat\u00f3, tan\u00e1rseg\u00e9d (1973-ig), amikor nyolcadmag\u00e1val menesztett\u00e9k. A megyei k\u00f3rh\u00e1z ban vezeti az I. sz. Belgy\u00f3gy\u00e1szati klinika s\u00fcrg\u0151ss\u00e9gi oszt\u00e1ly\u00e1t. Gasztroenterol\u00f3gi\u00e1b\u00f3l [&hellip;]<\/p>\n","protected":false},"featured_media":0,"comment_status":"open","ping_status":"closed","template":"","meta":[],"product_brand":[],"product_cat":[137],"product_tag":[],"class_list":{"0":"post-14416","1":"product","2":"type-product","3":"status-publish","5":"product_cat-maros-megyei-eletrajzi-lexikon","7":"first","8":"instock","9":"shipping-taxable","10":"product-type-simple"},"_links":{"self":[{"href":"https:\/\/uj.adatbank.ro\/lexikon\/wp-json\/wp\/v2\/product\/14416","targetHints":{"allow":["GET"]}}],"collection":[{"href":"https:\/\/uj.adatbank.ro\/lexikon\/wp-json\/wp\/v2\/product"}],"about":[{"href":"https:\/\/uj.adatbank.ro\/lexikon\/wp-json\/wp\/v2\/types\/product"}],"replies":[{"embeddable":true,"href":"https:\/\/uj.adatbank.ro\/lexikon\/wp-json\/wp\/v2\/comments?post=14416"}],"wp:attachment":[{"href":"https:\/\/uj.adatbank.ro\/lexikon\/wp-json\/wp\/v2\/media?parent=14416"}],"wp:term":[{"taxonomy":"product_brand","embeddable":true,"href":"https:\/\/uj.adatbank.ro\/lexikon\/wp-json\/wp\/v2\/product_brand?post=14416"},{"taxonomy":"product_cat","embeddable":true,"href":"https:\/\/uj.adatbank.ro\/lexikon\/wp-json\/wp\/v2\/product_cat?post=14416"},{"taxonomy":"product_tag","embeddable":true,"href":"https:\/\/uj.adatbank.ro\/lexikon\/wp-json\/wp\/v2\/product_tag?post=14416"}],"curies":[{"name":"wp","href":"https:\/\/api.w.org\/{rel}","templated":true}]}}

MAJOR Béla

<p>Kraszna, 1924., † Kiskunhalas, 1998. jan. 25. Mv.-en nyugszik.Felesége: Deák Márta, orvos.- Belgyógyász főorvos. – Egyetemi hallgató korában gyakrrnok az anatómia katedrán. Mv.en az I. Klinikai Belgyógyászaton osztályos orvos,  főorvos az 1. és 5. sz. Belgyógyászaton, egyetemi oktató, tanársegéd (1973-ig), amikor nyolcadmagával menesztették. A megyei kórház ban vezeti az I. sz. Belgyógyászati klinika sürgősségi osztályát. Gasztroenterológiából doktorált Buk.-ben (1970-es évek végén). Államvizsgára készülők dolgozatait vezette több éven át. <br /><strong>Irod.:</strong> Genersich; Kiss–Péterffy–Péterffy; [Nekrológ] (Nú., 1998. jan. 28)</br></p>

<p>Kraszna, 1924., † Kiskunhalas, 1998. jan. 25. Mv.-en nyugszik.Felesége: Deák Márta, orvos.- Belgyógyász főorvos. – Egyetemi hallgató korában gyakrrnok az anatómia katedrán. Mv.en az I. Klinikai Belgyógyászaton osztályos orvos, főorvos az 1. és 5. sz. Belgyógyászaton, egyetemi oktató, tanársegéd (1973-ig), amikor nyolcadmagával menesztették. A megyei kórház ban vezeti az I. sz. Belgyógyászati klinika sürgősségi osztályát. Gasztroenterológiából [&hellip;]</p>
