{"id":14418,"date":"2025-07-15T13:01:11","date_gmt":"2025-07-15T11:01:11","guid":{"rendered":"https:\/\/uj.adatbank.ro\/lexikon\/termek\/major-ferenc-%c2%a7\/"},"modified":"2025-07-15T13:01:11","modified_gmt":"2025-07-15T11:01:11","slug":"major-ferenc-%c2%a7","status":"publish","type":"product","link":"https:\/\/uj.adatbank.ro\/lexikon\/termek\/major-ferenc-%c2%a7\/","title":{"rendered":"MAJOR Ferenc, \u00a7"},"content":{"rendered":"<p>Torda, 1908. szept. 18, \u2020 Mv., 1998. okt. 18.: \u00fcgy\u00e9sz. \u2013 \u00c9desapja M. S\u00e1ndor tan\u00e1r, \u00e9desanyja Sim\u00e9n Erzs\u00e9bet. Feles\u00e9ge: Adorj\u00e1n Gizella (\u2020 1996. j\u00fal. 15.). Elemi \u00e9s k\u00f6z\u00e9piskol\u00e1it sz\u00fcl\u0151v\u00e1ros\u00e1ban v\u00e9gezte, \u00e9retts\u00e9gizett Mv.-en (1926). Kor\u00e1n elhalt \u00e9desapja ut\u00e1n a h\u00e1tramarad\u00f3 kilenc tag\u00fa csal\u00e1dnak csak k\u00e9s\u0151re jutott nyugd\u00edj, emiatt nagy er\u0151fesz\u00edt\u00e9sek \u00e1r\u00e1n tudota megszerezni diplom\u00e1j\u00e1t, amonek birtok\u00e1ban m\u00e9g szeg\u00e9nyebb cs\u00e1ng\u00f3 testv\u00e9reinek t\u00e1mogat\u00e1s\u00e1ra sietett az u.n. irredenta perben. A jogi egyetemet Kv.-on v\u00e9gzte \u00e9s jogi doktor\u00e1tust tett (1931), \u00fcgyv\u00e9di diplom\u00e1t szerzett (1934). Egyetem k\u00f6zben az unit. gimn\u00e1ziumban pedag\u00f3gus volt (1926\u201330); katona (1930\u201331); \u00fcgyv\u00e9d gyakornok Tord\u00e1n (1931\u201332); Hossz\u00fafaluban Pap Endre \u00fcgyv\u00e9d mellett dolgozott (1932\u201340); A MP titk\u00e1ra volt. Sepsiszentgy\u00f6rgy\u00f6n mag\u00e1n \u00fcgyv\u00e9di irod\u00e1t nyitott (1940\u201344); a II. vh. ut\u00e1n H\u00e1romsz\u00e9k v\u00e1rmegye t\u00f6rv\u00e9nysz\u00e9k\u00e9n Sepsiszentgy\u00f6rgy\u00f6n b\u00edr\u00f3 (1945\u201352); majd \u00fcgy\u00e9sz a rajoni \u00fcgy\u00e9szs\u00e9gen (1952\u20131954); Mv.-en \u00fcgy\u00e9sz a MAT \u00fcgy\u00e9szs\u00e9g\u00e9n (1954\u201358); MMAT tartom\u00e1nyi f\u0151\u00fcgy\u00e9sz helyettes (1958\u201361); Maros rajoni f\u0151\u00fcgy\u00e9sz (1961\u201363); MMAT tartom\u00e1nyi \u00fcgy\u00e9sz (1963\u201368), nyugd\u00edjazt\u00e1k (1968).  Kit\u00fcntett\u00e9k a Munka \u00c9rdemreddel (1956). <br \/><strong>Irod.:<\/strong> csal\u00e1di inf.; [Nekrol\u00f3g] (N\u00fa., 1998. okt. 19.); Visnai<\/br><\/p>\n","protected":false},"excerpt":{"rendered":"<p>Torda, 1908. szept. 18, \u2020 Mv., 1998. okt. 18.: \u00fcgy\u00e9sz. \u2013 \u00c9desapja M. S\u00e1ndor tan\u00e1r, \u00e9desanyja Sim\u00e9n Erzs\u00e9bet. Feles\u00e9ge: Adorj\u00e1n Gizella (\u2020 1996. j\u00fal. 15.). Elemi \u00e9s k\u00f6z\u00e9piskol\u00e1it sz\u00fcl\u0151v\u00e1ros\u00e1ban v\u00e9gezte, \u00e9retts\u00e9gizett Mv.-en (1926). Kor\u00e1n elhalt \u00e9desapja ut\u00e1n a h\u00e1tramarad\u00f3 kilenc tag\u00fa csal\u00e1dnak csak k\u00e9s\u0151re jutott nyugd\u00edj, emiatt nagy er\u0151fesz\u00edt\u00e9sek \u00e1r\u00e1n tudota megszerezni diplom\u00e1j\u00e1t, amonek birtok\u00e1ban [&hellip;]<\/p>\n","protected":false},"featured_media":0,"comment_status":"open","ping_status":"closed","template":"","meta":[],"product_brand":[],"product_cat":[137],"product_tag":[],"class_list":{"0":"post-14418","1":"product","2":"type-product","3":"status-publish","5":"product_cat-maros-megyei-eletrajzi-lexikon","7":"first","8":"instock","9":"shipping-taxable","10":"product-type-simple"},"_links":{"self":[{"href":"https:\/\/uj.adatbank.ro\/lexikon\/wp-json\/wp\/v2\/product\/14418","targetHints":{"allow":["GET"]}}],"collection":[{"href":"https:\/\/uj.adatbank.ro\/lexikon\/wp-json\/wp\/v2\/product"}],"about":[{"href":"https:\/\/uj.adatbank.ro\/lexikon\/wp-json\/wp\/v2\/types\/product"}],"replies":[{"embeddable":true,"href":"https:\/\/uj.adatbank.ro\/lexikon\/wp-json\/wp\/v2\/comments?post=14418"}],"wp:attachment":[{"href":"https:\/\/uj.adatbank.ro\/lexikon\/wp-json\/wp\/v2\/media?parent=14418"}],"wp:term":[{"taxonomy":"product_brand","embeddable":true,"href":"https:\/\/uj.adatbank.ro\/lexikon\/wp-json\/wp\/v2\/product_brand?post=14418"},{"taxonomy":"product_cat","embeddable":true,"href":"https:\/\/uj.adatbank.ro\/lexikon\/wp-json\/wp\/v2\/product_cat?post=14418"},{"taxonomy":"product_tag","embeddable":true,"href":"https:\/\/uj.adatbank.ro\/lexikon\/wp-json\/wp\/v2\/product_tag?post=14418"}],"curies":[{"name":"wp","href":"https:\/\/api.w.org\/{rel}","templated":true}]}}

<p>Torda, 1908. szept. 18, † Mv., 1998. okt. 18.: ügyész. – Édesapja M. Sándor tanár, édesanyja Simén Erzsébet. Felesége: Adorján Gizella († 1996. júl. 15.). Elemi és középiskoláit szülővárosában végezte, érettségizett Mv.-en (1926). Korán elhalt édesapja után a hátramaradó kilenc tagú családnak csak későre jutott nyugdíj, emiatt nagy erőfeszítések árán tudota megszerezni diplomáját, amonek birtokában még szegényebb csángó testvéreinek támogatására sietett az u.n. irredenta perben. A jogi egyetemet Kv.-on végzte és jogi doktorátust tett (1931), ügyvédi diplomát szerzett (1934). Egyetem közben az unit. gimnáziumban pedagógus volt (1926–30); katona (1930–31); ügyvéd gyakornok Tordán (1931–32); Hosszúfaluban Pap Endre ügyvéd mellett dolgozott (1932–40); A MP titkára volt. Sepsiszentgyörgyön magán ügyvédi irodát nyitott (1940–44); a II. vh. után Háromszék vármegye törvényszékén Sepsiszentgyörgyön bíró (1945–52); majd ügyész a rajoni ügyészségen (1952–1954); Mv.-en ügyész a MAT ügyészségén (1954–58); MMAT tartományi főügyész helyettes (1958–61); Maros rajoni főügyész (1961–63); MMAT tartományi ügyész (1963–68), nyugdíjazták (1968).  Kitüntették a Munka Érdemreddel (1956). <br /><strong>Irod.:</strong> családi inf.; [Nekrológ] (Nú., 1998. okt. 19.); Visnai</br></p>

<p>Torda, 1908. szept. 18, † Mv., 1998. okt. 18.: ügyész. – Édesapja M. Sándor tanár, édesanyja Simén Erzsébet. Felesége: Adorján Gizella († 1996. júl. 15.). Elemi és középiskoláit szülővárosában végezte, érettségizett Mv.-en (1926). Korán elhalt édesapja után a hátramaradó kilenc tagú családnak csak későre jutott nyugdíj, emiatt nagy erőfeszítések árán tudota megszerezni diplomáját, amonek birtokában [&hellip;]</p>
