{"id":14419,"date":"2025-07-15T13:01:13","date_gmt":"2025-07-15T11:01:13","guid":{"rendered":"https:\/\/uj.adatbank.ro\/lexikon\/termek\/major-ferenc-%c2%a7-2\/"},"modified":"2025-07-15T13:01:13","modified_gmt":"2025-07-15T11:01:13","slug":"major-ferenc-%c2%a7-2","status":"publish","type":"product","link":"https:\/\/uj.adatbank.ro\/lexikon\/termek\/major-ferenc-%c2%a7-2\/","title":{"rendered":"MAJOR Ferenc, \u00a7"},"content":{"rendered":"<p>1939., \u2020 Mv., 1994. jan. 1.: zenetan\u00e1r, gordonkatan\u00e1r. \u2013 A mv.-i M\u0171v\u00e9szeti L\u00edc. csell\u00f3tan\u00e1ra. \u2013 <strong>F. m.:<\/strong> <strong>t\u00e1rssz.:<\/strong> Zenetudom\u00e1nyi \u00edr\u00e1sok 1986 (Buk., 1986), <strong>szerk.:<\/strong> Csodak\u00fcrt. N\u00e9pek gyermekdalai. \u00d6ssze\u00e1ll\u00edtotta: Selmeczi Marcella. Lektor\u00e1lta: Szenik Ilona-val; Buk., 1984).-<br \/><strong>Irod.:<\/strong> Benk\u0151 Andr\u00e1s: M.F. p\u00e9ld\u00e1ja (A H\u00e9t, 13.sz., 1988.); Elekes M-A. 2007; [Nekrol\u00f3g] (N\u00fa., 1994. jan. 4.), R\u00e9thy\u2013\u00dajv\u00e1ri\u2013V\u00e1czi<\/br><\/p>\n","protected":false},"excerpt":{"rendered":"<p>1939., \u2020 Mv., 1994. jan. 1.: zenetan\u00e1r, gordonkatan\u00e1r. \u2013 A mv.-i M\u0171v\u00e9szeti L\u00edc. csell\u00f3tan\u00e1ra. \u2013 F. m.: t\u00e1rssz.: Zenetudom\u00e1nyi \u00edr\u00e1sok 1986 (Buk., 1986), szerk.: Csodak\u00fcrt. N\u00e9pek gyermekdalai. \u00d6ssze\u00e1ll\u00edtotta: Selmeczi Marcella. Lektor\u00e1lta: Szenik Ilona-val; Buk., 1984).-Irod.: Benk\u0151 Andr\u00e1s: M.F. p\u00e9ld\u00e1ja (A H\u00e9t, 13.sz., 1988.); Elekes M-A. 2007; [Nekrol\u00f3g] (N\u00fa., 1994. jan. 4.), R\u00e9thy\u2013\u00dajv\u00e1ri\u2013V\u00e1czi<\/p>\n","protected":false},"featured_media":0,"comment_status":"open","ping_status":"closed","template":"","meta":[],"product_brand":[],"product_cat":[137],"product_tag":[],"class_list":{"0":"post-14419","1":"product","2":"type-product","3":"status-publish","5":"product_cat-maros-megyei-eletrajzi-lexikon","7":"first","8":"instock","9":"shipping-taxable","10":"product-type-simple"},"_links":{"self":[{"href":"https:\/\/uj.adatbank.ro\/lexikon\/wp-json\/wp\/v2\/product\/14419","targetHints":{"allow":["GET"]}}],"collection":[{"href":"https:\/\/uj.adatbank.ro\/lexikon\/wp-json\/wp\/v2\/product"}],"about":[{"href":"https:\/\/uj.adatbank.ro\/lexikon\/wp-json\/wp\/v2\/types\/product"}],"replies":[{"embeddable":true,"href":"https:\/\/uj.adatbank.ro\/lexikon\/wp-json\/wp\/v2\/comments?post=14419"}],"wp:attachment":[{"href":"https:\/\/uj.adatbank.ro\/lexikon\/wp-json\/wp\/v2\/media?parent=14419"}],"wp:term":[{"taxonomy":"product_brand","embeddable":true,"href":"https:\/\/uj.adatbank.ro\/lexikon\/wp-json\/wp\/v2\/product_brand?post=14419"},{"taxonomy":"product_cat","embeddable":true,"href":"https:\/\/uj.adatbank.ro\/lexikon\/wp-json\/wp\/v2\/product_cat?post=14419"},{"taxonomy":"product_tag","embeddable":true,"href":"https:\/\/uj.adatbank.ro\/lexikon\/wp-json\/wp\/v2\/product_tag?post=14419"}],"curies":[{"name":"wp","href":"https:\/\/api.w.org\/{rel}","templated":true}]}}