{"id":14420,"date":"2025-07-15T13:01:14","date_gmt":"2025-07-15T11:01:14","guid":{"rendered":"https:\/\/uj.adatbank.ro\/lexikon\/termek\/major-gizella-%c2%a7\/"},"modified":"2025-07-15T13:01:14","modified_gmt":"2025-07-15T11:01:14","slug":"major-gizella-%c2%a7","status":"publish","type":"product","link":"https:\/\/uj.adatbank.ro\/lexikon\/termek\/major-gizella-%c2%a7\/","title":{"rendered":"MAJOR Gizella, \u00a7"},"content":{"rendered":"<p>Hossz\u00fafalu, 1940. aug. 9., \u2020 2019.szept.10.: grafikus, tan\u00e1r. \u2013 A mv.-i K\u00e9pz\u0151m\u0171v\u00e9szeti L\u00edc.-ban tanult (1953\u201357), tan\u00e1rai Incze Istv\u00e1n, S\u00e1t\u00e1n Imre, Nagy P\u00e1l, Piskolti G\u00e1bor. A kv.-i Ion Andreescu K\u00e9pz\u00fam\u0171v\u00e9szeti F\u0151iskol\u00e1n v\u00e9gzett (1966), mesterei: Teodor Har\u015fia, K\u00e1d\u00e1r Tibor, Andr\u00e1ssy Zolt\u00e1n, Petru Feier. Tan\u00edtott: a gyergy\u00f3szentmikl\u00f3si Salamon Ern\u0151 L\u00edc.- ban (1966\u201369), a sz\u00e1szr\u00e9geni 2. sz. L\u00edc.-ban.(1968\u201370), a mv.- i Pedag\u00f3gia L\u00edc. \u2013 \u00e9s a M\u0171v\u00e9szeti L\u00edc.-ban nyugd\u00edjaz\u00e1s\u00e1ig (1973\u201395). \u2013 <strong>F. ki\u00e1ll.:<\/strong> egy\u00e9ni: Sz\u00e1szr\u00e9gen (1969), Mv. (1991\u201392, 1995\u201396, 1998, 2001), Szov\u00e1ta (1997), Sz\u00e9kelyudvarhely (2001); csoportos: tartom\u00e1nyi, megyei, orsz\u00e1gos ki\u00e1ll.-okon Mv.-en, Buk.-ben, t\u00f6bb magyaro.-i v\u00e1rosban \u00e9s New-Yorkban. <br \/><strong>Irod.:<\/strong> Armonia, M. G.. (El\u0151sz\u00f3 M\u00e1rton \u00c1ron; Cs\u00edkszereda, ?); Gyergy\u00f3sz\u00e1rhegyi BME; Szab\u00f3 \u2013 K\u00e1llai<\/br><\/p>\n","protected":false},"excerpt":{"rendered":"<p>Hossz\u00fafalu, 1940. aug. 9., \u2020 2019.szept.10.: grafikus, tan\u00e1r. \u2013 A mv.-i K\u00e9pz\u0151m\u0171v\u00e9szeti L\u00edc.-ban tanult (1953\u201357), tan\u00e1rai Incze Istv\u00e1n, S\u00e1t\u00e1n Imre, Nagy P\u00e1l, Piskolti G\u00e1bor. A kv.-i Ion Andreescu K\u00e9pz\u00fam\u0171v\u00e9szeti F\u0151iskol\u00e1n v\u00e9gzett (1966), mesterei: Teodor Har\u015fia, K\u00e1d\u00e1r Tibor, Andr\u00e1ssy Zolt\u00e1n, Petru Feier. Tan\u00edtott: a gyergy\u00f3szentmikl\u00f3si Salamon Ern\u0151 L\u00edc.- ban (1966\u201369), a sz\u00e1szr\u00e9geni 2. sz. L\u00edc.-ban.(1968\u201370), a [&hellip;]<\/p>\n","protected":false},"featured_media":0,"comment_status":"open","ping_status":"closed","template":"","meta":[],"product_brand":[],"product_cat":[137],"product_tag":[],"class_list":{"0":"post-14420","1":"product","2":"type-product","3":"status-publish","5":"product_cat-maros-megyei-eletrajzi-lexikon","7":"first","8":"instock","9":"shipping-taxable","10":"product-type-simple"},"_links":{"self":[{"href":"https:\/\/uj.adatbank.ro\/lexikon\/wp-json\/wp\/v2\/product\/14420","targetHints":{"allow":["GET"]}}],"collection":[{"href":"https:\/\/uj.adatbank.ro\/lexikon\/wp-json\/wp\/v2\/product"}],"about":[{"href":"https:\/\/uj.adatbank.ro\/lexikon\/wp-json\/wp\/v2\/types\/product"}],"replies":[{"embeddable":true,"href":"https:\/\/uj.adatbank.ro\/lexikon\/wp-json\/wp\/v2\/comments?post=14420"}],"wp:attachment":[{"href":"https:\/\/uj.adatbank.ro\/lexikon\/wp-json\/wp\/v2\/media?parent=14420"}],"wp:term":[{"taxonomy":"product_brand","embeddable":true,"href":"https:\/\/uj.adatbank.ro\/lexikon\/wp-json\/wp\/v2\/product_brand?post=14420"},{"taxonomy":"product_cat","embeddable":true,"href":"https:\/\/uj.adatbank.ro\/lexikon\/wp-json\/wp\/v2\/product_cat?post=14420"},{"taxonomy":"product_tag","embeddable":true,"href":"https:\/\/uj.adatbank.ro\/lexikon\/wp-json\/wp\/v2\/product_tag?post=14420"}],"curies":[{"name":"wp","href":"https:\/\/api.w.org\/{rel}","templated":true}]}}

<p>Hosszúfalu, 1940. aug. 9., † 2019.szept.10.: grafikus, tanár. – A mv.-i Képzőművészeti Líc.-ban tanult (1953–57), tanárai Incze István, Sátán Imre, Nagy Pál, Piskolti Gábor. A kv.-i Ion Andreescu Képzúművészeti Főiskolán végzett (1966), mesterei: Teodor Harşia, Kádár Tibor, Andrássy Zoltán, Petru Feier. Tanított: a gyergyószentmiklósi Salamon Ernő Líc.- ban (1966–69), a szászrégeni 2. sz. Líc.-ban.(1968–70), a mv.- i Pedagógia Líc. – és a Művészeti Líc.-ban nyugdíjazásáig (1973–95). – <strong>F. kiáll.:</strong> egyéni: Szászrégen (1969), Mv. (1991–92, 1995–96, 1998, 2001), Szováta (1997), Székelyudvarhely (2001); csoportos: tartományi, megyei, országos kiáll.-okon Mv.-en, Buk.-ben, több magyaro.-i városban és New-Yorkban. <br /><strong>Irod.:</strong> Armonia, M. G.. (Előszó Márton Áron; Csíkszereda, ?); Gyergyószárhegyi BME; Szabó – Kállai</br></p>

<p>Hosszúfalu, 1940. aug. 9., † 2019.szept.10.: grafikus, tanár. – A mv.-i Képzőművészeti Líc.-ban tanult (1953–57), tanárai Incze István, Sátán Imre, Nagy Pál, Piskolti Gábor. A kv.-i Ion Andreescu Képzúművészeti Főiskolán végzett (1966), mesterei: Teodor Harşia, Kádár Tibor, Andrássy Zoltán, Petru Feier. Tanított: a gyergyószentmiklósi Salamon Ernő Líc.- ban (1966–69), a szászrégeni 2. sz. Líc.-ban.(1968–70), a [&hellip;]</p>
