{"id":14422,"date":"2025-07-15T13:01:18","date_gmt":"2025-07-15T11:01:18","guid":{"rendered":"https:\/\/uj.adatbank.ro\/lexikon\/termek\/major-levente\/"},"modified":"2025-07-15T13:01:18","modified_gmt":"2025-07-15T11:01:18","slug":"major-levente","status":"publish","type":"product","link":"https:\/\/uj.adatbank.ro\/lexikon\/termek\/major-levente\/","title":{"rendered":"MAJOR Levente"},"content":{"rendered":"<p>Harangl\u00e1b, 1939.okt.19.\u2020 Mv., 2002.j\u00fal.3. Z\u00e1gonba temett\u00e9k: matematikatan\u00e1r. \u2013 M.S\u00e1ndor unit. lelkip\u00e1sztor \u00e9s Anna, tan\u00edt\u00f3n\u0151 fia. Feles\u00e9ge Szil\u00e1gyi Gabriella, asszisztens (1968). Le\u00e1nyuk, Andrea (1970) egyetemi hallgat\u00f3, Ped.Fi. matematika szak\u00e1n v\u00e9gzett (1971)..A dics\u0151szentm\u00e1rtoni vegyi kombin\u00e1t munk\u00e1sa (1956\u201357), a bonyhai \u00e1ltal\u00e1nos iskola matemat. tan\u00e1ra (1959\u201360)., g\u00e9ptervez\u0151 a dics\u0151i \u00fcveggy\u00e1rban (1961\u201365). Matematik\u00e1t tan\u00edtott Harangl\u00e1bon, Szentgeric\u00e9n, Mez\u0151paniton (1965\u201389). \u00e9s a mv.-i 3. sz \u00e1ltal\u00e1nos iskol\u00e1ban nyugd\u00edjaz\u00e1s\u00e1ig (1990\u20131999). <br \/><strong>Irod.:<\/strong> EMKK 2000; RMKK (1996), Nekrol\u00f3g (N\u00fa., 2002. j\u00fal.5)<\/br><\/p>\n","protected":false},"excerpt":{"rendered":"<p>Harangl\u00e1b, 1939.okt.19.\u2020 Mv., 2002.j\u00fal.3. Z\u00e1gonba temett\u00e9k: matematikatan\u00e1r. \u2013 M.S\u00e1ndor unit. lelkip\u00e1sztor \u00e9s Anna, tan\u00edt\u00f3n\u0151 fia. Feles\u00e9ge Szil\u00e1gyi Gabriella, asszisztens (1968). Le\u00e1nyuk, Andrea (1970) egyetemi hallgat\u00f3, Ped.Fi. matematika szak\u00e1n v\u00e9gzett (1971)..A dics\u0151szentm\u00e1rtoni vegyi kombin\u00e1t munk\u00e1sa (1956\u201357), a bonyhai \u00e1ltal\u00e1nos iskola matemat. tan\u00e1ra (1959\u201360)., g\u00e9ptervez\u0151 a dics\u0151i \u00fcveggy\u00e1rban (1961\u201365). Matematik\u00e1t tan\u00edtott Harangl\u00e1bon, Szentgeric\u00e9n, Mez\u0151paniton (1965\u201389). \u00e9s a [&hellip;]<\/p>\n","protected":false},"featured_media":0,"comment_status":"open","ping_status":"closed","template":"","meta":[],"product_brand":[],"product_cat":[137],"product_tag":[],"class_list":{"0":"post-14422","1":"product","2":"type-product","3":"status-publish","5":"product_cat-maros-megyei-eletrajzi-lexikon","7":"first","8":"instock","9":"shipping-taxable","10":"product-type-simple"},"_links":{"self":[{"href":"https:\/\/uj.adatbank.ro\/lexikon\/wp-json\/wp\/v2\/product\/14422","targetHints":{"allow":["GET"]}}],"collection":[{"href":"https:\/\/uj.adatbank.ro\/lexikon\/wp-json\/wp\/v2\/product"}],"about":[{"href":"https:\/\/uj.adatbank.ro\/lexikon\/wp-json\/wp\/v2\/types\/product"}],"replies":[{"embeddable":true,"href":"https:\/\/uj.adatbank.ro\/lexikon\/wp-json\/wp\/v2\/comments?post=14422"}],"wp:attachment":[{"href":"https:\/\/uj.adatbank.ro\/lexikon\/wp-json\/wp\/v2\/media?parent=14422"}],"wp:term":[{"taxonomy":"product_brand","embeddable":true,"href":"https:\/\/uj.adatbank.ro\/lexikon\/wp-json\/wp\/v2\/product_brand?post=14422"},{"taxonomy":"product_cat","embeddable":true,"href":"https:\/\/uj.adatbank.ro\/lexikon\/wp-json\/wp\/v2\/product_cat?post=14422"},{"taxonomy":"product_tag","embeddable":true,"href":"https:\/\/uj.adatbank.ro\/lexikon\/wp-json\/wp\/v2\/product_tag?post=14422"}],"curies":[{"name":"wp","href":"https:\/\/api.w.org\/{rel}","templated":true}]}}

<p>Harangláb, 1939.okt.19.† Mv., 2002.júl.3. Zágonba temették: matematikatanár. – M.Sándor unit. lelkipásztor és Anna, tanítónő fia. Felesége Szilágyi Gabriella, asszisztens (1968). Leányuk, Andrea (1970) egyetemi hallgató, Ped.Fi. matematika szakán végzett (1971)..A dicsőszentmártoni vegyi kombinát munkása (1956–57), a bonyhai általános iskola matemat. tanára (1959–60)., géptervező a dicsői üveggyárban (1961–65). Matematikát tanított Haranglábon, Szentgericén, Mezőpaniton (1965–89). és a mv.-i 3. sz általános iskolában nyugdíjazásáig (1990–1999). <br /><strong>Irod.:</strong> EMKK 2000; RMKK (1996), Nekrológ (Nú., 2002. júl.5)</br></p>

<p>Harangláb, 1939.okt.19.† Mv., 2002.júl.3. Zágonba temették: matematikatanár. – M.Sándor unit. lelkipásztor és Anna, tanítónő fia. Felesége Szilágyi Gabriella, asszisztens (1968). Leányuk, Andrea (1970) egyetemi hallgató, Ped.Fi. matematika szakán végzett (1971)..A dicsőszentmártoni vegyi kombinát munkása (1956–57), a bonyhai általános iskola matemat. tanára (1959–60)., géptervező a dicsői üveggyárban (1961–65). Matematikát tanított Haranglábon, Szentgericén, Mezőpaniton (1965–89). és a [&hellip;]</p>
