{"id":14423,"date":"2025-07-15T13:01:20","date_gmt":"2025-07-15T11:01:20","guid":{"rendered":"https:\/\/uj.adatbank.ro\/lexikon\/termek\/major-pal\/"},"modified":"2025-07-15T13:01:20","modified_gmt":"2025-07-15T11:01:20","slug":"major-pal","status":"publish","type":"product","link":"https:\/\/uj.adatbank.ro\/lexikon\/termek\/major-pal\/","title":{"rendered":"MAJOR P\u00e1l"},"content":{"rendered":"<p>Torda, 1914. szept. 30., \u2020 Mv., 1991.nov. 22.\u00a0: agr\u00e1rm\u00e9rn\u00f6k. \u2013 Feles\u00e9ge: Nagy Vilma tan\u00e1rn\u0151 (\u2020 Mv., 2004. \u00e1pr. 21). Iskol\u00e1it Tord\u00e1n, majd a kv.-i Unit. Gimn\u00e1ziumban v\u00e9gezte (1932). Kv.-on a mez\u0151gazdas\u00e1gi akad\u00e9mi\u00e1n szerzett diplom\u00e1t (1937). Dolgozott Aranyosgy\u00e9resen, Szil\u00e1gysomly\u00f3n mint agr\u00e1rm\u00e9rn\u00f6k. R\u00e9szt vett a II. vh.-ban, orosz fogs\u00e1gba esett, majd kiszabadult (1949). Eleinte Brass\u00f3ban kapott \u00e1ll\u00e1st, Mv.-en a MAT Mez\u0151gazdas\u00e1gi oszt\u00e1ly\u00e1nak f\u0151n\u00f6ke lett (1952\u2013). \u2013       <strong>F. m.:<\/strong> T\u00f6bb cukorr\u00e9p\u00e1t!. Buk, 1960). <br \/><strong>Irod.:<\/strong> csal\u00e1di inf.; \u2013 [Nekrol\u00f3g] (N\u00fa., 1991. nov. 23.); R\u00e9thy\u2013\u00dajv\u00e1ri\u2013V\u00e1czi<\/br><\/p>\n","protected":false},"excerpt":{"rendered":"<p>Torda, 1914. szept. 30., \u2020 Mv., 1991.nov. 22.\u00a0: agr\u00e1rm\u00e9rn\u00f6k. \u2013 Feles\u00e9ge: Nagy Vilma tan\u00e1rn\u0151 (\u2020 Mv., 2004. \u00e1pr. 21). Iskol\u00e1it Tord\u00e1n, majd a kv.-i Unit. Gimn\u00e1ziumban v\u00e9gezte (1932). Kv.-on a mez\u0151gazdas\u00e1gi akad\u00e9mi\u00e1n szerzett diplom\u00e1t (1937). Dolgozott Aranyosgy\u00e9resen, Szil\u00e1gysomly\u00f3n mint agr\u00e1rm\u00e9rn\u00f6k. R\u00e9szt vett a II. vh.-ban, orosz fogs\u00e1gba esett, majd kiszabadult (1949). Eleinte Brass\u00f3ban kapott \u00e1ll\u00e1st, [&hellip;]<\/p>\n","protected":false},"featured_media":0,"comment_status":"open","ping_status":"closed","template":"","meta":[],"product_brand":[],"product_cat":[137],"product_tag":[],"class_list":{"0":"post-14423","1":"product","2":"type-product","3":"status-publish","5":"product_cat-maros-megyei-eletrajzi-lexikon","7":"first","8":"instock","9":"shipping-taxable","10":"product-type-simple"},"_links":{"self":[{"href":"https:\/\/uj.adatbank.ro\/lexikon\/wp-json\/wp\/v2\/product\/14423","targetHints":{"allow":["GET"]}}],"collection":[{"href":"https:\/\/uj.adatbank.ro\/lexikon\/wp-json\/wp\/v2\/product"}],"about":[{"href":"https:\/\/uj.adatbank.ro\/lexikon\/wp-json\/wp\/v2\/types\/product"}],"replies":[{"embeddable":true,"href":"https:\/\/uj.adatbank.ro\/lexikon\/wp-json\/wp\/v2\/comments?post=14423"}],"wp:attachment":[{"href":"https:\/\/uj.adatbank.ro\/lexikon\/wp-json\/wp\/v2\/media?parent=14423"}],"wp:term":[{"taxonomy":"product_brand","embeddable":true,"href":"https:\/\/uj.adatbank.ro\/lexikon\/wp-json\/wp\/v2\/product_brand?post=14423"},{"taxonomy":"product_cat","embeddable":true,"href":"https:\/\/uj.adatbank.ro\/lexikon\/wp-json\/wp\/v2\/product_cat?post=14423"},{"taxonomy":"product_tag","embeddable":true,"href":"https:\/\/uj.adatbank.ro\/lexikon\/wp-json\/wp\/v2\/product_tag?post=14423"}],"curies":[{"name":"wp","href":"https:\/\/api.w.org\/{rel}","templated":true}]}}

MAJOR Pál

<p>Torda, 1914. szept. 30., † Mv., 1991.nov. 22. : agrármérnök. – Felesége: Nagy Vilma tanárnő († Mv., 2004. ápr. 21). Iskoláit Tordán, majd a kv.-i Unit. Gimnáziumban végezte (1932). Kv.-on a mezőgazdasági akadémián szerzett diplomát (1937). Dolgozott Aranyosgyéresen, Szilágysomlyón mint agrármérnök. Részt vett a II. vh.-ban, orosz fogságba esett, majd kiszabadult (1949). Eleinte Brassóban kapott állást, Mv.-en a MAT Mezőgazdasági osztályának főnöke lett (1952–). –       <strong>F. m.:</strong> Több cukorrépát!. Buk, 1960). <br /><strong>Irod.:</strong> családi inf.; – [Nekrológ] (Nú., 1991. nov. 23.); Réthy–Újvári–Váczi</br></p>

<p>Torda, 1914. szept. 30., † Mv., 1991.nov. 22. : agrármérnök. – Felesége: Nagy Vilma tanárnő († Mv., 2004. ápr. 21). Iskoláit Tordán, majd a kv.-i Unit. Gimnáziumban végezte (1932). Kv.-on a mezőgazdasági akadémián szerzett diplomát (1937). Dolgozott Aranyosgyéresen, Szilágysomlyón mint agrármérnök. Részt vett a II. vh.-ban, orosz fogságba esett, majd kiszabadult (1949). Eleinte Brassóban kapott állást, [&hellip;]</p>
