{"id":14427,"date":"2025-07-15T13:01:25","date_gmt":"2025-07-15T11:01:25","guid":{"rendered":"https:\/\/uj.adatbank.ro\/lexikon\/termek\/majthenyi-zoltan\/"},"modified":"2025-07-15T13:01:25","modified_gmt":"2025-07-15T11:01:25","slug":"majthenyi-zoltan","status":"publish","type":"product","link":"https:\/\/uj.adatbank.ro\/lexikon\/termek\/majthenyi-zoltan\/","title":{"rendered":"MAJTH\u00c9NYI Zolt\u00e1n"},"content":{"rendered":"<p>Marosillye, 1914. dec. 4., \u2020 Dics\u0151szentm\u00e1rton, 1999. j\u00fan. 11. : tan\u00e1r, fest\u0151m\u0171v\u00e9sz, szobr\u00e1sz. \u2013 A buk.-i K\u00e9pz\u0151m\u0171v\u00e9szeti Akad.-\u00e1n v\u00e9geztt k\u00e9t  \u00e9vet Corneliu Baba oszt\u00e1ly\u00e1ban. Szeg\u00e9nys\u00e9g miatt abba kellett hagynia tanulm\u00e1nyait, rajztan\u00e1r volt a dics\u0151szentm\u00e1rtoni Traian gimn\u00e1ziumban nyugd\u00edjaz\u00e1s\u00e1ig (1977). Csoportos ki\u00e1ll.: Buc. Dalles terem (1962, 1971), a Palota terem (1967), Dics\u0151szentm\u00e1rton (1968, 1975, 1978, 2008), Mv. Kult\u00farpalota (1969, 1972, 1980, 1983). <br \/><strong>Irod.:<\/strong> Moldovan, Iuliu: Art\u0103 plastic\u0103 t\u00e2rn\u0103vean\u0103: repere culturale (Tg. M., 2008); Todea 2013<\/br><\/p>\n","protected":false},"excerpt":{"rendered":"<p>Marosillye, 1914. dec. 4., \u2020 Dics\u0151szentm\u00e1rton, 1999. j\u00fan. 11. : tan\u00e1r, fest\u0151m\u0171v\u00e9sz, szobr\u00e1sz. \u2013 A buk.-i K\u00e9pz\u0151m\u0171v\u00e9szeti Akad.-\u00e1n v\u00e9geztt k\u00e9t \u00e9vet Corneliu Baba oszt\u00e1ly\u00e1ban. Szeg\u00e9nys\u00e9g miatt abba kellett hagynia tanulm\u00e1nyait, rajztan\u00e1r volt a dics\u0151szentm\u00e1rtoni Traian gimn\u00e1ziumban nyugd\u00edjaz\u00e1s\u00e1ig (1977). Csoportos ki\u00e1ll.: Buc. Dalles terem (1962, 1971), a Palota terem (1967), Dics\u0151szentm\u00e1rton (1968, 1975, 1978, 2008), Mv. [&hellip;]<\/p>\n","protected":false},"featured_media":0,"comment_status":"open","ping_status":"closed","template":"","meta":[],"product_brand":[],"product_cat":[137],"product_tag":[],"class_list":{"0":"post-14427","1":"product","2":"type-product","3":"status-publish","5":"product_cat-maros-megyei-eletrajzi-lexikon","7":"first","8":"instock","9":"shipping-taxable","10":"product-type-simple"},"_links":{"self":[{"href":"https:\/\/uj.adatbank.ro\/lexikon\/wp-json\/wp\/v2\/product\/14427","targetHints":{"allow":["GET"]}}],"collection":[{"href":"https:\/\/uj.adatbank.ro\/lexikon\/wp-json\/wp\/v2\/product"}],"about":[{"href":"https:\/\/uj.adatbank.ro\/lexikon\/wp-json\/wp\/v2\/types\/product"}],"replies":[{"embeddable":true,"href":"https:\/\/uj.adatbank.ro\/lexikon\/wp-json\/wp\/v2\/comments?post=14427"}],"wp:attachment":[{"href":"https:\/\/uj.adatbank.ro\/lexikon\/wp-json\/wp\/v2\/media?parent=14427"}],"wp:term":[{"taxonomy":"product_brand","embeddable":true,"href":"https:\/\/uj.adatbank.ro\/lexikon\/wp-json\/wp\/v2\/product_brand?post=14427"},{"taxonomy":"product_cat","embeddable":true,"href":"https:\/\/uj.adatbank.ro\/lexikon\/wp-json\/wp\/v2\/product_cat?post=14427"},{"taxonomy":"product_tag","embeddable":true,"href":"https:\/\/uj.adatbank.ro\/lexikon\/wp-json\/wp\/v2\/product_tag?post=14427"}],"curies":[{"name":"wp","href":"https:\/\/api.w.org\/{rel}","templated":true}]}}

MAJTHÉNYI Zoltán

<p>Marosillye, 1914. dec. 4., † Dicsőszentmárton, 1999. jún. 11. : tanár, festőművész, szobrász. – A buk.-i Képzőművészeti Akad.-án végeztt két  évet Corneliu Baba osztályában. Szegénység miatt abba kellett hagynia tanulmányait, rajztanár volt a dicsőszentmártoni Traian gimnáziumban nyugdíjazásáig (1977). Csoportos kiáll.: Buc. Dalles terem (1962, 1971), a Palota terem (1967), Dicsőszentmárton (1968, 1975, 1978, 2008), Mv. Kultúrpalota (1969, 1972, 1980, 1983). <br /><strong>Irod.:</strong> Moldovan, Iuliu: Artă plastică târnăveană: repere culturale (Tg. M., 2008); Todea 2013</br></p>

<p>Marosillye, 1914. dec. 4., † Dicsőszentmárton, 1999. jún. 11. : tanár, festőművész, szobrász. – A buk.-i Képzőművészeti Akad.-án végeztt két évet Corneliu Baba osztályában. Szegénység miatt abba kellett hagynia tanulmányait, rajztanár volt a dicsőszentmártoni Traian gimnáziumban nyugdíjazásáig (1977). Csoportos kiáll.: Buc. Dalles terem (1962, 1971), a Palota terem (1967), Dicsőszentmárton (1968, 1975, 1978, 2008), Mv. [&hellip;]</p>
