{"id":14439,"date":"2025-07-15T13:01:51","date_gmt":"2025-07-15T11:01:51","guid":{"rendered":"https:\/\/uj.adatbank.ro\/lexikon\/termek\/makarias-vallesz-makarias-walles-gyorgy-jozsef-illetve-janos\/"},"modified":"2025-07-15T13:01:51","modified_gmt":"2025-07-15T11:01:51","slug":"makarias-vallesz-makarias-walles-gyorgy-jozsef-illetve-janos","status":"publish","type":"product","link":"https:\/\/uj.adatbank.ro\/lexikon\/termek\/makarias-vallesz-makarias-walles-gyorgy-jozsef-illetve-janos\/","title":{"rendered":"MAKARI\u00c1S Vallesz, Makari\u00e1s Walles Gy\u00f6rgy J\u00f3zsef, illetve J\u00e1nos"},"content":{"rendered":"<p>? \u2020 ?: esk\u00fcdt polg\u00e1r, b\u00e9rl\u0151, katonatiszt, s\u00f6rf\u0151z\u0151. \u2013 Sz\u00e1rmaz\u00e1s\u00e1ra vonatkoz\u00f3lag meg\u00e1llap\u00edthat\u00f3, hogy a 18. sz. k\u00f6zepe t\u00e1j\u00e1n, Csehorsz\u00e1gb\u00f3l, az osztr\u00e1k katonas\u00e1ggal, mint proviantmester ker\u00fclt ide, megtelepedett, meggazdagodott \u00e9s a hangad\u00f3 polg\u00e1rok k\u00f6z\u00e9 emelkedett. K\u0151h\u00e1za a Szentgy\u00f6rgyutca akkori v\u00e9g\u00e9n (\u00e9p\u00fclt 1750, \u00e1talak\u00edtott\u00e1k 1850), a Pal\u00e1s\u00adk\u00f6z felj\u00e1r\u00f3j\u00e1val szemk\u00f6zti (a volt Bethlen Kata reform\u00e1tus le\u00e1nyintern\u00e1tus) \u00e9p\u00fclet volt, mely abban az id\u0151ben a sz\u00e9kely f\u0151v\u00e1ros egyik leglak\u00e1lyosabb \u00e9p\u00fclet\u00e9nek sz\u00e1m\u00edtott, amit bizony\u00edt az is, hogy, II. J\u00f3zsef cs\u00e1sz\u00e1rt ebben a Makari\u00e1s-h\u00e1zban sz\u00e1ll\u00e1solt\u00e1k el (1773. j\u00fal. 11.). K\u00e9s\u0151bb gr. Teleki J\u00f3zsef v\u00e1s\u00e1rolta meg (1813), a h\u00e1z 24 \u00e9vig volt Engel J\u00f3zsef birtok\u00e1ban (1840\u201364), majd a ref. egyh\u00e1z vette meg (1864\u201395) \u00e9s a Bethlen Kata nev\u00e9t visel\u0151 le\u00e1ny bentlak\u00e1s sz\u00e9khelye volt. A betelep\u00fclt idegenek kiel\u00e9g\u00edt\u00e9s\u00e9re egy s\u00f6rf\u0151zd\u00e9t alap\u00edtott, b\u00e9relt (1750 k\u00f6r\u00fcl\u2013). Ez a kezdetleges s\u00f6rf\u0151zde eleinte a v\u00e1ros s\u00f6rsz\u00fcks\u00e9glet\u00e9t b\u0151ven ell\u00e1tta, k\u00e9s\u0151bb azonban el\u00e9gtelennek bizonyult, \u00fczeme kib\u0151v\u00fclt \u00e9s \u00edgy a s\u00f6rgy\u00e1rt\u00e1s vir\u00e1gz\u00f3 mesters\u00e9ge a mai S\u00f6rh\u00e1z-utc\u00e1ban vetette meg alapj\u00e1t (1768) K\u00e9s\u0151bbi beadv\u00e1nya szerint (1770. m\u00e1rc. 6.): a nagy \u00e1rv\u00edz miatt (1768) &#8222;az Ujj Ser H\u00e1z alatt l\u00e9v\u0151 k\u00fat \u00e9s p\u00e1dimentumos pintze vizzel eg\u00e9szszen meg t\u00f6lt, mi\u00e1ltal a serh\u00e1z \u00e9p\u00fclete s\u00falyosan megrong\u00e1l\u00f3dott&#8221; ennek rendbehoz\u00e1s\u00e1ra hozz\u00e1j\u00e1rul\u00e1st k\u00e9rt a serf\u0151z\u0151\u00admester a v\u00e1rosi magistratust\u00f3l. Ma \u201eB\u201d kateg\u00f3ri\u00e1s m\u0171eml\u00e9k (Revolu\u0163iei \/ volt Szentgy\u00f6rgy u., 45.sz.). Polg\u00e1rjogot nyert (1760), v\u00e1rosi esk\u00fcdt (1760), utcakait\u00e1ny a Szemtkir\u00e1ly u.-ban (1761) <br \/><strong>Irod.:<\/strong> H\u00edres polg\u00e1rok; Id\u0151t\u00e1r 1; Keresztes Gyula: A hajdani Mv. 8.: A v\u00e1ros r\u00e9gi \u00e9p\u00fcletei (N\u00fa., 1995. dec. 9.); Kr\u00f3n. F\u00fcz. (1939. 4\/8); P\u00e1l-Antal 2006; P\u00e1l-Antal 2009, Valori mure\u015fene de patrimoniu<\/br><\/p>\n","protected":false},"excerpt":{"rendered":"<p>? \u2020 ?: esk\u00fcdt polg\u00e1r, b\u00e9rl\u0151, katonatiszt, s\u00f6rf\u0151z\u0151. \u2013 Sz\u00e1rmaz\u00e1s\u00e1ra vonatkoz\u00f3lag meg\u00e1llap\u00edthat\u00f3, hogy a 18. sz. k\u00f6zepe t\u00e1j\u00e1n, Csehorsz\u00e1gb\u00f3l, az osztr\u00e1k katonas\u00e1ggal, mint proviantmester ker\u00fclt ide, megtelepedett, meggazdagodott \u00e9s a hangad\u00f3 polg\u00e1rok k\u00f6z\u00e9 emelkedett. K\u0151h\u00e1za a Szentgy\u00f6rgyutca akkori v\u00e9g\u00e9n (\u00e9p\u00fclt 1750, \u00e1talak\u00edtott\u00e1k 1850), a Pal\u00e1s\u00adk\u00f6z felj\u00e1r\u00f3j\u00e1val szemk\u00f6zti (a volt Bethlen Kata reform\u00e1tus le\u00e1nyintern\u00e1tus) \u00e9p\u00fclet volt, [&hellip;]<\/p>\n","protected":false},"featured_media":0,"comment_status":"open","ping_status":"closed","template":"","meta":[],"product_brand":[],"product_cat":[137],"product_tag":[],"class_list":{"0":"post-14439","1":"product","2":"type-product","3":"status-publish","5":"product_cat-maros-megyei-eletrajzi-lexikon","7":"first","8":"instock","9":"shipping-taxable","10":"product-type-simple"},"_links":{"self":[{"href":"https:\/\/uj.adatbank.ro\/lexikon\/wp-json\/wp\/v2\/product\/14439","targetHints":{"allow":["GET"]}}],"collection":[{"href":"https:\/\/uj.adatbank.ro\/lexikon\/wp-json\/wp\/v2\/product"}],"about":[{"href":"https:\/\/uj.adatbank.ro\/lexikon\/wp-json\/wp\/v2\/types\/product"}],"replies":[{"embeddable":true,"href":"https:\/\/uj.adatbank.ro\/lexikon\/wp-json\/wp\/v2\/comments?post=14439"}],"wp:attachment":[{"href":"https:\/\/uj.adatbank.ro\/lexikon\/wp-json\/wp\/v2\/media?parent=14439"}],"wp:term":[{"taxonomy":"product_brand","embeddable":true,"href":"https:\/\/uj.adatbank.ro\/lexikon\/wp-json\/wp\/v2\/product_brand?post=14439"},{"taxonomy":"product_cat","embeddable":true,"href":"https:\/\/uj.adatbank.ro\/lexikon\/wp-json\/wp\/v2\/product_cat?post=14439"},{"taxonomy":"product_tag","embeddable":true,"href":"https:\/\/uj.adatbank.ro\/lexikon\/wp-json\/wp\/v2\/product_tag?post=14439"}],"curies":[{"name":"wp","href":"https:\/\/api.w.org\/{rel}","templated":true}]}}

MAKARIÁS Vallesz, Makariás Walles György József, illetve János

<p>? † ?: esküdt polgár, bérlő, katonatiszt, sörfőző. – Származására vonatkozólag megállapítható, hogy a 18. sz. közepe táján, Csehországból, az osztrák katonasággal, mint proviantmester került ide, megtelepedett, meggazdagodott és a hangadó polgárok közé emelkedett. Kőháza a Szentgyörgyutca akkori végén (épült 1750, átalakították 1850), a Palás­köz feljárójával szemközti (a volt Bethlen Kata református leányinternátus) épület volt, mely abban az időben a székely főváros egyik leglakályosabb épületének számított, amit bizonyít az is, hogy, II. József császárt ebben a Makariás-házban szállásolták el (1773. júl. 11.). Később gr. Teleki József vásárolta meg (1813), a ház 24 évig volt Engel József birtokában (1840–64), majd a ref. egyház vette meg (1864–95) és a Bethlen Kata nevét viselő leány bentlakás székhelye volt. A betelepült idegenek kielégítésére egy sörfőzdét alapított, bérelt (1750 körül–). Ez a kezdetleges sörfőzde eleinte a város sörszükségletét bőven ellátta, később azonban elégtelennek bizonyult, üzeme kibővült és így a sörgyártás virágzó mestersége a mai Sörház-utcában vetette meg alapját (1768) Későbbi beadványa szerint (1770. márc. 6.): a nagy árvíz miatt (1768) &#8222;az Ujj Ser Ház alatt lévő kút és pádimentumos pintze vizzel egészszen meg tölt, miáltal a serház épülete súlyosan megrongálódott&#8221; ennek rendbehozására hozzájárulást kért a serfőző­mester a városi magistratustól. Ma „B” kategóriás műemlék (Revoluţiei / volt Szentgyörgy u., 45.sz.). Polgárjogot nyert (1760), városi esküdt (1760), utcakaitány a Szemtkirály u.-ban (1761) <br /><strong>Irod.:</strong> Híres polgárok; Időtár 1; Keresztes Gyula: A hajdani Mv. 8.: A város régi épületei (Nú., 1995. dec. 9.); Krón. Füz. (1939. 4/8); Pál-Antal 2006; Pál-Antal 2009, Valori mureşene de patrimoniu</br></p>

<p>? † ?: esküdt polgár, bérlő, katonatiszt, sörfőző. – Származására vonatkozólag megállapítható, hogy a 18. sz. közepe táján, Csehországból, az osztrák katonasággal, mint proviantmester került ide, megtelepedett, meggazdagodott és a hangadó polgárok közé emelkedett. Kőháza a Szentgyörgyutca akkori végén (épült 1750, átalakították 1850), a Palás­köz feljárójával szemközti (a volt Bethlen Kata református leányinternátus) épület volt, [&hellip;]</p>
