{"id":14441,"date":"2025-07-15T13:01:54","date_gmt":"2025-07-15T11:01:54","guid":{"rendered":"https:\/\/uj.adatbank.ro\/lexikon\/termek\/makay-arpad\/"},"modified":"2025-07-15T13:01:54","modified_gmt":"2025-07-15T11:01:54","slug":"makay-arpad","status":"publish","type":"product","link":"https:\/\/uj.adatbank.ro\/lexikon\/termek\/makay-arpad\/","title":{"rendered":"MAKAY \u00c1rp\u00e1d"},"content":{"rendered":"<p>Radn\u00f3t, 1911., \u2020 ?: operat\u0151r. \u2013 Hangtechnikusk\u00e9nt (1934\u2013), k\u00e9s\u0151bb seg\u00e9doperat\u0151rk\u00e9nt, majd operat\u0151rk\u00e9nt dolgozott. Els\u0151 \u00f6n\u00e1ll\u00f3 j\u00e1t\u00e9kfilmj\u00e9t 1939-ben k\u00e9sz\u00edtette. A II. vh. id\u0151szak\u00e1nak egyik legfoglalkoztatottabb operat\u0151rek\u00e9nt j\u00e1t\u00e9k- \u00e9s dokumentumfilmeket f\u00e9nyk\u00e9pezett. Meghonos\u00edtotta a term\u00e9szetes k\u00f6rnyezetben t\u00f6rt\u00e9n\u0151 operat\u0151ri munk\u00e1t. Elhagyta Mo.-t (1948) Ausztri\u00e1ba, majd Sv\u00e1jcba ment, v\u00e9g\u00fcl az US\u00c1-ban telepedett le. Dokumentarista st\u00edlus\u00fa j\u00e1t\u00e9kfilmeket alkotott. A New York-i School of Visual Art tan\u00e1ra volt. Filmgy\u00e1rt\u00f3 c\u00e9get alap\u00edtott (1981). \u00c9letm\u0171d\u00edjat kapott (1999).- F. filmjei: Hal\u00e1los tavasz (1939); G\u00fcl Baba (1940); Egy asszony visszan\u00e9z (1941); H\u00e1ry J\u00e1nos (1941); Egy bolond sz\u00e1zat csin\u00e1l (1942); Valamit visz a v\u00edz (1943); Tokaji sz\u00fcret (1946- dokumentumfilm); Talpalatnyi f\u00f6ld (1948); Az arck\u00e9p (USA); Az erd\u0151 var\u00e1zslata (USA); Bens\u0151s\u00e9ges \u00e9nek (kolumbiai). <br \/><strong>Irod.:<\/strong> R\u00daL<\/br><\/p>\n","protected":false},"excerpt":{"rendered":"<p>Radn\u00f3t, 1911., \u2020 ?: operat\u0151r. \u2013 Hangtechnikusk\u00e9nt (1934\u2013), k\u00e9s\u0151bb seg\u00e9doperat\u0151rk\u00e9nt, majd operat\u0151rk\u00e9nt dolgozott. Els\u0151 \u00f6n\u00e1ll\u00f3 j\u00e1t\u00e9kfilmj\u00e9t 1939-ben k\u00e9sz\u00edtette. A II. vh. id\u0151szak\u00e1nak egyik legfoglalkoztatottabb operat\u0151rek\u00e9nt j\u00e1t\u00e9k- \u00e9s dokumentumfilmeket f\u00e9nyk\u00e9pezett. Meghonos\u00edtotta a term\u00e9szetes k\u00f6rnyezetben t\u00f6rt\u00e9n\u0151 operat\u0151ri munk\u00e1t. Elhagyta Mo.-t (1948) Ausztri\u00e1ba, majd Sv\u00e1jcba ment, v\u00e9g\u00fcl az US\u00c1-ban telepedett le. Dokumentarista st\u00edlus\u00fa j\u00e1t\u00e9kfilmeket alkotott. A New York-i [&hellip;]<\/p>\n","protected":false},"featured_media":0,"comment_status":"open","ping_status":"closed","template":"","meta":[],"product_brand":[],"product_cat":[137],"product_tag":[],"class_list":{"0":"post-14441","1":"product","2":"type-product","3":"status-publish","5":"product_cat-maros-megyei-eletrajzi-lexikon","7":"first","8":"instock","9":"shipping-taxable","10":"product-type-simple"},"_links":{"self":[{"href":"https:\/\/uj.adatbank.ro\/lexikon\/wp-json\/wp\/v2\/product\/14441","targetHints":{"allow":["GET"]}}],"collection":[{"href":"https:\/\/uj.adatbank.ro\/lexikon\/wp-json\/wp\/v2\/product"}],"about":[{"href":"https:\/\/uj.adatbank.ro\/lexikon\/wp-json\/wp\/v2\/types\/product"}],"replies":[{"embeddable":true,"href":"https:\/\/uj.adatbank.ro\/lexikon\/wp-json\/wp\/v2\/comments?post=14441"}],"wp:attachment":[{"href":"https:\/\/uj.adatbank.ro\/lexikon\/wp-json\/wp\/v2\/media?parent=14441"}],"wp:term":[{"taxonomy":"product_brand","embeddable":true,"href":"https:\/\/uj.adatbank.ro\/lexikon\/wp-json\/wp\/v2\/product_brand?post=14441"},{"taxonomy":"product_cat","embeddable":true,"href":"https:\/\/uj.adatbank.ro\/lexikon\/wp-json\/wp\/v2\/product_cat?post=14441"},{"taxonomy":"product_tag","embeddable":true,"href":"https:\/\/uj.adatbank.ro\/lexikon\/wp-json\/wp\/v2\/product_tag?post=14441"}],"curies":[{"name":"wp","href":"https:\/\/api.w.org\/{rel}","templated":true}]}}

MAKAY Árpád

<p>Radnót, 1911., † ?: operatőr. – Hangtechnikusként (1934–), később segédoperatőrként, majd operatőrként dolgozott. Első önálló játékfilmjét 1939-ben készítette. A II. vh. időszakának egyik legfoglalkoztatottabb operatőreként játék- és dokumentumfilmeket fényképezett. Meghonosította a természetes környezetben történő operatőri munkát. Elhagyta Mo.-t (1948) Ausztriába, majd Svájcba ment, végül az USÁ-ban telepedett le. Dokumentarista stílusú játékfilmeket alkotott. A New York-i School of Visual Art tanára volt. Filmgyártó céget alapított (1981). Életműdíjat kapott (1999).- F. filmjei: Halálos tavasz (1939); Gül Baba (1940); Egy asszony visszanéz (1941); Háry János (1941); Egy bolond százat csinál (1942); Valamit visz a víz (1943); Tokaji szüret (1946- dokumentumfilm); Talpalatnyi föld (1948); Az arckép (USA); Az erdő varázslata (USA); Bensőséges ének (kolumbiai). <br /><strong>Irod.:</strong> RÚL</br></p>

<p>Radnót, 1911., † ?: operatőr. – Hangtechnikusként (1934–), később segédoperatőrként, majd operatőrként dolgozott. Első önálló játékfilmjét 1939-ben készítette. A II. vh. időszakának egyik legfoglalkoztatottabb operatőreként játék- és dokumentumfilmeket fényképezett. Meghonosította a természetes környezetben történő operatőri munkát. Elhagyta Mo.-t (1948) Ausztriába, majd Svájcba ment, végül az USÁ-ban telepedett le. Dokumentarista stílusú játékfilmeket alkotott. A New York-i [&hellip;]</p>
