{"id":14442,"date":"2025-07-15T13:01:55","date_gmt":"2025-07-15T11:01:55","guid":{"rendered":"https:\/\/uj.adatbank.ro\/lexikon\/termek\/makay-attila-makoi-es-geleji\/"},"modified":"2025-07-15T13:01:55","modified_gmt":"2025-07-15T11:01:55","slug":"makay-attila-makoi-es-geleji","status":"publish","type":"product","link":"https:\/\/uj.adatbank.ro\/lexikon\/termek\/makay-attila-makoi-es-geleji\/","title":{"rendered":"MAKAY Attila, mak\u00f3i \u00e9s geleji"},"content":{"rendered":"<p>Mv., 1897. febr. 17. \u2020 Bp., 1983. szept. 21.: husz\u00e1rezredes. \u2013 A Ludovika Akad. elv\u00e9gz\u00e9s\u00e9t k\u00f6vet\u0151en (1916. aug. 18.), hadnagyk\u00e9nt a 3. honv\u00e9d husz\u00e1rezred g\u00e9ppusk\u00e1s szakasz- , majd sz\u00e1zadparancsnokk\u00e9nt r\u00e9szt vett az I. vh. harcaiban (1917.jan. 1.\u201318. nov. 30 ). F\u0151hadnagyi rangot (1917.aug.18.), majd sz\u00e1zadparancsnoki, illetve ezredseg\u00e9dtiszti rangot kapott, \u00e9s a 2. husz\u00e1rezredben szolg\u00e1lt (1919. aug. 5.- 35. m\u00e1j. 1.). Gy\u0151rben szab\u00e1lyzatismertet\u0151 (1925\u201326), Bp.-en t\u00f6rzstiszti tanfolyamot v\u00e9gzett ( 1934\u201335). Az \u00f6rk\u00e9nyt\u00e1bori lovas kik\u00e9pz\u0151 t\u00e1bor parancsnoks\u00e1g\u00e1nak seg\u00e9dtisztje (1935. j\u00fal.1.- 39. szept. 1.). \u0150rnaggy\u00e1 l\u00e9ptett\u00e9k el\u0151 (1937.m\u00e1j. 1.\u2013), \u00e9s a HM kik\u00e9pz\u00e9si oszt\u00e1lynak el\u0151ad\u00f3ja ( 1939. szept. 1.\u2013), majd a VKF 5. oszt\u00e1ly\u00e1n teljes\u00edtett szolg\u00e1latot (1940. m\u00e1rc. 1.\u2013). Szabadk\u00e1n megb\u00edzt\u00e1k az 1\/I. husz\u00e1roszt\u00e1ly parancsnoks\u00e1g\u00e1val (1941. nov. 1.\u2013). El\u0151l\u00e9ptett\u00e9k alezredess\u00e9 (1941. nov. 1.\u2013) \u00e9s ezredess\u00e9 (1942. nov. 1.\u2013). Szabadk\u00e1n a szervez\u00e9si v\u00e1ltoz\u00e1sok folyt\u00e1n a 2\/II.husz\u00e1roszt\u00e1ly parancsnoki, majd Nyiregyh\u00e1z\u00e1n a 4. husz\u00e1rezred parancsnoki teend\u0151it l\u00e1tta el (1943. nov. 1.\u2013). A II. vh. idej\u00e9n ezred\u00e9vel belorusz-i, majd a lengyelo.-i fronton teljes\u00edtett szolg\u00e1latot, \u00e9s ugyanakkor megb\u00edzt\u00e1k a lovas(husz\u00e1r)hadoszt. lovasparancsnoki tiszt\u00e9vel.(1944. szept. 1\u2013). Osztr\u00e1k ter\u00fcleten amerikai fogs\u00e1gba esett (1945. m\u00e1j. 10 \u2013 szept. 15.). Szolg\u00e1latai\u00e9rt a h\u00e1bor\u00fa idej\u00e9n a M\u00c9R Lovagkeresztj\u00e9vel \u00e9s a M\u00c9R K\u00f6z\u00e9pkeresztj\u00e9vel hadiszalagon a kardokkal t\u00fcntett\u00e9k ki. Nyug\u00e1llom\u00e1nyba helyezt\u00e9k (1946. dec.6.\u2013). Ezt k\u00f6vet\u0151en Szendre k\u00f6lt\u00f6z\u00f6tt, ahol mint mez\u0151gazd.-i id\u00e9nymunk\u00e1s, majd \u00fat\u00e9p\u00edt\u0151 seg\u00e9dmunk\u00e1s kereste kenyer\u00e9t, majd a sz\u0151kepusztai \u00e1llami gazd. alkalmazottja volt (1949\u201354). Majd ter\u00fcletrendez\u0151k\u00e9nt, t\u00e9rk\u00e9prajzol\u00f3k\u00e9nt a mez\u0151szilasi, ill.a bakonyszombathelyi gazd.-ban tev\u00e9kenykedett. <br \/><strong>Irod.:<\/strong> Bene \u2013 Szab\u00f3<\/br><\/p>\n","protected":false},"excerpt":{"rendered":"<p>Mv., 1897. febr. 17. \u2020 Bp., 1983. szept. 21.: husz\u00e1rezredes. \u2013 A Ludovika Akad. elv\u00e9gz\u00e9s\u00e9t k\u00f6vet\u0151en (1916. aug. 18.), hadnagyk\u00e9nt a 3. honv\u00e9d husz\u00e1rezred g\u00e9ppusk\u00e1s szakasz- , majd sz\u00e1zadparancsnokk\u00e9nt r\u00e9szt vett az I. vh. harcaiban (1917.jan. 1.\u201318. nov. 30 ). F\u0151hadnagyi rangot (1917.aug.18.), majd sz\u00e1zadparancsnoki, illetve ezredseg\u00e9dtiszti rangot kapott, \u00e9s a 2. husz\u00e1rezredben szolg\u00e1lt (1919. [&hellip;]<\/p>\n","protected":false},"featured_media":0,"comment_status":"open","ping_status":"closed","template":"","meta":[],"product_brand":[],"product_cat":[137],"product_tag":[],"class_list":{"0":"post-14442","1":"product","2":"type-product","3":"status-publish","5":"product_cat-maros-megyei-eletrajzi-lexikon","7":"first","8":"instock","9":"shipping-taxable","10":"product-type-simple"},"_links":{"self":[{"href":"https:\/\/uj.adatbank.ro\/lexikon\/wp-json\/wp\/v2\/product\/14442","targetHints":{"allow":["GET"]}}],"collection":[{"href":"https:\/\/uj.adatbank.ro\/lexikon\/wp-json\/wp\/v2\/product"}],"about":[{"href":"https:\/\/uj.adatbank.ro\/lexikon\/wp-json\/wp\/v2\/types\/product"}],"replies":[{"embeddable":true,"href":"https:\/\/uj.adatbank.ro\/lexikon\/wp-json\/wp\/v2\/comments?post=14442"}],"wp:attachment":[{"href":"https:\/\/uj.adatbank.ro\/lexikon\/wp-json\/wp\/v2\/media?parent=14442"}],"wp:term":[{"taxonomy":"product_brand","embeddable":true,"href":"https:\/\/uj.adatbank.ro\/lexikon\/wp-json\/wp\/v2\/product_brand?post=14442"},{"taxonomy":"product_cat","embeddable":true,"href":"https:\/\/uj.adatbank.ro\/lexikon\/wp-json\/wp\/v2\/product_cat?post=14442"},{"taxonomy":"product_tag","embeddable":true,"href":"https:\/\/uj.adatbank.ro\/lexikon\/wp-json\/wp\/v2\/product_tag?post=14442"}],"curies":[{"name":"wp","href":"https:\/\/api.w.org\/{rel}","templated":true}]}}

MAKAY Attila, makói és geleji

<p>Mv., 1897. febr. 17. † Bp., 1983. szept. 21.: huszárezredes. – A Ludovika Akad. elvégzését követően (1916. aug. 18.), hadnagyként a 3. honvéd huszárezred géppuskás szakasz- , majd századparancsnokként részt vett az I. vh. harcaiban (1917.jan. 1.–18. nov. 30 ). Főhadnagyi rangot (1917.aug.18.), majd századparancsnoki, illetve ezredsegédtiszti rangot kapott, és a 2. huszárezredben szolgált (1919. aug. 5.- 35. máj. 1.). Győrben szabályzatismertető (1925–26), Bp.-en törzstiszti tanfolyamot végzett ( 1934–35). Az örkénytábori lovas kiképző tábor parancsnokságának segédtisztje (1935. júl.1.- 39. szept. 1.). Őrnaggyá léptették elő (1937.máj. 1.–), és a HM kiképzési osztálynak előadója ( 1939. szept. 1.–), majd a VKF 5. osztályán teljesített szolgálatot (1940. márc. 1.–). Szabadkán megbízták az 1/I. huszárosztály parancsnokságával (1941. nov. 1.–). Előléptették alezredessé (1941. nov. 1.–) és ezredessé (1942. nov. 1.–). Szabadkán a szervezési változások folytán a 2/II.huszárosztály parancsnoki, majd Nyiregyházán a 4. huszárezred parancsnoki teendőit látta el (1943. nov. 1.–). A II. vh. idején ezredével belorusz-i, majd a lengyelo.-i fronton teljesített szolgálatot, és ugyanakkor megbízták a lovas(huszár)hadoszt. lovasparancsnoki tisztével.(1944. szept. 1–). Osztrák területen amerikai fogságba esett (1945. máj. 10 – szept. 15.). Szolgálataiért a háború idején a MÉR Lovagkeresztjével és a MÉR Középkeresztjével hadiszalagon a kardokkal tüntették ki. Nyugállományba helyezték (1946. dec.6.–). Ezt követően Szendre költözött, ahol mint mezőgazd.-i idénymunkás, majd útépítő segédmunkás kereste kenyerét, majd a szőkepusztai állami gazd. alkalmazottja volt (1949–54). Majd területrendezőként, térképrajzolóként a mezőszilasi, ill.a bakonyszombathelyi gazd.-ban tevékenykedett. <br /><strong>Irod.:</strong> Bene – Szabó</br></p>

<p>Mv., 1897. febr. 17. † Bp., 1983. szept. 21.: huszárezredes. – A Ludovika Akad. elvégzését követően (1916. aug. 18.), hadnagyként a 3. honvéd huszárezred géppuskás szakasz- , majd századparancsnokként részt vett az I. vh. harcaiban (1917.jan. 1.–18. nov. 30 ). Főhadnagyi rangot (1917.aug.18.), majd századparancsnoki, illetve ezredsegédtiszti rangot kapott, és a 2. huszárezredben szolgált (1919. [&hellip;]</p>
