{"id":14450,"date":"2025-07-15T13:02:14","date_gmt":"2025-07-15T11:02:14","guid":{"rendered":"https:\/\/uj.adatbank.ro\/lexikon\/termek\/makkai-adalbert\/"},"modified":"2025-07-15T13:02:14","modified_gmt":"2025-07-15T11:02:14","slug":"makkai-adalbert","status":"publish","type":"product","link":"https:\/\/uj.adatbank.ro\/lexikon\/termek\/makkai-adalbert\/","title":{"rendered":"MAKKAI Adalbert"},"content":{"rendered":"<p>1910 \u2020 ?: asztalos.- K\u00e9t \u00e9vet j\u00e1rt a mv.-i Ipari Lic.-ba. Seg\u00e9dmunk\u00e1sk\u00e9nt dolgozott a v\u00e1ros k\u00fcl\u00f6nb\u00f6z\u0151 \u00fczemeiben (1928\u2013).Az \u00e1llamos\u00edt\u00e1skor a t\u00edz (egy \u00e1tirat szerint 70) munk\u00e1st foglalkoztat\u00f3 mv.-i \u00c1goston S\u00e1ndor Konzervgy\u00e1rban dolgozott, a gy\u00e1r munk\u00e1sbizotts\u00e1g\u00e1nak \u00e9s a RKP tagja (1945\u2013). J\u00f3 szakember, lelkiismeretes munkaer\u0151, aki k\u00f6ztiszteletben \u00e1llt.Kinevezt\u00e9k a konzervgy\u00e1r igazgat\u00f3j\u00e1v\u00e1, amely a C.A.S.B.I. ellen\u0151rz\u00e9se alatt \u00e1llt, mivel tulajdonosa (\u00c1goston S\u00e1ndor) elhagyta Mv.-t (1945 elej\u00e9n).A gy\u00e1r \u00e9p\u00fclet\u00e9t csak b\u00e9relte, ez\u00e9rt csak a gy\u00e1r felszerel\u00e9s\u00e9t \u00e1llamos\u00edtott\u00e1k. <br \/><strong>Irod.:<\/strong> Bartos Zolt\u00e1n<\/br><\/p>\n","protected":false},"excerpt":{"rendered":"<p>1910 \u2020 ?: asztalos.- K\u00e9t \u00e9vet j\u00e1rt a mv.-i Ipari Lic.-ba. Seg\u00e9dmunk\u00e1sk\u00e9nt dolgozott a v\u00e1ros k\u00fcl\u00f6nb\u00f6z\u0151 \u00fczemeiben (1928\u2013).Az \u00e1llamos\u00edt\u00e1skor a t\u00edz (egy \u00e1tirat szerint 70) munk\u00e1st foglalkoztat\u00f3 mv.-i \u00c1goston S\u00e1ndor Konzervgy\u00e1rban dolgozott, a gy\u00e1r munk\u00e1sbizotts\u00e1g\u00e1nak \u00e9s a RKP tagja (1945\u2013). J\u00f3 szakember, lelkiismeretes munkaer\u0151, aki k\u00f6ztiszteletben \u00e1llt.Kinevezt\u00e9k a konzervgy\u00e1r igazgat\u00f3j\u00e1v\u00e1, amely a C.A.S.B.I. ellen\u0151rz\u00e9se alatt [&hellip;]<\/p>\n","protected":false},"featured_media":0,"comment_status":"open","ping_status":"closed","template":"","meta":[],"product_brand":[],"product_cat":[137],"product_tag":[],"class_list":{"0":"post-14450","1":"product","2":"type-product","3":"status-publish","5":"product_cat-maros-megyei-eletrajzi-lexikon","7":"first","8":"instock","9":"shipping-taxable","10":"product-type-simple"},"_links":{"self":[{"href":"https:\/\/uj.adatbank.ro\/lexikon\/wp-json\/wp\/v2\/product\/14450","targetHints":{"allow":["GET"]}}],"collection":[{"href":"https:\/\/uj.adatbank.ro\/lexikon\/wp-json\/wp\/v2\/product"}],"about":[{"href":"https:\/\/uj.adatbank.ro\/lexikon\/wp-json\/wp\/v2\/types\/product"}],"replies":[{"embeddable":true,"href":"https:\/\/uj.adatbank.ro\/lexikon\/wp-json\/wp\/v2\/comments?post=14450"}],"wp:attachment":[{"href":"https:\/\/uj.adatbank.ro\/lexikon\/wp-json\/wp\/v2\/media?parent=14450"}],"wp:term":[{"taxonomy":"product_brand","embeddable":true,"href":"https:\/\/uj.adatbank.ro\/lexikon\/wp-json\/wp\/v2\/product_brand?post=14450"},{"taxonomy":"product_cat","embeddable":true,"href":"https:\/\/uj.adatbank.ro\/lexikon\/wp-json\/wp\/v2\/product_cat?post=14450"},{"taxonomy":"product_tag","embeddable":true,"href":"https:\/\/uj.adatbank.ro\/lexikon\/wp-json\/wp\/v2\/product_tag?post=14450"}],"curies":[{"name":"wp","href":"https:\/\/api.w.org\/{rel}","templated":true}]}}

<p>1910 † ?: asztalos.- Két évet járt a mv.-i Ipari Lic.-ba. Segédmunkásként dolgozott a város különböző üzemeiben (1928–).Az államosításkor a tíz (egy átirat szerint 70) munkást foglalkoztató mv.-i Ágoston Sándor Konzervgyárban dolgozott, a gyár munkásbizottságának és a RKP tagja (1945–). Jó szakember, lelkiismeretes munkaerő, aki köztiszteletben állt.Kinevezték a konzervgyár igazgatójává, amely a C.A.S.B.I. ellenőrzése alatt állt, mivel tulajdonosa (Ágoston Sándor) elhagyta Mv.-t (1945 elején).A gyár épületét csak bérelte, ezért csak a gyár felszerelését államosították. <br /><strong>Irod.:</strong> Bartos Zoltán</br></p>

<p>1910 † ?: asztalos.- Két évet járt a mv.-i Ipari Lic.-ba. Segédmunkásként dolgozott a város különböző üzemeiben (1928–).Az államosításkor a tíz (egy átirat szerint 70) munkást foglalkoztató mv.-i Ágoston Sándor Konzervgyárban dolgozott, a gyár munkásbizottságának és a RKP tagja (1945–). Jó szakember, lelkiismeretes munkaerő, aki köztiszteletben állt.Kinevezték a konzervgyár igazgatójává, amely a C.A.S.B.I. ellenőrzése alatt [&hellip;]</p>
