{"id":14452,"date":"2025-07-15T13:02:17","date_gmt":"2025-07-15T11:02:17","guid":{"rendered":"https:\/\/uj.adatbank.ro\/lexikon\/termek\/makkai-domokos\/"},"modified":"2025-07-15T13:02:17","modified_gmt":"2025-07-15T11:02:17","slug":"makkai-domokos","status":"publish","type":"product","link":"https:\/\/uj.adatbank.ro\/lexikon\/termek\/makkai-domokos\/","title":{"rendered":"MAKKAI Domokos"},"content":{"rendered":"<p>Galambod, 1839. okt. 27., \u2020 Nagyenyed, 1896. aug. 16.: ref. pap, tan\u00e1r. \u2013 Feles\u00e9ge: 1.?; 2. Nagy R\u00f3za. Gyermekei: M. Margit Jancs\u00f3 S\u00e1ndorn\u00e9; Jen\u0151, Nelli, Laci, Ern\u0151, Irma, R\u00f3za, Erzsi, S\u00e1ndor. \u2013 A mv.-i Ref. Koll.-ban jogot (1861\u2013), a nagyenyedi Ref. Koll.-ban teol\u00f3gi\u00e1t tanult (1863\u201367), oszt\u00e1lytan\u00edt\u00f3 volt (1865\u201367). Az utrechti egy. Hittudom\u00e4nyi Kar\u00e4n f\u0151k\u00e9nt filoz\u00f3fi\u00e1t \u00e9s t\u00f6r\u00adt\u00e9nelmet tanult (1867\u201369). A nagyenyedi Beth\u00adlen Koll. tan\u00e1ra (1869\u2013), papp\u00e1 szentel\u00adt\u00e9k (1871), tan\u00e1ri \u00e1ll\u00e1sa mellett a tan\u00e1ri kar jegyz\u0151je (1869\u201373), az \u00e9remt\u00e1r (1869\u2013), a k\u00f6nyvt\u00e1r fel\u00fcgyel\u0151je (1880\u201486), a f\u0151iskola rektor-professzora (1886\u201390). Pedag\u00f3giai, filoz\u00f3fiai, egyh\u00e1zi \u00e9s t\u00f6rt. k\u00e9rd\u00e9sekkel foglalkozott. Makkai S\u00e1ndor az Ernyeiek c. reg\u00e9ny\u00e9nek f\u0151szerepl\u0151je. K\u00f6z\u00f6lt: Protest\u00e1ns Tudom. Szle, a Nagyenyedi Bethlen-Koll\u00e9gium \u00c9rtes\u00edt\u0151je, Protest\u00e1ns Teol\u00f3giai K\u00f6nyvt\u00e1r, Protest\u00e1ns Egyh\u00e1zi \u00e9s Iskolai Lapok, Nagyenyedi \u00c9rt., Als\u00f3feh\u00e9rm.-i T\u00f6rt. \u00e9s R\u00e9g\u00e9\u00adszeti Egylet \u00c9vk. \u2013 F. m. : A t\u00f6rt\u00e9net b\u00f6lcs\u00e9szete \u00e9s a t\u00f6rt\u00e9net\u00edr\u00e1s (Pest, 1871); Eml\u00e9k\u00adbesz\u00e9d dr. Kov\u00e1cs \u00d6d\u00f6n felett (Nagyenyed, 1896); <strong>antol\u00f3g.:<\/strong> An\u00adtal J\u00e1nos \u00e9letrajza =  Nagy papok \u00e9letrajzai ( Bp., 1877). <br \/><strong>Irod.:<\/strong> Gy\u00e1szjelent\u0151; Rugonfalvi Kiss; Szab\u00f3-Simon-Sz\u0151gi Szinnyei; \u00daM\u00c9L<\/br><\/p>\n","protected":false},"excerpt":{"rendered":"<p>Galambod, 1839. okt. 27., \u2020 Nagyenyed, 1896. aug. 16.: ref. pap, tan\u00e1r. \u2013 Feles\u00e9ge: 1.?; 2. Nagy R\u00f3za. Gyermekei: M. Margit Jancs\u00f3 S\u00e1ndorn\u00e9; Jen\u0151, Nelli, Laci, Ern\u0151, Irma, R\u00f3za, Erzsi, S\u00e1ndor. \u2013 A mv.-i Ref. Koll.-ban jogot (1861\u2013), a nagyenyedi Ref. Koll.-ban teol\u00f3gi\u00e1t tanult (1863\u201367), oszt\u00e1lytan\u00edt\u00f3 volt (1865\u201367). Az utrechti egy. Hittudom\u00e4nyi Kar\u00e4n f\u0151k\u00e9nt filoz\u00f3fi\u00e1t [&hellip;]<\/p>\n","protected":false},"featured_media":0,"comment_status":"open","ping_status":"closed","template":"","meta":[],"product_brand":[],"product_cat":[137],"product_tag":[],"class_list":{"0":"post-14452","1":"product","2":"type-product","3":"status-publish","5":"product_cat-maros-megyei-eletrajzi-lexikon","7":"first","8":"instock","9":"shipping-taxable","10":"product-type-simple"},"_links":{"self":[{"href":"https:\/\/uj.adatbank.ro\/lexikon\/wp-json\/wp\/v2\/product\/14452","targetHints":{"allow":["GET"]}}],"collection":[{"href":"https:\/\/uj.adatbank.ro\/lexikon\/wp-json\/wp\/v2\/product"}],"about":[{"href":"https:\/\/uj.adatbank.ro\/lexikon\/wp-json\/wp\/v2\/types\/product"}],"replies":[{"embeddable":true,"href":"https:\/\/uj.adatbank.ro\/lexikon\/wp-json\/wp\/v2\/comments?post=14452"}],"wp:attachment":[{"href":"https:\/\/uj.adatbank.ro\/lexikon\/wp-json\/wp\/v2\/media?parent=14452"}],"wp:term":[{"taxonomy":"product_brand","embeddable":true,"href":"https:\/\/uj.adatbank.ro\/lexikon\/wp-json\/wp\/v2\/product_brand?post=14452"},{"taxonomy":"product_cat","embeddable":true,"href":"https:\/\/uj.adatbank.ro\/lexikon\/wp-json\/wp\/v2\/product_cat?post=14452"},{"taxonomy":"product_tag","embeddable":true,"href":"https:\/\/uj.adatbank.ro\/lexikon\/wp-json\/wp\/v2\/product_tag?post=14452"}],"curies":[{"name":"wp","href":"https:\/\/api.w.org\/{rel}","templated":true}]}}