{"id":14453,"date":"2025-07-15T13:02:19","date_gmt":"2025-07-15T11:02:19","guid":{"rendered":"https:\/\/uj.adatbank.ro\/lexikon\/termek\/makkai-endre\/"},"modified":"2025-07-15T13:02:19","modified_gmt":"2025-07-15T11:02:19","slug":"makkai-endre","status":"publish","type":"product","link":"https:\/\/uj.adatbank.ro\/lexikon\/termek\/makkai-endre\/","title":{"rendered":"MAKKAI Endre"},"content":{"rendered":"<p>Vashegy, 1914. m\u00e1j. 31 \u2020\u00a01998: ref. pap, n\u00e9prajzi \u00edr\u00f3. \u2013 A zilahi Wessel\u00e9nyi Koll.-ban \u00e9retts\u00e9gizett (1933), fels\u0151fok\u00fa tanulm\u00e1nyait Kv.-on a Ref. Teol\u00f3gi\u00e1n v\u00e9gezte (1940). D\u00e9sen seg\u00e9dlelk\u00e9sz (1941044), a Szolnok-Dob\u00f3ka c. hetilap felel\u0151s szerkeszt\u0151je (1944), majd Ny\u00e1r\u00e1dszered\u00e1n (1945\u201349), Petrozs\u00e9nyben (1949\u201379) lelk\u00e9sz. N\u00e9prajzi gy\u0171jt\u0151 munk\u00e1t folytatott, 12 erd\u00e9lyi megye 59 fal\u00faj\u00e1nak t\u00e9li szok\u00e1sait, k\u00f6sz\u00f6nt\u0151it, j\u00e1t\u00e9kait mutatta be k\u00f6tet\u00e9ben, valamint feldolgozta a d\u00e9vai cs\u00e1ng\u00f3 telepesek vall\u00e1sos \u00e9let\u00e9vel kapcsolatos eml\u00e9keket. K\u00f6z\u00f6lt a D\u00e9v\u00e1n megjelent Hunyad megyei H\u00edrlapban. \u2013 <strong>F. m.:<\/strong> <strong>t\u00e1rssz.:<\/strong> Adatok t\u00e9li hagyom\u00e1nyaink ismeret\u00e9hez (Nagy \u00d6d\u00f6nnel, Kv., 1939); Vall\u00e1soss\u00e1g \u00e9s n\u00e9pi kult\u00fara a hat\u00e1rainkon t\u00fal (Bp., 1990). <br \/><strong>Irod.:<\/strong> Nagy \u00d6d\u00f6n; RMIL<\/br><\/p>\n","protected":false},"excerpt":{"rendered":"<p>Vashegy, 1914. m\u00e1j. 31 \u2020\u00a01998: ref. pap, n\u00e9prajzi \u00edr\u00f3. \u2013 A zilahi Wessel\u00e9nyi Koll.-ban \u00e9retts\u00e9gizett (1933), fels\u0151fok\u00fa tanulm\u00e1nyait Kv.-on a Ref. Teol\u00f3gi\u00e1n v\u00e9gezte (1940). D\u00e9sen seg\u00e9dlelk\u00e9sz (1941044), a Szolnok-Dob\u00f3ka c. hetilap felel\u0151s szerkeszt\u0151je (1944), majd Ny\u00e1r\u00e1dszered\u00e1n (1945\u201349), Petrozs\u00e9nyben (1949\u201379) lelk\u00e9sz. N\u00e9prajzi gy\u0171jt\u0151 munk\u00e1t folytatott, 12 erd\u00e9lyi megye 59 fal\u00faj\u00e1nak t\u00e9li szok\u00e1sait, k\u00f6sz\u00f6nt\u0151it, j\u00e1t\u00e9kait mutatta be [&hellip;]<\/p>\n","protected":false},"featured_media":0,"comment_status":"open","ping_status":"closed","template":"","meta":[],"product_brand":[],"product_cat":[137],"product_tag":[],"class_list":{"0":"post-14453","1":"product","2":"type-product","3":"status-publish","5":"product_cat-maros-megyei-eletrajzi-lexikon","7":"first","8":"instock","9":"shipping-taxable","10":"product-type-simple"},"_links":{"self":[{"href":"https:\/\/uj.adatbank.ro\/lexikon\/wp-json\/wp\/v2\/product\/14453","targetHints":{"allow":["GET"]}}],"collection":[{"href":"https:\/\/uj.adatbank.ro\/lexikon\/wp-json\/wp\/v2\/product"}],"about":[{"href":"https:\/\/uj.adatbank.ro\/lexikon\/wp-json\/wp\/v2\/types\/product"}],"replies":[{"embeddable":true,"href":"https:\/\/uj.adatbank.ro\/lexikon\/wp-json\/wp\/v2\/comments?post=14453"}],"wp:attachment":[{"href":"https:\/\/uj.adatbank.ro\/lexikon\/wp-json\/wp\/v2\/media?parent=14453"}],"wp:term":[{"taxonomy":"product_brand","embeddable":true,"href":"https:\/\/uj.adatbank.ro\/lexikon\/wp-json\/wp\/v2\/product_brand?post=14453"},{"taxonomy":"product_cat","embeddable":true,"href":"https:\/\/uj.adatbank.ro\/lexikon\/wp-json\/wp\/v2\/product_cat?post=14453"},{"taxonomy":"product_tag","embeddable":true,"href":"https:\/\/uj.adatbank.ro\/lexikon\/wp-json\/wp\/v2\/product_tag?post=14453"}],"curies":[{"name":"wp","href":"https:\/\/api.w.org\/{rel}","templated":true}]}}

<p>Vashegy, 1914. máj. 31 † 1998: ref. pap, néprajzi író. – A zilahi Wesselényi Koll.-ban érettségizett (1933), felsőfokú tanulmányait Kv.-on a Ref. Teológián végezte (1940). Désen segédlelkész (1941044), a Szolnok-Dobóka c. hetilap felelős szerkesztője (1944), majd Nyárádszeredán (1945–49), Petrozsényben (1949–79) lelkész. Néprajzi gyűjtő munkát folytatott, 12 erdélyi megye 59 falújának téli szokásait, köszöntőit, játékait mutatta be kötetében, valamint feldolgozta a dévai csángó telepesek vallásos életével kapcsolatos emlékeket. Közölt a Déván megjelent Hunyad megyei Hírlapban. – <strong>F. m.:</strong> <strong>társsz.:</strong> Adatok téli hagyományaink ismeretéhez (Nagy Ödönnel, Kv., 1939); Vallásosság és népi kultúra a határainkon túl (Bp., 1990). <br /><strong>Irod.:</strong> Nagy Ödön; RMIL</br></p>

<p>Vashegy, 1914. máj. 31 † 1998: ref. pap, néprajzi író. – A zilahi Wesselényi Koll.-ban érettségizett (1933), felsőfokú tanulmányait Kv.-on a Ref. Teológián végezte (1940). Désen segédlelkész (1941044), a Szolnok-Dobóka c. hetilap felelős szerkesztője (1944), majd Nyárádszeredán (1945–49), Petrozsényben (1949–79) lelkész. Néprajzi gyűjtő munkát folytatott, 12 erdélyi megye 59 falújának téli szokásait, köszöntőit, játékait mutatta be [&hellip;]</p>
