{"id":14454,"date":"2025-07-15T13:02:21","date_gmt":"2025-07-15T11:02:21","guid":{"rendered":"https:\/\/uj.adatbank.ro\/lexikon\/termek\/makkai-endre-nagyenyedi\/"},"modified":"2025-07-15T13:02:21","modified_gmt":"2025-07-15T11:02:21","slug":"makkai-endre-nagyenyedi","status":"publish","type":"product","link":"https:\/\/uj.adatbank.ro\/lexikon\/termek\/makkai-endre-nagyenyedi\/","title":{"rendered":"MAKKAI Endre, nagyenyedi"},"content":{"rendered":"<p>1885., \u2020\u00a0?: k\u00f6rjegyz\u0151. \u2013 Tanulm\u00e1nyait Gyergy\u00f3szentmikl\u00f3son \u00e9s Nagyenyeden v\u00e9gezte, a kv.-i teol\u00f3gia hallgat\u00f3ja is volt, k\u00f6zigazgat\u00e1si p\u00e1lyafut\u00e1s\u00e1t Magyarr\u00e9genben kezdte (1903\u2013). Sokat szenvedett, 25 bot\u00fct\u00e9st kapott, k\u00e9nyszernyugd\u00edjazt\u00e1k. Kinevezt\u00e9k k\u00f6rjegyz\u0151nek Mez\u0151panitra (1940\u2013). A MP int\u00e9z\u0151bizotts\u00e1g\u00e1nak tagja, N\u0151pk\u00f6z\u00f6ss\u00e9gi tag, a kultur\u00e1lis \u00e9s hazafias egyes\u00fcletek t\u00e1mogat\u00f3ja volt. <br \/><strong>Irod.:<\/strong> Sz\u00e9kelyf\u00f6ld \u00ed.k.<\/br><\/p>\n","protected":false},"excerpt":{"rendered":"<p>1885., \u2020\u00a0?: k\u00f6rjegyz\u0151. \u2013 Tanulm\u00e1nyait Gyergy\u00f3szentmikl\u00f3son \u00e9s Nagyenyeden v\u00e9gezte, a kv.-i teol\u00f3gia hallgat\u00f3ja is volt, k\u00f6zigazgat\u00e1si p\u00e1lyafut\u00e1s\u00e1t Magyarr\u00e9genben kezdte (1903\u2013). Sokat szenvedett, 25 bot\u00fct\u00e9st kapott, k\u00e9nyszernyugd\u00edjazt\u00e1k. Kinevezt\u00e9k k\u00f6rjegyz\u0151nek Mez\u0151panitra (1940\u2013). A MP int\u00e9z\u0151bizotts\u00e1g\u00e1nak tagja, N\u0151pk\u00f6z\u00f6ss\u00e9gi tag, a kultur\u00e1lis \u00e9s hazafias egyes\u00fcletek t\u00e1mogat\u00f3ja volt. Irod.: Sz\u00e9kelyf\u00f6ld \u00ed.k.<\/p>\n","protected":false},"featured_media":0,"comment_status":"open","ping_status":"closed","template":"","meta":[],"product_brand":[],"product_cat":[137],"product_tag":[],"class_list":{"0":"post-14454","1":"product","2":"type-product","3":"status-publish","5":"product_cat-maros-megyei-eletrajzi-lexikon","7":"first","8":"instock","9":"shipping-taxable","10":"product-type-simple"},"_links":{"self":[{"href":"https:\/\/uj.adatbank.ro\/lexikon\/wp-json\/wp\/v2\/product\/14454","targetHints":{"allow":["GET"]}}],"collection":[{"href":"https:\/\/uj.adatbank.ro\/lexikon\/wp-json\/wp\/v2\/product"}],"about":[{"href":"https:\/\/uj.adatbank.ro\/lexikon\/wp-json\/wp\/v2\/types\/product"}],"replies":[{"embeddable":true,"href":"https:\/\/uj.adatbank.ro\/lexikon\/wp-json\/wp\/v2\/comments?post=14454"}],"wp:attachment":[{"href":"https:\/\/uj.adatbank.ro\/lexikon\/wp-json\/wp\/v2\/media?parent=14454"}],"wp:term":[{"taxonomy":"product_brand","embeddable":true,"href":"https:\/\/uj.adatbank.ro\/lexikon\/wp-json\/wp\/v2\/product_brand?post=14454"},{"taxonomy":"product_cat","embeddable":true,"href":"https:\/\/uj.adatbank.ro\/lexikon\/wp-json\/wp\/v2\/product_cat?post=14454"},{"taxonomy":"product_tag","embeddable":true,"href":"https:\/\/uj.adatbank.ro\/lexikon\/wp-json\/wp\/v2\/product_tag?post=14454"}],"curies":[{"name":"wp","href":"https:\/\/api.w.org\/{rel}","templated":true}]}}

<p>1885., † ?: körjegyző. – Tanulmányait Gyergyószentmiklóson és Nagyenyeden végezte, a kv.-i teológia hallgatója is volt, közigazgatási pályafutását Magyarrégenben kezdte (1903–). Sokat szenvedett, 25 botütést kapott, kényszernyugdíjazták. Kinevezték körjegyzőnek Mezőpanitra (1940–). A MP intézőbizottságának tagja, Nőpközösségi tag, a kulturális és hazafias egyesületek támogatója volt. <br /><strong>Irod.:</strong> Székelyföld í.k.</br></p>

<p>1885., † ?: körjegyző. – Tanulmányait Gyergyószentmiklóson és Nagyenyeden végezte, a kv.-i teológia hallgatója is volt, közigazgatási pályafutását Magyarrégenben kezdte (1903–). Sokat szenvedett, 25 botütést kapott, kényszernyugdíjazták. Kinevezték körjegyzőnek Mezőpanitra (1940–). A MP intézőbizottságának tagja, Nőpközösségi tag, a kulturális és hazafias egyesületek támogatója volt. Irod.: Székelyföld í.k.</p>
