{"id":14457,"date":"2025-07-15T13:02:26","date_gmt":"2025-07-15T11:02:26","guid":{"rendered":"https:\/\/uj.adatbank.ro\/lexikon\/termek\/makkai-imre\/"},"modified":"2025-07-15T13:02:26","modified_gmt":"2025-07-15T11:02:26","slug":"makkai-imre","status":"publish","type":"product","link":"https:\/\/uj.adatbank.ro\/lexikon\/termek\/makkai-imre\/","title":{"rendered":"MAKKAI Imre"},"content":{"rendered":"<p>Mv., 1929. m\u00e1rc. 8., \u2020\u00a0Tusn\u00e1df\u00fcrd\u0151, 1988. szept. 15.: gy\u00f3gyszer\u00e9sz. Mv.-en nyugszik. \u2013 Feles\u00e9ge: M\u00fcller \u00c9va. -Gy\u00f3gyszer\u00e9sz oklevelet a MOGYI-n kapott (1954). M\u00e1r hallgat\u00f3 kor\u00e1ban gyakornok a MOGYI \u00c1ltal\u00e1nos \u00e9s Szervetlen K\u00e9miai Tansz\u00e9ke (1948\u2013), tan\u00e1rseg\u00e9d Gy\u00f3gyszer\u00e9szeti Kar Bi\u00f3k\u00e9miai Tansz\u00e9k\u00e9n Eperjessy Anna professzor mellett (1954\u201358). A gy\u00f3gyszert\u00e1ri h\u00e1l\u00f3zatba dolgozott a 3. sz. gy\u00f3gyszert\u00e1rban (1958\u201360), a Centrofarm Maros megyei Gy\u00f3gyszerk\u00f6zpont v\u00e1llalat aligazgat\u00f3j\u00e1nak nevezt\u00e9k ki (1960\u201373. j\u00fal.). Az \u00faj, 7. sz. gy\u00f3gyszert\u00e1r vezet\u0151je lett, ui. dolgozott a gy\u00f3gyszer\u00e9sz feles\u00e9ge is. F\u0151gy\u00f3gyszer\u00e9szi vizsg\u00e1t tett (1963). Egy kisz\u00e1ll\u00e1son hunyt el Tusn\u00e1df\u00fcrd\u0151n. <br \/><strong>Irod.:<\/strong> Genersich; [Nekrol\u00f3g] (V. Z., 1988. szept. 16.); P\u00e9ter H. M.; P\u00e9ter H. M. 2013<\/br><\/p>\n","protected":false},"excerpt":{"rendered":"<p>Mv., 1929. m\u00e1rc. 8., \u2020\u00a0Tusn\u00e1df\u00fcrd\u0151, 1988. szept. 15.: gy\u00f3gyszer\u00e9sz. Mv.-en nyugszik. \u2013 Feles\u00e9ge: M\u00fcller \u00c9va. -Gy\u00f3gyszer\u00e9sz oklevelet a MOGYI-n kapott (1954). M\u00e1r hallgat\u00f3 kor\u00e1ban gyakornok a MOGYI \u00c1ltal\u00e1nos \u00e9s Szervetlen K\u00e9miai Tansz\u00e9ke (1948\u2013), tan\u00e1rseg\u00e9d Gy\u00f3gyszer\u00e9szeti Kar Bi\u00f3k\u00e9miai Tansz\u00e9k\u00e9n Eperjessy Anna professzor mellett (1954\u201358). A gy\u00f3gyszert\u00e1ri h\u00e1l\u00f3zatba dolgozott a 3. sz. gy\u00f3gyszert\u00e1rban (1958\u201360), a Centrofarm Maros [&hellip;]<\/p>\n","protected":false},"featured_media":0,"comment_status":"open","ping_status":"closed","template":"","meta":[],"product_brand":[],"product_cat":[137],"product_tag":[],"class_list":{"0":"post-14457","1":"product","2":"type-product","3":"status-publish","5":"product_cat-maros-megyei-eletrajzi-lexikon","7":"first","8":"instock","9":"shipping-taxable","10":"product-type-simple"},"_links":{"self":[{"href":"https:\/\/uj.adatbank.ro\/lexikon\/wp-json\/wp\/v2\/product\/14457","targetHints":{"allow":["GET"]}}],"collection":[{"href":"https:\/\/uj.adatbank.ro\/lexikon\/wp-json\/wp\/v2\/product"}],"about":[{"href":"https:\/\/uj.adatbank.ro\/lexikon\/wp-json\/wp\/v2\/types\/product"}],"replies":[{"embeddable":true,"href":"https:\/\/uj.adatbank.ro\/lexikon\/wp-json\/wp\/v2\/comments?post=14457"}],"wp:attachment":[{"href":"https:\/\/uj.adatbank.ro\/lexikon\/wp-json\/wp\/v2\/media?parent=14457"}],"wp:term":[{"taxonomy":"product_brand","embeddable":true,"href":"https:\/\/uj.adatbank.ro\/lexikon\/wp-json\/wp\/v2\/product_brand?post=14457"},{"taxonomy":"product_cat","embeddable":true,"href":"https:\/\/uj.adatbank.ro\/lexikon\/wp-json\/wp\/v2\/product_cat?post=14457"},{"taxonomy":"product_tag","embeddable":true,"href":"https:\/\/uj.adatbank.ro\/lexikon\/wp-json\/wp\/v2\/product_tag?post=14457"}],"curies":[{"name":"wp","href":"https:\/\/api.w.org\/{rel}","templated":true}]}}

<p>Mv., 1929. márc. 8., † Tusnádfürdő, 1988. szept. 15.: gyógyszerész. Mv.-en nyugszik. – Felesége: Müller Éva. -Gyógyszerész oklevelet a MOGYI-n kapott (1954). Már hallgató korában gyakornok a MOGYI Általános és Szervetlen Kémiai Tanszéke (1948–), tanársegéd Gyógyszerészeti Kar Biókémiai Tanszékén Eperjessy Anna professzor mellett (1954–58). A gyógyszertári hálózatba dolgozott a 3. sz. gyógyszertárban (1958–60), a Centrofarm Maros megyei Gyógyszerközpont vállalat aligazgatójának nevezték ki (1960–73. júl.). Az új, 7. sz. gyógyszertár vezetője lett, ui. dolgozott a gyógyszerész felesége is. Főgyógyszerészi vizsgát tett (1963). Egy kiszálláson hunyt el Tusnádfürdőn. <br /><strong>Irod.:</strong> Genersich; [Nekrológ] (V. Z., 1988. szept. 16.); Péter H. M.; Péter H. M. 2013</br></p>

<p>Mv., 1929. márc. 8., † Tusnádfürdő, 1988. szept. 15.: gyógyszerész. Mv.-en nyugszik. – Felesége: Müller Éva. -Gyógyszerész oklevelet a MOGYI-n kapott (1954). Már hallgató korában gyakornok a MOGYI Általános és Szervetlen Kémiai Tanszéke (1948–), tanársegéd Gyógyszerészeti Kar Biókémiai Tanszékén Eperjessy Anna professzor mellett (1954–58). A gyógyszertári hálózatba dolgozott a 3. sz. gyógyszertárban (1958–60), a Centrofarm Maros [&hellip;]</p>
