{"id":14458,"date":"2025-07-15T13:02:28","date_gmt":"2025-07-15T11:02:28","guid":{"rendered":"https:\/\/uj.adatbank.ro\/lexikon\/termek\/makkai-janos\/"},"modified":"2025-07-15T13:02:28","modified_gmt":"2025-07-15T11:02:28","slug":"makkai-janos","status":"publish","type":"product","link":"https:\/\/uj.adatbank.ro\/lexikon\/termek\/makkai-janos\/","title":{"rendered":"MAKKAI J\u00e1nos"},"content":{"rendered":"<p>Mv., 1941.m\u00e1j.19., \u2020 Mv., 2020.febr.13.: \u00fajs\u00e1g\u00edr\u00f3, szekeszt\u0151. \u2013 M.J\u00e1nos \u00e9s Margit fia. Feles\u00e9ge: 1; 2.: Melinda, franciatan\u00e1r (1979); gyermekeik Katalin (1968), sz\u00f6vegszerkeszt\u0151; Zolt\u00e1n (1980); R\u00e9ka (1982). \u2013 Buk.-ben a \u0218t.Gheorghiu Akad., filoz\u00f3fia \u2013 szociol\u00f3gia szakon v\u00e9gzett (1974).Mv.-en szakmunk\u00e1s (1958\u201362), \u00fajs\u00e1g\u00edr\u00f3 (1962\u20131990), a mv.-i N\u00e9p\u00fajs\u00e1g c.napilap f\u0151szerkeszt\u0151je.L\u00e1t\u00f3-n\u00edv\u00f3d\u00edjas. <br \/><strong>Irod.:<\/strong> EMKK 2000; EMKK 2010<\/br><\/p>\n","protected":false},"excerpt":{"rendered":"<p>Mv., 1941.m\u00e1j.19., \u2020 Mv., 2020.febr.13.: \u00fajs\u00e1g\u00edr\u00f3, szekeszt\u0151. \u2013 M.J\u00e1nos \u00e9s Margit fia. Feles\u00e9ge: 1; 2.: Melinda, franciatan\u00e1r (1979); gyermekeik Katalin (1968), sz\u00f6vegszerkeszt\u0151; Zolt\u00e1n (1980); R\u00e9ka (1982). \u2013 Buk.-ben a \u0218t.Gheorghiu Akad., filoz\u00f3fia \u2013 szociol\u00f3gia szakon v\u00e9gzett (1974).Mv.-en szakmunk\u00e1s (1958\u201362), \u00fajs\u00e1g\u00edr\u00f3 (1962\u20131990), a mv.-i N\u00e9p\u00fajs\u00e1g c.napilap f\u0151szerkeszt\u0151je.L\u00e1t\u00f3-n\u00edv\u00f3d\u00edjas. Irod.: EMKK 2000; EMKK 2010<\/p>\n","protected":false},"featured_media":0,"comment_status":"open","ping_status":"closed","template":"","meta":[],"product_brand":[],"product_cat":[137],"product_tag":[],"class_list":{"0":"post-14458","1":"product","2":"type-product","3":"status-publish","5":"product_cat-maros-megyei-eletrajzi-lexikon","7":"first","8":"instock","9":"shipping-taxable","10":"product-type-simple"},"_links":{"self":[{"href":"https:\/\/uj.adatbank.ro\/lexikon\/wp-json\/wp\/v2\/product\/14458","targetHints":{"allow":["GET"]}}],"collection":[{"href":"https:\/\/uj.adatbank.ro\/lexikon\/wp-json\/wp\/v2\/product"}],"about":[{"href":"https:\/\/uj.adatbank.ro\/lexikon\/wp-json\/wp\/v2\/types\/product"}],"replies":[{"embeddable":true,"href":"https:\/\/uj.adatbank.ro\/lexikon\/wp-json\/wp\/v2\/comments?post=14458"}],"wp:attachment":[{"href":"https:\/\/uj.adatbank.ro\/lexikon\/wp-json\/wp\/v2\/media?parent=14458"}],"wp:term":[{"taxonomy":"product_brand","embeddable":true,"href":"https:\/\/uj.adatbank.ro\/lexikon\/wp-json\/wp\/v2\/product_brand?post=14458"},{"taxonomy":"product_cat","embeddable":true,"href":"https:\/\/uj.adatbank.ro\/lexikon\/wp-json\/wp\/v2\/product_cat?post=14458"},{"taxonomy":"product_tag","embeddable":true,"href":"https:\/\/uj.adatbank.ro\/lexikon\/wp-json\/wp\/v2\/product_tag?post=14458"}],"curies":[{"name":"wp","href":"https:\/\/api.w.org\/{rel}","templated":true}]}}

MAKKAI János

<p>Mv., 1941.máj.19., † Mv., 2020.febr.13.: újságíró, szekesztő. – M.János és Margit fia. Felesége: 1; 2.: Melinda, franciatanár (1979); gyermekeik Katalin (1968), szövegszerkesztő; Zoltán (1980); Réka (1982). – Buk.-ben a Șt.Gheorghiu Akad., filozófia – szociológia szakon végzett (1974).Mv.-en szakmunkás (1958–62), újságíró (1962–1990), a mv.-i Népújság c.napilap főszerkesztője.Látó-nívódíjas. <br /><strong>Irod.:</strong> EMKK 2000; EMKK 2010</br></p>

<p>Mv., 1941.máj.19., † Mv., 2020.febr.13.: újságíró, szekesztő. – M.János és Margit fia. Felesége: 1; 2.: Melinda, franciatanár (1979); gyermekeik Katalin (1968), szövegszerkesztő; Zoltán (1980); Réka (1982). – Buk.-ben a Șt.Gheorghiu Akad., filozófia – szociológia szakon végzett (1974).Mv.-en szakmunkás (1958–62), újságíró (1962–1990), a mv.-i Népújság c.napilap főszerkesztője.Látó-nívódíjas. Irod.: EMKK 2000; EMKK 2010</p>
