{"id":14459,"date":"2025-07-15T13:02:30","date_gmt":"2025-07-15T11:02:30","guid":{"rendered":"https:\/\/uj.adatbank.ro\/lexikon\/termek\/makkai-jozsef\/"},"modified":"2025-07-15T13:02:30","modified_gmt":"2025-07-15T11:02:30","slug":"makkai-jozsef","status":"publish","type":"product","link":"https:\/\/uj.adatbank.ro\/lexikon\/termek\/makkai-jozsef\/","title":{"rendered":"MAKKAI J\u00f3zsef"},"content":{"rendered":"<p>? \u2020 ?: ref. lelk\u00e9sz. \u2013 Mez\u0151s\u00e1msondi Szolg\u00e1lata idej\u00e9ben (1842\u201347) \u00e9p\u00fclt a ma is \u00e1ll\u00f3, t\u00e9gl\u00e1b\u00f3l \u00e1ll\u00edtott ref. templom, amelynek terveit \u00e9s kivitelez\u00e9s\u00e9t a kv.-i Weikszlerbaum k\u0151m\u0171vespall\u00e9r v\u00e9gezte. Felszentelte Antal J\u00e1nos p\u00fcsp\u00f6k (1847 p\u00fcnk\u00f6sd el\u0151tt egy h\u00e9ttel). T\u00f6bb alkalommal jav\u00edtott\u00e1k, portikussal b\u0151v\u00edtett\u00e9k, vasker\u00edt\u00e9ssel l\u00e1tt\u00e1k el. \u00c9rt\u00e9kesebb m\u0171t\u00e1rgyai k\u00f6z\u00e9 tartoznak: k\u00e9t harang (amelyek k\u00f6z\u00fcl egyik 1597-b\u0151l, a r\u00e9gi templomb\u00f3l val\u00f3 160 kg-os), orgona, sz\u00f3sz\u00e9k \u00e9s \u00farasztala. <br \/><strong>Irod.:<\/strong> Mez\u0151s\u00e1msond<\/br><\/p>\n","protected":false},"excerpt":{"rendered":"<p>? \u2020 ?: ref. lelk\u00e9sz. \u2013 Mez\u0151s\u00e1msondi Szolg\u00e1lata idej\u00e9ben (1842\u201347) \u00e9p\u00fclt a ma is \u00e1ll\u00f3, t\u00e9gl\u00e1b\u00f3l \u00e1ll\u00edtott ref. templom, amelynek terveit \u00e9s kivitelez\u00e9s\u00e9t a kv.-i Weikszlerbaum k\u0151m\u0171vespall\u00e9r v\u00e9gezte. Felszentelte Antal J\u00e1nos p\u00fcsp\u00f6k (1847 p\u00fcnk\u00f6sd el\u0151tt egy h\u00e9ttel). T\u00f6bb alkalommal jav\u00edtott\u00e1k, portikussal b\u0151v\u00edtett\u00e9k, vasker\u00edt\u00e9ssel l\u00e1tt\u00e1k el. \u00c9rt\u00e9kesebb m\u0171t\u00e1rgyai k\u00f6z\u00e9 tartoznak: k\u00e9t harang (amelyek k\u00f6z\u00fcl egyik 1597-b\u0151l, [&hellip;]<\/p>\n","protected":false},"featured_media":0,"comment_status":"open","ping_status":"closed","template":"","meta":[],"product_brand":[],"product_cat":[137],"product_tag":[],"class_list":{"0":"post-14459","1":"product","2":"type-product","3":"status-publish","5":"product_cat-maros-megyei-eletrajzi-lexikon","7":"first","8":"instock","9":"shipping-taxable","10":"product-type-simple"},"_links":{"self":[{"href":"https:\/\/uj.adatbank.ro\/lexikon\/wp-json\/wp\/v2\/product\/14459","targetHints":{"allow":["GET"]}}],"collection":[{"href":"https:\/\/uj.adatbank.ro\/lexikon\/wp-json\/wp\/v2\/product"}],"about":[{"href":"https:\/\/uj.adatbank.ro\/lexikon\/wp-json\/wp\/v2\/types\/product"}],"replies":[{"embeddable":true,"href":"https:\/\/uj.adatbank.ro\/lexikon\/wp-json\/wp\/v2\/comments?post=14459"}],"wp:attachment":[{"href":"https:\/\/uj.adatbank.ro\/lexikon\/wp-json\/wp\/v2\/media?parent=14459"}],"wp:term":[{"taxonomy":"product_brand","embeddable":true,"href":"https:\/\/uj.adatbank.ro\/lexikon\/wp-json\/wp\/v2\/product_brand?post=14459"},{"taxonomy":"product_cat","embeddable":true,"href":"https:\/\/uj.adatbank.ro\/lexikon\/wp-json\/wp\/v2\/product_cat?post=14459"},{"taxonomy":"product_tag","embeddable":true,"href":"https:\/\/uj.adatbank.ro\/lexikon\/wp-json\/wp\/v2\/product_tag?post=14459"}],"curies":[{"name":"wp","href":"https:\/\/api.w.org\/{rel}","templated":true}]}}

MAKKAI József

<p>? † ?: ref. lelkész. – Mezősámsondi Szolgálata idejében (1842–47) épült a ma is álló, téglából állított ref. templom, amelynek terveit és kivitelezését a kv.-i Weikszlerbaum kőművespallér végezte. Felszentelte Antal János püspök (1847 pünkösd előtt egy héttel). Több alkalommal javították, portikussal bővítették, vaskerítéssel látták el. Értékesebb műtárgyai közé tartoznak: két harang (amelyek közül egyik 1597-ből, a régi templomból való 160 kg-os), orgona, szószék és úrasztala. <br /><strong>Irod.:</strong> Mezősámsond</br></p>

<p>? † ?: ref. lelkész. – Mezősámsondi Szolgálata idejében (1842–47) épült a ma is álló, téglából állított ref. templom, amelynek terveit és kivitelezését a kv.-i Weikszlerbaum kőművespallér végezte. Felszentelte Antal János püspök (1847 pünkösd előtt egy héttel). Több alkalommal javították, portikussal bővítették, vaskerítéssel látták el. Értékesebb műtárgyai közé tartoznak: két harang (amelyek közül egyik 1597-ből, [&hellip;]</p>
