{"id":14469,"date":"2025-07-15T13:02:48","date_gmt":"2025-07-15T11:02:48","guid":{"rendered":"https:\/\/uj.adatbank.ro\/lexikon\/termek\/makkay-andras-makkai-andras\/"},"modified":"2025-07-15T13:02:48","modified_gmt":"2025-07-15T11:02:48","slug":"makkay-andras-makkai-andras","status":"publish","type":"product","link":"https:\/\/uj.adatbank.ro\/lexikon\/termek\/makkay-andras-makkai-andras\/","title":{"rendered":"MAKKAY Andr\u00e1s, Makkai Andr\u00e1s"},"content":{"rendered":"<p>Palotailva, 1916. jan. 11., \u2020 Mv., 2001. febr. 3.: \u00fcgyv\u00e9d, jogtan\u00e1csos. \u2013 Makkay Domokos nevelt fia. \u2013 Jogi tanulm\u00e1nyait Kv.-on v\u00e9gezte (1941). A II. vh.-ban tart. hadnagyi rangban vett r\u00e9szt. \u00dcgyv\u00e9d volt Gyergy\u00f3szentmikl\u00f3son \u00e9s Mv.-en (1937\u201349), azut\u00e1n k\u00f6nyvel\u00e9si ellen\u0151r, jogtan\u00e1csos, elad\u00e1si oszt\u00e1lyvezet\u0151 (1950\u2013). A mv.-i TAPL jogtan\u00e1csosa volt. Letartoztatt\u00e1k (1961. aug. 17.), a \u00bbt\u00e1rsadalmi rend elleni tev\u00e9kenys\u00e9g\u00ab \u00e9s tiltott kiadv\u00e1nyok terjeszt\u00e9se v\u00e1dj\u00e1val \u00e1ll\u00edtotta b\u00edr\u00f3s\u00e1g el\u00e9 a MAT Katonai \u00dcgy\u00e9szs\u00e9ge. A kv.-i Katonai B\u00edr\u00f3s\u00e1g 5 \u00e9vi b\u00f6rt\u00f6nb\u00fcntet\u00e9sre \u00edt\u00e9lte. A Duna-delta k\u00e9nyszermunka-t\u00e1boraiban volt, Ostrovr\u00f3l szabadult (1964. aug. 2.). Szabadul\u00e1sa ut\u00e1n a kv.-i Electromontaj (\u20131966), majd a mv.-i Electromures alkalmazottja volt (1966\u201376). Megkapta a \u00ab Haz\u00e1\u00e9rt \u00e9s Szabads\u00e1g\u00e9rt\u00a0\u00ab 1956-os eml\u00e9k\u00e9rmet (1996). A Mv. Fels\u0151v\u00e1rosi Ref. Egyh\u00e1zk\u00f6r f\u0151gondnoka (1976\u2013), az IKE tagja. K\u00f6z\u00f6lt az \u00dczenetben. <br \/><strong>Irod.:<\/strong> 1956 Erd\u00e9lyben; \u00c1ldozatok; Berekm\u00e9ri; RMKK; Szil\u00e1gyi Domokos, kisadorj\u00e1ni<\/br><\/p>\n","protected":false},"excerpt":{"rendered":"<p>Palotailva, 1916. jan. 11., \u2020 Mv., 2001. febr. 3.: \u00fcgyv\u00e9d, jogtan\u00e1csos. \u2013 Makkay Domokos nevelt fia. \u2013 Jogi tanulm\u00e1nyait Kv.-on v\u00e9gezte (1941). A II. vh.-ban tart. hadnagyi rangban vett r\u00e9szt. \u00dcgyv\u00e9d volt Gyergy\u00f3szentmikl\u00f3son \u00e9s Mv.-en (1937\u201349), azut\u00e1n k\u00f6nyvel\u00e9si ellen\u0151r, jogtan\u00e1csos, elad\u00e1si oszt\u00e1lyvezet\u0151 (1950\u2013). A mv.-i TAPL jogtan\u00e1csosa volt. Letartoztatt\u00e1k (1961. aug. 17.), a \u00bbt\u00e1rsadalmi rend [&hellip;]<\/p>\n","protected":false},"featured_media":0,"comment_status":"open","ping_status":"closed","template":"","meta":[],"product_brand":[],"product_cat":[137],"product_tag":[],"class_list":{"0":"post-14469","1":"product","2":"type-product","3":"status-publish","5":"product_cat-maros-megyei-eletrajzi-lexikon","7":"first","8":"instock","9":"shipping-taxable","10":"product-type-simple"},"_links":{"self":[{"href":"https:\/\/uj.adatbank.ro\/lexikon\/wp-json\/wp\/v2\/product\/14469","targetHints":{"allow":["GET"]}}],"collection":[{"href":"https:\/\/uj.adatbank.ro\/lexikon\/wp-json\/wp\/v2\/product"}],"about":[{"href":"https:\/\/uj.adatbank.ro\/lexikon\/wp-json\/wp\/v2\/types\/product"}],"replies":[{"embeddable":true,"href":"https:\/\/uj.adatbank.ro\/lexikon\/wp-json\/wp\/v2\/comments?post=14469"}],"wp:attachment":[{"href":"https:\/\/uj.adatbank.ro\/lexikon\/wp-json\/wp\/v2\/media?parent=14469"}],"wp:term":[{"taxonomy":"product_brand","embeddable":true,"href":"https:\/\/uj.adatbank.ro\/lexikon\/wp-json\/wp\/v2\/product_brand?post=14469"},{"taxonomy":"product_cat","embeddable":true,"href":"https:\/\/uj.adatbank.ro\/lexikon\/wp-json\/wp\/v2\/product_cat?post=14469"},{"taxonomy":"product_tag","embeddable":true,"href":"https:\/\/uj.adatbank.ro\/lexikon\/wp-json\/wp\/v2\/product_tag?post=14469"}],"curies":[{"name":"wp","href":"https:\/\/api.w.org\/{rel}","templated":true}]}}

MAKKAY András, Makkai András

<p>Palotailva, 1916. jan. 11., † Mv., 2001. febr. 3.: ügyvéd, jogtanácsos. – Makkay Domokos nevelt fia. – Jogi tanulmányait Kv.-on végezte (1941). A II. vh.-ban tart. hadnagyi rangban vett részt. Ügyvéd volt Gyergyószentmiklóson és Mv.-en (1937–49), azután könyvelési ellenőr, jogtanácsos, eladási osztályvezető (1950–). A mv.-i TAPL jogtanácsosa volt. Letartoztatták (1961. aug. 17.), a »társadalmi rend elleni tevékenység« és tiltott kiadványok terjesztése vádjával állította bíróság elé a MAT Katonai Ügyészsége. A kv.-i Katonai Bíróság 5 évi börtönbüntetésre ítélte. A Duna-delta kényszermunka-táboraiban volt, Ostrovról szabadult (1964. aug. 2.). Szabadulása után a kv.-i Electromontaj (–1966), majd a mv.-i Electromures alkalmazottja volt (1966–76). Megkapta a « Hazáért és Szabadságért « 1956-os emlékérmet (1996). A Mv. Felsővárosi Ref. Egyházkör főgondnoka (1976–), az IKE tagja. Közölt az Üzenetben. <br /><strong>Irod.:</strong> 1956 Erdélyben; Áldozatok; Berekméri; RMKK; Szilágyi Domokos, kisadorjáni</br></p>

<p>Palotailva, 1916. jan. 11., † Mv., 2001. febr. 3.: ügyvéd, jogtanácsos. – Makkay Domokos nevelt fia. – Jogi tanulmányait Kv.-on végezte (1941). A II. vh.-ban tart. hadnagyi rangban vett részt. Ügyvéd volt Gyergyószentmiklóson és Mv.-en (1937–49), azután könyvelési ellenőr, jogtanácsos, eladási osztályvezető (1950–). A mv.-i TAPL jogtanácsosa volt. Letartoztatták (1961. aug. 17.), a »társadalmi rend [&hellip;]</p>
