{"id":14470,"date":"2025-07-15T13:02:50","date_gmt":"2025-07-15T11:02:50","guid":{"rendered":"https:\/\/uj.adatbank.ro\/lexikon\/termek\/makkay-domokos\/"},"modified":"2025-07-15T13:02:50","modified_gmt":"2025-07-15T11:02:50","slug":"makkay-domokos","status":"publish","type":"product","link":"https:\/\/uj.adatbank.ro\/lexikon\/termek\/makkay-domokos\/","title":{"rendered":"MAKKAY Domokos"},"content":{"rendered":"<p>Gyergy\u00f3szentmikl\u00f3s, 1896. j\u00fal. 20.\u2020 Mv., 1975. \u00e1pr. 26.: \u00fcgyv\u00e9d, k\u00f6z\u00edr\u00f3, k\u00f6lt\u0151, publicista. Feles\u00e9ge: Bitay Lili. Nevelt fiaik: Andr\u00e1s \u00e9s L\u00e1szl\u00f3. Kabos \u00c9va szerelme. \u2013 A mv.-i R. K. Gimn.-ban \u00e9retts\u00e9gizett, jogi tanulm\u00e1nyait Kv.-on kezdte, doktor\u00e1lt Szegeden (1920). \u00dcgyv\u00e9di gyakorlatot folytatott sz\u00fcl\u0151v\u00e1ros\u00e1ban, ahol a Sz\u00e9kely Sz\u00f3 t\u00e1rsszerkeszt\u0151je is. Az OMP vezet\u0151s\u00e9gi tagja; Gyergy\u00f3szentmikl\u00f3s ideiglenes polg\u00e1rmestere (1931- 32). Bar\u00e1ts\u00e1g f\u0171zte Kacs\u00f3 S\u00e1ndorhoz, az \u00e1ltala alap\u00edtott Gazdas\u00e1gi Sz\u00f6vets\u00e9g \u00f6n\u00e1ll\u00f3 kis\u00e9rletet tett a rom\u00e1n demokrata k\u00f6r\u00f6kkel val\u00f3 egy\u00fcttm\u0171k\u00f6d\u00e9sre. T\u00e1rsadalmilag h\u00e1tt\u00e9rbe szor\u00edtott\u00e1k (1940\u201344), Mv.-en, Gal\u00f3c\u00e1son, Cs\u00edkszered\u00e1ban, Erd\u0151szentgy\u00f6rgy\u00f6n, Gyergy\u00f3szentmikl\u00f3son \u00fczemi jogran\u00e1csos (1945\u2013). Aut\u00f3balesetben halt meg. Cikkei\u00a0: Zord Id\u0151, Napkelet, Keleti \u00dajs\u00e1g, Brass\u00f3i Lapokban. \u2013 F.m.\u00a0: Erd\u00e9lyi k\u00e1t\u00e9 gondolkod\u00f3 emberek sz\u00e1m\u00e1ra (Gyergy\u00f3szentmikl\u00f3s, 1922). <br \/><strong>Irod.:<\/strong> Demeter J\u00e1nos: Sz\u00e1zadunk sodr\u00e1ban (Buk., 1975); Feljegyz\u00e9sek egy sz\u00fcrke noteszbe (N\u00fa., M\u00fazsa, 276. sz., 1996. dec. 20.); Kacs\u00f3 S\u00e1ndor: Fogy a vir\u00e1g, gy\u0171l az iszap. \u00d6n\u00e9letrajzi visszaeml\u00e9kez\u00e9sek II.(Buk, 1974); Mik\u00f3 Imre: Huszonk\u00e9t \u00e9v (Bp., 1941), RMIL<\/br><\/p>\n","protected":false},"excerpt":{"rendered":"<p>Gyergy\u00f3szentmikl\u00f3s, 1896. j\u00fal. 20.\u2020 Mv., 1975. \u00e1pr. 26.: \u00fcgyv\u00e9d, k\u00f6z\u00edr\u00f3, k\u00f6lt\u0151, publicista. Feles\u00e9ge: Bitay Lili. Nevelt fiaik: Andr\u00e1s \u00e9s L\u00e1szl\u00f3. Kabos \u00c9va szerelme. \u2013 A mv.-i R. K. Gimn.-ban \u00e9retts\u00e9gizett, jogi tanulm\u00e1nyait Kv.-on kezdte, doktor\u00e1lt Szegeden (1920). \u00dcgyv\u00e9di gyakorlatot folytatott sz\u00fcl\u0151v\u00e1ros\u00e1ban, ahol a Sz\u00e9kely Sz\u00f3 t\u00e1rsszerkeszt\u0151je is. Az OMP vezet\u0151s\u00e9gi tagja; Gyergy\u00f3szentmikl\u00f3s ideiglenes polg\u00e1rmestere (1931- [&hellip;]<\/p>\n","protected":false},"featured_media":0,"comment_status":"open","ping_status":"closed","template":"","meta":[],"product_brand":[],"product_cat":[137],"product_tag":[],"class_list":{"0":"post-14470","1":"product","2":"type-product","3":"status-publish","5":"product_cat-maros-megyei-eletrajzi-lexikon","7":"first","8":"instock","9":"shipping-taxable","10":"product-type-simple"},"_links":{"self":[{"href":"https:\/\/uj.adatbank.ro\/lexikon\/wp-json\/wp\/v2\/product\/14470","targetHints":{"allow":["GET"]}}],"collection":[{"href":"https:\/\/uj.adatbank.ro\/lexikon\/wp-json\/wp\/v2\/product"}],"about":[{"href":"https:\/\/uj.adatbank.ro\/lexikon\/wp-json\/wp\/v2\/types\/product"}],"replies":[{"embeddable":true,"href":"https:\/\/uj.adatbank.ro\/lexikon\/wp-json\/wp\/v2\/comments?post=14470"}],"wp:attachment":[{"href":"https:\/\/uj.adatbank.ro\/lexikon\/wp-json\/wp\/v2\/media?parent=14470"}],"wp:term":[{"taxonomy":"product_brand","embeddable":true,"href":"https:\/\/uj.adatbank.ro\/lexikon\/wp-json\/wp\/v2\/product_brand?post=14470"},{"taxonomy":"product_cat","embeddable":true,"href":"https:\/\/uj.adatbank.ro\/lexikon\/wp-json\/wp\/v2\/product_cat?post=14470"},{"taxonomy":"product_tag","embeddable":true,"href":"https:\/\/uj.adatbank.ro\/lexikon\/wp-json\/wp\/v2\/product_tag?post=14470"}],"curies":[{"name":"wp","href":"https:\/\/api.w.org\/{rel}","templated":true}]}}

<p>Gyergyószentmiklós, 1896. júl. 20.† Mv., 1975. ápr. 26.: ügyvéd, közíró, költő, publicista. Felesége: Bitay Lili. Nevelt fiaik: András és László. Kabos Éva szerelme. – A mv.-i R. K. Gimn.-ban érettségizett, jogi tanulmányait Kv.-on kezdte, doktorált Szegeden (1920). Ügyvédi gyakorlatot folytatott szülővárosában, ahol a Székely Szó társszerkesztője is. Az OMP vezetőségi tagja; Gyergyószentmiklós ideiglenes polgármestere (1931- 32). Barátság fűzte Kacsó Sándorhoz, az általa alapított Gazdasági Szövetség önálló kisérletet tett a román demokrata körökkel való együttműködésre. Társadalmilag háttérbe szorították (1940–44), Mv.-en, Galócáson, Csíkszeredában, Erdőszentgyörgyön, Gyergyószentmiklóson üzemi jogranácsos (1945–). Autóbalesetben halt meg. Cikkei : Zord Idő, Napkelet, Keleti Újság, Brassói Lapokban. – F.m. : Erdélyi káté gondolkodó emberek számára (Gyergyószentmiklós, 1922). <br /><strong>Irod.:</strong> Demeter János: Századunk sodrában (Buk., 1975); Feljegyzések egy szürke noteszbe (Nú., Múzsa, 276. sz., 1996. dec. 20.); Kacsó Sándor: Fogy a virág, gyűl az iszap. Önéletrajzi visszaemlékezések II.(Buk, 1974); Mikó Imre: Huszonkét év (Bp., 1941), RMIL</br></p>

<p>Gyergyószentmiklós, 1896. júl. 20.† Mv., 1975. ápr. 26.: ügyvéd, közíró, költő, publicista. Felesége: Bitay Lili. Nevelt fiaik: András és László. Kabos Éva szerelme. – A mv.-i R. K. Gimn.-ban érettségizett, jogi tanulmányait Kv.-on kezdte, doktorált Szegeden (1920). Ügyvédi gyakorlatot folytatott szülővárosában, ahol a Székely Szó társszerkesztője is. Az OMP vezetőségi tagja; Gyergyószentmiklós ideiglenes polgármestere (1931- [&hellip;]</p>
