{"id":14471,"date":"2025-07-15T13:02:51","date_gmt":"2025-07-15T11:02:51","guid":{"rendered":"https:\/\/uj.adatbank.ro\/lexikon\/termek\/makkay-zsigmond\/"},"modified":"2025-07-15T13:02:51","modified_gmt":"2025-07-15T11:02:51","slug":"makkay-zsigmond","status":"publish","type":"product","link":"https:\/\/uj.adatbank.ro\/lexikon\/termek\/makkay-zsigmond\/","title":{"rendered":"MAKKAY Zsigmond"},"content":{"rendered":"<p>Backamadaras, 1853., \u2020\u00a0?: Kora ifj\u00fas\u00e1g\u00e1t\u00f3l gazd\u00e1lkod\u00e1ssal foglalkozott, k\u00f6zben t\u00f6bb \u00fat- \u00e9s h\u00edd\u00e9p\u00edt\u0151i munk\u00e1lat v\u00e1llalkoz\u00f3ja volt. Backamadaras k\u00f6zs\u00e9gi b\u00edr\u00e1ja volt hosszabb ideig. Az \u00e1ltal\u00e1nos v\u00e1laszt\u00e1s alkalm\u00e1val (1901), megv\u00e1lasztott\u00e1k ogy.-i k\u00e9pvisel\u0151nek az \u00c1kosfalvi ker.-ben f\u00fcggetl\u00e9ns\u00e9gp\u00e1rti programmal a ker. r\u00e9gi k\u00e9pvisel\u0151je L\u00e9gr\u00e1dy K\u00e1rollyal szemben. Az igaszs\u00e1g\u00fcgyi \u00e9s mentelmi bizotts\u00e1g tagja., az \u00f6sszef\u00e9rhetetlens\u00e9gi \u00e1lland\u00f3 bizotts\u00e1g helyettes eln\u00f6ke volt. <br \/><strong>Irod.:<\/strong> Ogy.-i almanach (1901\u201305)<\/br><\/p>\n","protected":false},"excerpt":{"rendered":"<p>Backamadaras, 1853., \u2020\u00a0?: Kora ifj\u00fas\u00e1g\u00e1t\u00f3l gazd\u00e1lkod\u00e1ssal foglalkozott, k\u00f6zben t\u00f6bb \u00fat- \u00e9s h\u00edd\u00e9p\u00edt\u0151i munk\u00e1lat v\u00e1llalkoz\u00f3ja volt. Backamadaras k\u00f6zs\u00e9gi b\u00edr\u00e1ja volt hosszabb ideig. Az \u00e1ltal\u00e1nos v\u00e1laszt\u00e1s alkalm\u00e1val (1901), megv\u00e1lasztott\u00e1k ogy.-i k\u00e9pvisel\u0151nek az \u00c1kosfalvi ker.-ben f\u00fcggetl\u00e9ns\u00e9gp\u00e1rti programmal a ker. r\u00e9gi k\u00e9pvisel\u0151je L\u00e9gr\u00e1dy K\u00e1rollyal szemben. Az igaszs\u00e1g\u00fcgyi \u00e9s mentelmi bizotts\u00e1g tagja., az \u00f6sszef\u00e9rhetetlens\u00e9gi \u00e1lland\u00f3 bizotts\u00e1g helyettes eln\u00f6ke volt. Irod.: [&hellip;]<\/p>\n","protected":false},"featured_media":0,"comment_status":"open","ping_status":"closed","template":"","meta":[],"product_brand":[],"product_cat":[137],"product_tag":[],"class_list":{"0":"post-14471","1":"product","2":"type-product","3":"status-publish","5":"product_cat-maros-megyei-eletrajzi-lexikon","7":"first","8":"instock","9":"shipping-taxable","10":"product-type-simple"},"_links":{"self":[{"href":"https:\/\/uj.adatbank.ro\/lexikon\/wp-json\/wp\/v2\/product\/14471","targetHints":{"allow":["GET"]}}],"collection":[{"href":"https:\/\/uj.adatbank.ro\/lexikon\/wp-json\/wp\/v2\/product"}],"about":[{"href":"https:\/\/uj.adatbank.ro\/lexikon\/wp-json\/wp\/v2\/types\/product"}],"replies":[{"embeddable":true,"href":"https:\/\/uj.adatbank.ro\/lexikon\/wp-json\/wp\/v2\/comments?post=14471"}],"wp:attachment":[{"href":"https:\/\/uj.adatbank.ro\/lexikon\/wp-json\/wp\/v2\/media?parent=14471"}],"wp:term":[{"taxonomy":"product_brand","embeddable":true,"href":"https:\/\/uj.adatbank.ro\/lexikon\/wp-json\/wp\/v2\/product_brand?post=14471"},{"taxonomy":"product_cat","embeddable":true,"href":"https:\/\/uj.adatbank.ro\/lexikon\/wp-json\/wp\/v2\/product_cat?post=14471"},{"taxonomy":"product_tag","embeddable":true,"href":"https:\/\/uj.adatbank.ro\/lexikon\/wp-json\/wp\/v2\/product_tag?post=14471"}],"curies":[{"name":"wp","href":"https:\/\/api.w.org\/{rel}","templated":true}]}}

<p>Backamadaras, 1853., † ?: Kora ifjúságától gazdálkodással foglalkozott, közben több út- és hídépítői munkálat vállalkozója volt. Backamadaras községi bírája volt hosszabb ideig. Az általános választás alkalmával (1901), megválasztották ogy.-i képviselőnek az Ákosfalvi ker.-ben függetlénségpárti programmal a ker. régi képviselője Légrády Károllyal szemben. Az igaszságügyi és mentelmi bizottság tagja., az összeférhetetlenségi állandó bizottság helyettes elnöke volt. <br /><strong>Irod.:</strong> Ogy.-i almanach (1901–05)</br></p>

<p>Backamadaras, 1853., † ?: Kora ifjúságától gazdálkodással foglalkozott, közben több út- és hídépítői munkálat vállalkozója volt. Backamadaras községi bírája volt hosszabb ideig. Az általános választás alkalmával (1901), megválasztották ogy.-i képviselőnek az Ákosfalvi ker.-ben függetlénségpárti programmal a ker. régi képviselője Légrády Károllyal szemben. Az igaszságügyi és mentelmi bizottság tagja., az összeférhetetlenségi állandó bizottság helyettes elnöke volt. Irod.: [&hellip;]</p>
