{"id":14472,"date":"2025-07-15T13:02:52","date_gmt":"2025-07-15T11:02:52","guid":{"rendered":"https:\/\/uj.adatbank.ro\/lexikon\/termek\/makra-lajos-%c2%a7\/"},"modified":"2025-07-15T13:02:52","modified_gmt":"2025-07-15T11:02:52","slug":"makra-lajos-%c2%a7","status":"publish","type":"product","link":"https:\/\/uj.adatbank.ro\/lexikon\/termek\/makra-lajos-%c2%a7\/","title":{"rendered":"MAKRA Lajos, \u00a7"},"content":{"rendered":"<p>Temesv\u00e1r, ? \u2020\u00a0?: sz\u00edn\u00e9sz. \u2013 Tulm\u00e1nyait a mv.-i Sz\u00ednm\u0171v\u00e9szeti Int\u00e9zben v\u00e9gezte (1959). A Temesv\u00e1ri \u00c1llami Magyar Sz\u00ednh\u00e1z tagja negyven esztend\u0151n \u00e1t. Buk.-ben a fiatal sz\u00edn\u00e9szek orsz\u00e1gos verseny\u00e9n d\u00edcs\u00e9r\u0151 oklevelet kapott (1959). Jellemsz\u00edn\u00e9sz. A mv.-i Nemzeti Sz\u00ednh\u00e1z tagja (1999\u2013). Szentgy\u00f6rgyi-d\u00edjas. Az Orsz\u00e1gos L\u00e1tv\u00e1nysz\u00ednh\u00e1zi fesztiv\u00e1l VII. kiad\u00e1s\u00e1n elnyerte a zs\u0171ri eln\u00f6k\u00e9nek k\u00fcl\u00f6nd\u00edj\u00e1t (2002. okt.). \u2013F.sz.\u00a0Mv.-en: Fiatals\u00e1g bolonds\u00e1g. Istv\u00e1n kir\u00e1ly, D\u00fcrrematt\u00a0: A Nagy Romulus.<br \/><strong>Irod.:<\/strong> Kiss Evelyn \u00c9va\u00a0: Szentgy\u00f6rgyi-d\u00edjas p\u00e1lyakezd\u0151 (N.\u00fa. 1999. nov. 20) MMK, \u00daj \u00c9let (1960. 19)<\/br><\/p>\n","protected":false},"excerpt":{"rendered":"<p>Temesv\u00e1r, ? \u2020\u00a0?: sz\u00edn\u00e9sz. \u2013 Tulm\u00e1nyait a mv.-i Sz\u00ednm\u0171v\u00e9szeti Int\u00e9zben v\u00e9gezte (1959). A Temesv\u00e1ri \u00c1llami Magyar Sz\u00ednh\u00e1z tagja negyven esztend\u0151n \u00e1t. Buk.-ben a fiatal sz\u00edn\u00e9szek orsz\u00e1gos verseny\u00e9n d\u00edcs\u00e9r\u0151 oklevelet kapott (1959). Jellemsz\u00edn\u00e9sz. A mv.-i Nemzeti Sz\u00ednh\u00e1z tagja (1999\u2013). Szentgy\u00f6rgyi-d\u00edjas. Az Orsz\u00e1gos L\u00e1tv\u00e1nysz\u00ednh\u00e1zi fesztiv\u00e1l VII. kiad\u00e1s\u00e1n elnyerte a zs\u0171ri eln\u00f6k\u00e9nek k\u00fcl\u00f6nd\u00edj\u00e1t (2002. okt.). \u2013F.sz.\u00a0Mv.-en: Fiatals\u00e1g bolonds\u00e1g. [&hellip;]<\/p>\n","protected":false},"featured_media":0,"comment_status":"open","ping_status":"closed","template":"","meta":[],"product_brand":[],"product_cat":[137],"product_tag":[],"class_list":{"0":"post-14472","1":"product","2":"type-product","3":"status-publish","5":"product_cat-maros-megyei-eletrajzi-lexikon","7":"first","8":"instock","9":"shipping-taxable","10":"product-type-simple"},"_links":{"self":[{"href":"https:\/\/uj.adatbank.ro\/lexikon\/wp-json\/wp\/v2\/product\/14472","targetHints":{"allow":["GET"]}}],"collection":[{"href":"https:\/\/uj.adatbank.ro\/lexikon\/wp-json\/wp\/v2\/product"}],"about":[{"href":"https:\/\/uj.adatbank.ro\/lexikon\/wp-json\/wp\/v2\/types\/product"}],"replies":[{"embeddable":true,"href":"https:\/\/uj.adatbank.ro\/lexikon\/wp-json\/wp\/v2\/comments?post=14472"}],"wp:attachment":[{"href":"https:\/\/uj.adatbank.ro\/lexikon\/wp-json\/wp\/v2\/media?parent=14472"}],"wp:term":[{"taxonomy":"product_brand","embeddable":true,"href":"https:\/\/uj.adatbank.ro\/lexikon\/wp-json\/wp\/v2\/product_brand?post=14472"},{"taxonomy":"product_cat","embeddable":true,"href":"https:\/\/uj.adatbank.ro\/lexikon\/wp-json\/wp\/v2\/product_cat?post=14472"},{"taxonomy":"product_tag","embeddable":true,"href":"https:\/\/uj.adatbank.ro\/lexikon\/wp-json\/wp\/v2\/product_tag?post=14472"}],"curies":[{"name":"wp","href":"https:\/\/api.w.org\/{rel}","templated":true}]}}

<p>Temesvár, ? † ?: színész. – Tulmányait a mv.-i Színművészeti Intézben végezte (1959). A Temesvári Állami Magyar Színház tagja negyven esztendőn át. Buk.-ben a fiatal színészek országos versenyén dícsérő oklevelet kapott (1959). Jellemszínész. A mv.-i Nemzeti Színház tagja (1999–). Szentgyörgyi-díjas. Az Országos Látványszínházi fesztivál VII. kiadásán elnyerte a zsűri elnökének különdíját (2002. okt.). –F.sz. Mv.-en: Fiatalság bolondság. István király, Dürrematt : A Nagy Romulus.<br /><strong>Irod.:</strong> Kiss Evelyn Éva : Szentgyörgyi-díjas pályakezdő (N.ú. 1999. nov. 20) MMK, Új Élet (1960. 19)</br></p>

<p>Temesvár, ? † ?: színész. – Tulmányait a mv.-i Színművészeti Intézben végezte (1959). A Temesvári Állami Magyar Színház tagja negyven esztendőn át. Buk.-ben a fiatal színészek országos versenyén dícsérő oklevelet kapott (1959). Jellemszínész. A mv.-i Nemzeti Színház tagja (1999–). Szentgyörgyi-díjas. Az Országos Látványszínházi fesztivál VII. kiadásán elnyerte a zsűri elnökének különdíját (2002. okt.). –F.sz. Mv.-en: Fiatalság bolondság. [&hellip;]</p>
