{"id":14473,"date":"2025-07-15T13:02:55","date_gmt":"2025-07-15T11:02:55","guid":{"rendered":"https:\/\/uj.adatbank.ro\/lexikon\/termek\/maksai-nyaradtoi-csalad\/"},"modified":"2025-07-15T13:02:55","modified_gmt":"2025-07-15T11:02:55","slug":"maksai-nyaradtoi-csalad","status":"publish","type":"product","link":"https:\/\/uj.adatbank.ro\/lexikon\/termek\/maksai-nyaradtoi-csalad\/","title":{"rendered":"MAKSAI, ny\u00e1r\u00e1dt\u0151i\u00a0csal\u00e1d"},"content":{"rendered":"<p>R\u00e9gi h\u00e1romsz\u00e9ki sz\u00e9kely csal\u00e1d, melynek tagjai Maxai n\u00e9v alatt m\u00e1r a 15. sz.-ban Marossz\u00e9ken \u00e9ltek. A legels\u0151, aki a ny\u00e1r\u00e1dt\u0151i el\u0151nevet haszn\u00e1lta M. Bal\u00e1zs de\u00e1k, kir. aligazgat\u00f3 (1628) ki n\u0151\u0171l P\u00e1n Dorotty\u00e1t v\u00e9v\u00e9n, e h\u00e1zass\u00e1g \u00fatj\u00e1n nyerte csal\u00e1dj\u00e1ra n\u00e9zve Ny\u00e1radt\u0151t, t. i. P\u00e1n Dorottya els\u0151 f\u00e9rje Borb\u00e9ly Krist\u00f3ft\u00f3l maradt az P\u00e1n Dorotty\u00e1ra, s r\u00f3la a Maksaiakra. A m\u00falt sz\u00e1zadban a Maksaiak egyik tagja D\u00e1vid elhagyja \u0151si nev\u00e9t \u00e9s M\u00e1riafi nevet vett f\u00f6l. <br \/><strong>Irod.:<\/strong> Nagy Iv\u00e1n; P\u00e1lmay<\/br><\/p>\n","protected":false},"excerpt":{"rendered":"<p>R\u00e9gi h\u00e1romsz\u00e9ki sz\u00e9kely csal\u00e1d, melynek tagjai Maxai n\u00e9v alatt m\u00e1r a 15. sz.-ban Marossz\u00e9ken \u00e9ltek. A legels\u0151, aki a ny\u00e1r\u00e1dt\u0151i el\u0151nevet haszn\u00e1lta M. Bal\u00e1zs de\u00e1k, kir. aligazgat\u00f3 (1628) ki n\u0151\u0171l P\u00e1n Dorotty\u00e1t v\u00e9v\u00e9n, e h\u00e1zass\u00e1g \u00fatj\u00e1n nyerte csal\u00e1dj\u00e1ra n\u00e9zve Ny\u00e1radt\u0151t, t. i. P\u00e1n Dorottya els\u0151 f\u00e9rje Borb\u00e9ly Krist\u00f3ft\u00f3l maradt az P\u00e1n Dorotty\u00e1ra, s r\u00f3la a [&hellip;]<\/p>\n","protected":false},"featured_media":0,"comment_status":"open","ping_status":"closed","template":"","meta":[],"product_brand":[],"product_cat":[137],"product_tag":[],"class_list":{"0":"post-14473","1":"product","2":"type-product","3":"status-publish","5":"product_cat-maros-megyei-eletrajzi-lexikon","7":"first","8":"instock","9":"shipping-taxable","10":"product-type-simple"},"_links":{"self":[{"href":"https:\/\/uj.adatbank.ro\/lexikon\/wp-json\/wp\/v2\/product\/14473","targetHints":{"allow":["GET"]}}],"collection":[{"href":"https:\/\/uj.adatbank.ro\/lexikon\/wp-json\/wp\/v2\/product"}],"about":[{"href":"https:\/\/uj.adatbank.ro\/lexikon\/wp-json\/wp\/v2\/types\/product"}],"replies":[{"embeddable":true,"href":"https:\/\/uj.adatbank.ro\/lexikon\/wp-json\/wp\/v2\/comments?post=14473"}],"wp:attachment":[{"href":"https:\/\/uj.adatbank.ro\/lexikon\/wp-json\/wp\/v2\/media?parent=14473"}],"wp:term":[{"taxonomy":"product_brand","embeddable":true,"href":"https:\/\/uj.adatbank.ro\/lexikon\/wp-json\/wp\/v2\/product_brand?post=14473"},{"taxonomy":"product_cat","embeddable":true,"href":"https:\/\/uj.adatbank.ro\/lexikon\/wp-json\/wp\/v2\/product_cat?post=14473"},{"taxonomy":"product_tag","embeddable":true,"href":"https:\/\/uj.adatbank.ro\/lexikon\/wp-json\/wp\/v2\/product_tag?post=14473"}],"curies":[{"name":"wp","href":"https:\/\/api.w.org\/{rel}","templated":true}]}}

MAKSAI, nyárádtői család

<p>Régi háromszéki székely család, melynek tagjai Maxai név alatt már a 15. sz.-ban Marosszéken éltek. A legelső, aki a nyárádtői előnevet használta M. Balázs deák, kir. aligazgató (1628) ki nőűl Pán Dorottyát vévén, e házasság útján nyerte családjára nézve Nyáradtőt, t. i. Pán Dorottya első férje Borbély Kristóftól maradt az Pán Dorottyára, s róla a Maksaiakra. A múlt században a Maksaiak egyik tagja Dávid elhagyja ősi nevét és Máriafi nevet vett föl. <br /><strong>Irod.:</strong> Nagy Iván; Pálmay</br></p>

<p>Régi háromszéki székely család, melynek tagjai Maxai név alatt már a 15. sz.-ban Marosszéken éltek. A legelső, aki a nyárádtői előnevet használta M. Balázs deák, kir. aligazgató (1628) ki nőűl Pán Dorottyát vévén, e házasság útján nyerte családjára nézve Nyáradtőt, t. i. Pán Dorottya első férje Borbély Kristóftól maradt az Pán Dorottyára, s róla a [&hellip;]</p>
