{"id":14475,"date":"2025-07-15T13:03:00","date_gmt":"2025-07-15T11:03:00","guid":{"rendered":"https:\/\/uj.adatbank.ro\/lexikon\/termek\/maksai-ferenc-nyaradtoi\/"},"modified":"2025-07-15T13:03:00","modified_gmt":"2025-07-15T11:03:00","slug":"maksai-ferenc-nyaradtoi","status":"publish","type":"product","link":"https:\/\/uj.adatbank.ro\/lexikon\/termek\/maksai-ferenc-nyaradtoi\/","title":{"rendered":"MAKSAI Ferenc, ny\u00e1r\u00e1dt\u0151i"},"content":{"rendered":"<p>? \u2020 ?: nemes. \u2013 Feles\u00e9ge Szentiv\u00e1ni Erzs\u00e9bet. \u2013 A nagyteremi unit. egyh\u00e1znak ez\u00fcstpoharat aj\u00e1nd\u00e9koztak (1686). <br \/><strong>Irod.:<\/strong> Dersi Simon P\u00e1l: Halotti besz\u00e9d M. F.felett. Kv., 1693. m\u00e1rc. 13. = K\u00e9nosi-Uzoni 2.<\/br><\/p>\n","protected":false},"excerpt":{"rendered":"<p>? \u2020 ?: nemes. \u2013 Feles\u00e9ge Szentiv\u00e1ni Erzs\u00e9bet. \u2013 A nagyteremi unit. egyh\u00e1znak ez\u00fcstpoharat aj\u00e1nd\u00e9koztak (1686). Irod.: Dersi Simon P\u00e1l: Halotti besz\u00e9d M. F.felett. Kv., 1693. m\u00e1rc. 13. = K\u00e9nosi-Uzoni 2.<\/p>\n","protected":false},"featured_media":0,"comment_status":"open","ping_status":"closed","template":"","meta":[],"product_brand":[],"product_cat":[137],"product_tag":[],"class_list":{"0":"post-14475","1":"product","2":"type-product","3":"status-publish","5":"product_cat-maros-megyei-eletrajzi-lexikon","7":"first","8":"instock","9":"shipping-taxable","10":"product-type-simple"},"_links":{"self":[{"href":"https:\/\/uj.adatbank.ro\/lexikon\/wp-json\/wp\/v2\/product\/14475","targetHints":{"allow":["GET"]}}],"collection":[{"href":"https:\/\/uj.adatbank.ro\/lexikon\/wp-json\/wp\/v2\/product"}],"about":[{"href":"https:\/\/uj.adatbank.ro\/lexikon\/wp-json\/wp\/v2\/types\/product"}],"replies":[{"embeddable":true,"href":"https:\/\/uj.adatbank.ro\/lexikon\/wp-json\/wp\/v2\/comments?post=14475"}],"wp:attachment":[{"href":"https:\/\/uj.adatbank.ro\/lexikon\/wp-json\/wp\/v2\/media?parent=14475"}],"wp:term":[{"taxonomy":"product_brand","embeddable":true,"href":"https:\/\/uj.adatbank.ro\/lexikon\/wp-json\/wp\/v2\/product_brand?post=14475"},{"taxonomy":"product_cat","embeddable":true,"href":"https:\/\/uj.adatbank.ro\/lexikon\/wp-json\/wp\/v2\/product_cat?post=14475"},{"taxonomy":"product_tag","embeddable":true,"href":"https:\/\/uj.adatbank.ro\/lexikon\/wp-json\/wp\/v2\/product_tag?post=14475"}],"curies":[{"name":"wp","href":"https:\/\/api.w.org\/{rel}","templated":true}]}}