{"id":14478,"date":"2025-07-15T13:03:05","date_gmt":"2025-07-15T11:03:05","guid":{"rendered":"https:\/\/uj.adatbank.ro\/lexikon\/termek\/maksai-mozes\/"},"modified":"2025-07-15T13:03:05","modified_gmt":"2025-07-15T11:03:05","slug":"maksai-mozes","status":"publish","type":"product","link":"https:\/\/uj.adatbank.ro\/lexikon\/termek\/maksai-mozes\/","title":{"rendered":"MAKSAI M\u00f3zes"},"content":{"rendered":"<p>? \u2020 ?: ref. tan\u00edt\u00f3. \u2013 Enyeden subscrib\u00e1lt (753). Magyar\u00f3n (1786\u20131792 tavasza) volt mester \u00e9s orgonista. A vizit\u00e1ci\u00f3s jegyz\u0151k\u00f6nyv szerint maga \u00e9p\u00edtett orgon\u00e1t. H\u00e1romsz\u00e9kre, maga haz\u00e1j\u00e1ba ment.-<br \/><strong>Irod.:<\/strong> \u0150sz<\/br><\/p>\n","protected":false},"excerpt":{"rendered":"<p>? \u2020 ?: ref. tan\u00edt\u00f3. \u2013 Enyeden subscrib\u00e1lt (753). Magyar\u00f3n (1786\u20131792 tavasza) volt mester \u00e9s orgonista. A vizit\u00e1ci\u00f3s jegyz\u0151k\u00f6nyv szerint maga \u00e9p\u00edtett orgon\u00e1t. H\u00e1romsz\u00e9kre, maga haz\u00e1j\u00e1ba ment.-Irod.: \u0150sz<\/p>\n","protected":false},"featured_media":0,"comment_status":"open","ping_status":"closed","template":"","meta":[],"product_brand":[],"product_cat":[137],"product_tag":[],"class_list":{"0":"post-14478","1":"product","2":"type-product","3":"status-publish","5":"product_cat-maros-megyei-eletrajzi-lexikon","7":"first","8":"instock","9":"shipping-taxable","10":"product-type-simple"},"_links":{"self":[{"href":"https:\/\/uj.adatbank.ro\/lexikon\/wp-json\/wp\/v2\/product\/14478","targetHints":{"allow":["GET"]}}],"collection":[{"href":"https:\/\/uj.adatbank.ro\/lexikon\/wp-json\/wp\/v2\/product"}],"about":[{"href":"https:\/\/uj.adatbank.ro\/lexikon\/wp-json\/wp\/v2\/types\/product"}],"replies":[{"embeddable":true,"href":"https:\/\/uj.adatbank.ro\/lexikon\/wp-json\/wp\/v2\/comments?post=14478"}],"wp:attachment":[{"href":"https:\/\/uj.adatbank.ro\/lexikon\/wp-json\/wp\/v2\/media?parent=14478"}],"wp:term":[{"taxonomy":"product_brand","embeddable":true,"href":"https:\/\/uj.adatbank.ro\/lexikon\/wp-json\/wp\/v2\/product_brand?post=14478"},{"taxonomy":"product_cat","embeddable":true,"href":"https:\/\/uj.adatbank.ro\/lexikon\/wp-json\/wp\/v2\/product_cat?post=14478"},{"taxonomy":"product_tag","embeddable":true,"href":"https:\/\/uj.adatbank.ro\/lexikon\/wp-json\/wp\/v2\/product_tag?post=14478"}],"curies":[{"name":"wp","href":"https:\/\/api.w.org\/{rel}","templated":true}]}}