{"id":14481,"date":"2025-07-15T13:03:11","date_gmt":"2025-07-15T11:03:11","guid":{"rendered":"https:\/\/uj.adatbank.ro\/lexikon\/termek\/makula-janos\/"},"modified":"2025-07-15T13:03:11","modified_gmt":"2025-07-15T11:03:11","slug":"makula-janos","status":"publish","type":"product","link":"https:\/\/uj.adatbank.ro\/lexikon\/termek\/makula-janos\/","title":{"rendered":"MAKULA J\u00e1nos"},"content":{"rendered":"<p>1925\u00a0? \u2020 Mv., 1993. febr. 8.: m. n\u00e9pzen\u00e9sz, nagyb\u0151g\u0151s. <br \/><strong>Irod.:<\/strong> [Nekrol\u00f3g] (N\u00fa., 1993. febr. 10.)<\/br><\/p>\n","protected":false},"excerpt":{"rendered":"<p>1925\u00a0? \u2020 Mv., 1993. febr. 8.: m. n\u00e9pzen\u00e9sz, nagyb\u0151g\u0151s. Irod.: [Nekrol\u00f3g] (N\u00fa., 1993. febr. 10.)<\/p>\n","protected":false},"featured_media":0,"comment_status":"open","ping_status":"closed","template":"","meta":[],"product_brand":[],"product_cat":[137],"product_tag":[],"class_list":{"0":"post-14481","1":"product","2":"type-product","3":"status-publish","5":"product_cat-maros-megyei-eletrajzi-lexikon","7":"first","8":"instock","9":"shipping-taxable","10":"product-type-simple"},"_links":{"self":[{"href":"https:\/\/uj.adatbank.ro\/lexikon\/wp-json\/wp\/v2\/product\/14481","targetHints":{"allow":["GET"]}}],"collection":[{"href":"https:\/\/uj.adatbank.ro\/lexikon\/wp-json\/wp\/v2\/product"}],"about":[{"href":"https:\/\/uj.adatbank.ro\/lexikon\/wp-json\/wp\/v2\/types\/product"}],"replies":[{"embeddable":true,"href":"https:\/\/uj.adatbank.ro\/lexikon\/wp-json\/wp\/v2\/comments?post=14481"}],"wp:attachment":[{"href":"https:\/\/uj.adatbank.ro\/lexikon\/wp-json\/wp\/v2\/media?parent=14481"}],"wp:term":[{"taxonomy":"product_brand","embeddable":true,"href":"https:\/\/uj.adatbank.ro\/lexikon\/wp-json\/wp\/v2\/product_brand?post=14481"},{"taxonomy":"product_cat","embeddable":true,"href":"https:\/\/uj.adatbank.ro\/lexikon\/wp-json\/wp\/v2\/product_cat?post=14481"},{"taxonomy":"product_tag","embeddable":true,"href":"https:\/\/uj.adatbank.ro\/lexikon\/wp-json\/wp\/v2\/product_tag?post=14481"}],"curies":[{"name":"wp","href":"https:\/\/api.w.org\/{rel}","templated":true}]}}