{"id":14483,"date":"2025-07-15T13:03:15","date_gmt":"2025-07-15T11:03:15","guid":{"rendered":"https:\/\/uj.adatbank.ro\/lexikon\/termek\/maleczky-maria-sarius-jelitta-maleczky-mariska-magdolna-sajogomori-gomory-viktorne\/"},"modified":"2025-07-15T13:03:15","modified_gmt":"2025-07-15T11:03:15","slug":"maleczky-maria-sarius-jelitta-maleczky-mariska-magdolna-sajogomori-gomory-viktorne","status":"publish","type":"product","link":"https:\/\/uj.adatbank.ro\/lexikon\/termek\/maleczky-maria-sarius-jelitta-maleczky-mariska-magdolna-sajogomori-gomory-viktorne\/","title":{"rendered":"MALECZKY M\u00e1ria, S\u00e1rius-Jelitta Maleczky Mariska, Magdolna, saj\u00f3g\u00f6m\u00f6ri G\u00f6m\u00f6ry Viktorn\u00e9"},"content":{"rendered":"<p>Bp., 1886. j\u00fan. 7., \u2020 Mv., 1932. j\u00fal. 17.: \u00e9nekesn\u0151, szopr\u00e1n, zenetan\u00e1r. \u2013 A bp.-i zenem\u0171v\u00e9szeti f\u0151iskol\u00e1n tanult \u00e9desanyja, Maleczky Vilmosn\u00e9 ir\u00e1ny\u00edt\u00e1s\u00e1val \u00e9s diplom\u00e1zott (1907).V\u00e9gz\u00e9se ut\u00e1n egyike volt az els\u0151 h\u00e1rom zenetan\u00e1rnak, aki a frissen l\u00e9tes\u00fclt Mv.-i V\u00e1rosi Zeneiskol\u00e1ban tan\u00edtott (az iskola megnyitotta tev\u00e9kenys\u00e9g\u00e9t 1908. jan. 6.), \u00e9neketan\u00e1rn\u0151 hal\u00e1l\u00e1ig. Fell\u00e9pett a v\u00e1rosi filharm\u00f3nikusok els\u0151 hangverseny\u00e9n (1910. \u00e1pr. 2). Eredm\u00e9nyes tan\u00e1ri munk\u00e1ss\u00e1ga alatt t\u00f6bb jelent\u0151s \u00e9nekest k\u00e9pzett. Itt kezdte tanulmanyait Heltai Ida, k\u00e9s\u0151bb a berlini, bp.-i \u00e9s buk.-i operah\u00e1zak sz\u00f3list\u00e1ja; S\u00e1mson Maria, a New York-i operah\u00e1z \u00e9nekese; Aca de Barbu, a Kv.-i Rom\u00e1n Opera sz\u00f3list\u00e1ja stb. A KZST rendes- \u00e9s a Ref. Egyh\u00e1zi Dalk\u00f6r \u00f6r\u00f6k\u00f6s t. tagja. <br \/><strong>Irod.:<\/strong> Gy\u00e1szjelent.; Hajd\u00f3 K\u00e1roly: A mv.-i zeneiskola \u00e9vfordul\u00f3j\u00e1ra (N\u00fa., 1999. jan. 12.); Id\u0151t\u00e1r 2; Kim; Mv. m\u0171v. v\u00e1r.; Predescu; V\u00e1rter\u00e9sz Istv\u00e1n: A mv.-i zeneiskola (V. Z., 1983. okt. 9.); Todea 2013; Zenetudom\u00e1nyi \u00edr\u00e1sok<\/br><\/p>\n","protected":false},"excerpt":{"rendered":"<p>Bp., 1886. j\u00fan. 7., \u2020 Mv., 1932. j\u00fal. 17.: \u00e9nekesn\u0151, szopr\u00e1n, zenetan\u00e1r. \u2013 A bp.-i zenem\u0171v\u00e9szeti f\u0151iskol\u00e1n tanult \u00e9desanyja, Maleczky Vilmosn\u00e9 ir\u00e1ny\u00edt\u00e1s\u00e1val \u00e9s diplom\u00e1zott (1907).V\u00e9gz\u00e9se ut\u00e1n egyike volt az els\u0151 h\u00e1rom zenetan\u00e1rnak, aki a frissen l\u00e9tes\u00fclt Mv.-i V\u00e1rosi Zeneiskol\u00e1ban tan\u00edtott (az iskola megnyitotta tev\u00e9kenys\u00e9g\u00e9t 1908. jan. 6.), \u00e9neketan\u00e1rn\u0151 hal\u00e1l\u00e1ig. Fell\u00e9pett a v\u00e1rosi filharm\u00f3nikusok els\u0151 hangverseny\u00e9n [&hellip;]<\/p>\n","protected":false},"featured_media":0,"comment_status":"open","ping_status":"closed","template":"","meta":[],"product_brand":[],"product_cat":[137],"product_tag":[],"class_list":{"0":"post-14483","1":"product","2":"type-product","3":"status-publish","5":"product_cat-maros-megyei-eletrajzi-lexikon","7":"first","8":"instock","9":"shipping-taxable","10":"product-type-simple"},"_links":{"self":[{"href":"https:\/\/uj.adatbank.ro\/lexikon\/wp-json\/wp\/v2\/product\/14483","targetHints":{"allow":["GET"]}}],"collection":[{"href":"https:\/\/uj.adatbank.ro\/lexikon\/wp-json\/wp\/v2\/product"}],"about":[{"href":"https:\/\/uj.adatbank.ro\/lexikon\/wp-json\/wp\/v2\/types\/product"}],"replies":[{"embeddable":true,"href":"https:\/\/uj.adatbank.ro\/lexikon\/wp-json\/wp\/v2\/comments?post=14483"}],"wp:attachment":[{"href":"https:\/\/uj.adatbank.ro\/lexikon\/wp-json\/wp\/v2\/media?parent=14483"}],"wp:term":[{"taxonomy":"product_brand","embeddable":true,"href":"https:\/\/uj.adatbank.ro\/lexikon\/wp-json\/wp\/v2\/product_brand?post=14483"},{"taxonomy":"product_cat","embeddable":true,"href":"https:\/\/uj.adatbank.ro\/lexikon\/wp-json\/wp\/v2\/product_cat?post=14483"},{"taxonomy":"product_tag","embeddable":true,"href":"https:\/\/uj.adatbank.ro\/lexikon\/wp-json\/wp\/v2\/product_tag?post=14483"}],"curies":[{"name":"wp","href":"https:\/\/api.w.org\/{rel}","templated":true}]}}

MALECZKY Mária, Sárius-Jelitta Maleczky Mariska, Magdolna, sajógömöri Gömöry Viktorné

<p>Bp., 1886. jún. 7., † Mv., 1932. júl. 17.: énekesnő, szoprán, zenetanár. – A bp.-i zeneművészeti főiskolán tanult édesanyja, Maleczky Vilmosné irányításával és diplomázott (1907).Végzése után egyike volt az első három zenetanárnak, aki a frissen létesült Mv.-i Városi Zeneiskolában tanított (az iskola megnyitotta tevékenységét 1908. jan. 6.), éneketanárnő haláláig. Fellépett a városi filharmónikusok első hangversenyén (1910. ápr. 2). Eredményes tanári munkássága alatt több jelentős énekest képzett. Itt kezdte tanulmanyait Heltai Ida, később a berlini, bp.-i és buk.-i operaházak szólistája; Sámson Maria, a New York-i operaház énekese; Aca de Barbu, a Kv.-i Román Opera szólistája stb. A KZST rendes- és a Ref. Egyházi Dalkör örökös t. tagja. <br /><strong>Irod.:</strong> Gyászjelent.; Hajdó Károly: A mv.-i zeneiskola évfordulójára (Nú., 1999. jan. 12.); Időtár 2; Kim; Mv. műv. vár.; Predescu; Várterész István: A mv.-i zeneiskola (V. Z., 1983. okt. 9.); Todea 2013; Zenetudományi írások</br></p>

<p>Bp., 1886. jún. 7., † Mv., 1932. júl. 17.: énekesnő, szoprán, zenetanár. – A bp.-i zeneművészeti főiskolán tanult édesanyja, Maleczky Vilmosné irányításával és diplomázott (1907).Végzése után egyike volt az első három zenetanárnak, aki a frissen létesült Mv.-i Városi Zeneiskolában tanított (az iskola megnyitotta tevékenységét 1908. jan. 6.), éneketanárnő haláláig. Fellépett a városi filharmónikusok első hangversenyén [&hellip;]</p>
