{"id":14486,"date":"2025-07-15T13:03:23","date_gmt":"2025-07-15T11:03:23","guid":{"rendered":"https:\/\/uj.adatbank.ro\/lexikon\/termek\/malmer-marton-martin\/"},"modified":"2025-07-15T13:03:23","modified_gmt":"2025-07-15T11:03:23","slug":"malmer-marton-martin","status":"publish","type":"product","link":"https:\/\/uj.adatbank.ro\/lexikon\/termek\/malmer-marton-martin\/","title":{"rendered":"MALMER M\u00e1rton; Martin"},"content":{"rendered":"<p>Bolk\u00e1cs, 1823. okt. 25., 1824. nov. 23 \u2020 Segesv\u00e1r, 1893.: ev. lelk\u00e9sz, tan\u00e1r, jog\u00e1sz. \u2013 Apja mez\u0151gazd\u00e1sz.- Tanult a segesv\u00e1ri gimn\u00e1ziumban, a b\u00e9csi Protest\u00e1ns Teologiai Int\u00e9zetben (1849. nov. 24\u2013) \u00e9s T\u00fcbingenben az egyetem Hittudom\u00e1nyi Kar\u00e1n (1852); azut\u00e1n a nagyszebeni gimn\u00e1ziumban tan\u00edtott. Mint nagyszebeni pr\u00e9dik\u00e1tor szelindeki lelk\u00e9szhelyettes lett. (1863.).Cikke a Siebenb\u00fcrger Quartalschriftben (1860.Christenthum und Gewerbe.). Szerkesztette az Evangelische Kirchen- und Schulzeitung c. Hetilapot (1862-ben) Nagyszebenben, \u00f6sszesen 52 sz\u00e1mot. Sz\u00e1mos k\u00f6ltem\u00e9nyt, valamint egy dr\u00e1m\u00e1t \u00edrt. \u2013 <strong>F. m.:<\/strong> Lehrbuch f\u00fcr Schule und Haus. Erstes Heft, 75 zweistimmige Lieder f\u00fcr die Volksschulen Siebenb\u00fcrgens gesammelt und herausgegebe. (Hermannstadt, \u00e9v n.); Brosamen von Tische des Herrn. Sechs Predigten. (Hermannstadt, 1860); Predigt, gehalten am Feste Mari\u00e4 Verk\u00fcndigung 1860 in der evang. Pfarrkirche in Hermannstadt. (Hermannstadt, 1860); Rede, zur Pr\u00e4sentationsfeier Sr. Hochw\u00fcrden des Herrn Karl Fusz, neuerw\u00e4hlten Stadtpfarrers der Gemeinde zu Hermannstadt gehalten am 19. Sept. 1866. (Hermannstadt. 1866). <br \/><strong>Irod.:<\/strong> Szab\u00f3\u2013Simon\u2013Sz\u00f6gi; Szinnyei; Zrinyi E.: Adatok a Makk-G\u00e1l \u2013 f\u00e9le \u00f6sszeesk\u00fcv\u00e9s t\u00f6rt\u00e9net\u00e9hez (1851\u20131854) = Mv. t\u00f6rt\u00e9net\u00e9b\u0151l<\/br><\/p>\n","protected":false},"excerpt":{"rendered":"<p>Bolk\u00e1cs, 1823. okt. 25., 1824. nov. 23 \u2020 Segesv\u00e1r, 1893.: ev. lelk\u00e9sz, tan\u00e1r, jog\u00e1sz. \u2013 Apja mez\u0151gazd\u00e1sz.- Tanult a segesv\u00e1ri gimn\u00e1ziumban, a b\u00e9csi Protest\u00e1ns Teologiai Int\u00e9zetben (1849. nov. 24\u2013) \u00e9s T\u00fcbingenben az egyetem Hittudom\u00e1nyi Kar\u00e1n (1852); azut\u00e1n a nagyszebeni gimn\u00e1ziumban tan\u00edtott. Mint nagyszebeni pr\u00e9dik\u00e1tor szelindeki lelk\u00e9szhelyettes lett. (1863.).Cikke a Siebenb\u00fcrger Quartalschriftben (1860.Christenthum und Gewerbe.). Szerkesztette [&hellip;]<\/p>\n","protected":false},"featured_media":0,"comment_status":"open","ping_status":"closed","template":"","meta":[],"product_brand":[],"product_cat":[137],"product_tag":[],"class_list":{"0":"post-14486","1":"product","2":"type-product","3":"status-publish","5":"product_cat-maros-megyei-eletrajzi-lexikon","7":"first","8":"instock","9":"shipping-taxable","10":"product-type-simple"},"_links":{"self":[{"href":"https:\/\/uj.adatbank.ro\/lexikon\/wp-json\/wp\/v2\/product\/14486","targetHints":{"allow":["GET"]}}],"collection":[{"href":"https:\/\/uj.adatbank.ro\/lexikon\/wp-json\/wp\/v2\/product"}],"about":[{"href":"https:\/\/uj.adatbank.ro\/lexikon\/wp-json\/wp\/v2\/types\/product"}],"replies":[{"embeddable":true,"href":"https:\/\/uj.adatbank.ro\/lexikon\/wp-json\/wp\/v2\/comments?post=14486"}],"wp:attachment":[{"href":"https:\/\/uj.adatbank.ro\/lexikon\/wp-json\/wp\/v2\/media?parent=14486"}],"wp:term":[{"taxonomy":"product_brand","embeddable":true,"href":"https:\/\/uj.adatbank.ro\/lexikon\/wp-json\/wp\/v2\/product_brand?post=14486"},{"taxonomy":"product_cat","embeddable":true,"href":"https:\/\/uj.adatbank.ro\/lexikon\/wp-json\/wp\/v2\/product_cat?post=14486"},{"taxonomy":"product_tag","embeddable":true,"href":"https:\/\/uj.adatbank.ro\/lexikon\/wp-json\/wp\/v2\/product_tag?post=14486"}],"curies":[{"name":"wp","href":"https:\/\/api.w.org\/{rel}","templated":true}]}}