{"id":14489,"date":"2025-07-15T13:03:27","date_gmt":"2025-07-15T11:03:27","guid":{"rendered":"https:\/\/uj.adatbank.ro\/lexikon\/termek\/malnasi-geza-malnassy-geza-%c2%a7\/"},"modified":"2025-07-15T13:03:27","modified_gmt":"2025-07-15T11:03:27","slug":"malnasi-geza-malnassy-geza-%c2%a7","status":"publish","type":"product","link":"https:\/\/uj.adatbank.ro\/lexikon\/termek\/malnasi-geza-malnassy-geza-%c2%a7\/","title":{"rendered":"M\u00c1LN\u00c1SI G\u00e9za, M\u00e1ln\u00e1ssy G\u00e9za, \u00a7"},"content":{"rendered":"<p>1911., \u2020\u00a0Mv., 1993.: orvos. \u2013Debrecenben v\u00e9gezte az orvosi tanulm\u00e1nyait (1936). A II. vil\u00e1gh\u00e1bor\u00fa alatt az apj\u00e1val egy\u00fctt szolg\u00e1lt Gal\u00edci\u00e1ban a kolomeai honv\u00e9dk\u00f3rh\u00e1zban, k\u00f6zrem\u0171k\u00f6d\u00e9s\u00e9vel, seg\u00edtette \u00e9s p\u00f3tolta a honv\u00e9dek kosztadagj\u00e1t.J\u00f3l megtanult oroszul. Orvosk\u00e9nt tev\u00e9kenykedett Debrecenben, Kv.-on szakos\u00edtotta mag\u00e1t a radiol\u00f3gi\u00e1ban (1942). A belgy\u00f3gy\u00e1szat f\u0151orvosa (1944), ott kezelt\u00e9k Malinovszkij marsallt, kamatoztatta orosz nyelvtud\u00e1s\u00e1t is.Az egyetemmel \u00e9rkezett Mv.-re, tan\u00e1rseg\u00e9d (1945\u201348); egyetemi el\u0151ad\u00f3tan\u00e1r a MOGYI-n (1960 \u2013); dolgozott a mv.-i I. sz.. \u00e9s II. Klinik\u00e1n, gasztroenterol\u00f3gus (\u20131980).. Tanulm\u00e1nyozta a Maros, Hargita, \u00e9s Kov\u00e1szna megyei f\u00fcrd\u0151k j\u00f3t\u00e9kony hat\u00e1s\u00e1t a belgy\u00f3gy\u00e1szati betegs\u00e9gekben. \u2013 <strong>F. m.:<\/strong> <strong>t\u00e1rssz.:<\/strong> R\u00f6ntgentani jegyzetek. 2\u20133. k\u00f6t. (Mv., 1950); Belgy\u00f3gy\u00e1szati el\u0151ad\u00e1sok. 2. k\u00f6t.: Gyomor, belek \u00e9s hash\u00e1rtya betegs\u00e9gei\/ D\u00f3czy P\u00e1l, Horv\u00e1th Endre, M\u00e1ln\u00e1si G\u00e9za; 3 k\u00f6t.: A t\u00fcd\u0151 betegs\u00e9gei\/. D\u00f3czy P\u00e1l, Birek L\u00e1szl\u00f3, M\u00e1ln\u00e1si G\u00e9za \/: (Mv., 1951.); Medicin\u0103 intern\u0103: Manual pentru \u00eenv\u0103\u0163\u0103m\u00eentul medical superior (Bucure\u015fti, 1963).2. k. <br \/><strong>Irod.:<\/strong> Dezs\u0151 Istv\u00e1n; Genersich; Kiss-P.- P ; P\u00e9ter; Sz\u00f6ll\u0151si 2009; Todea\u2013F\u00fcl\u00f6p\u2013Avram<\/br><\/p>\n","protected":false},"excerpt":{"rendered":"<p>1911., \u2020\u00a0Mv., 1993.: orvos. \u2013Debrecenben v\u00e9gezte az orvosi tanulm\u00e1nyait (1936). A II. vil\u00e1gh\u00e1bor\u00fa alatt az apj\u00e1val egy\u00fctt szolg\u00e1lt Gal\u00edci\u00e1ban a kolomeai honv\u00e9dk\u00f3rh\u00e1zban, k\u00f6zrem\u0171k\u00f6d\u00e9s\u00e9vel, seg\u00edtette \u00e9s p\u00f3tolta a honv\u00e9dek kosztadagj\u00e1t.J\u00f3l megtanult oroszul. Orvosk\u00e9nt tev\u00e9kenykedett Debrecenben, Kv.-on szakos\u00edtotta mag\u00e1t a radiol\u00f3gi\u00e1ban (1942). A belgy\u00f3gy\u00e1szat f\u0151orvosa (1944), ott kezelt\u00e9k Malinovszkij marsallt, kamatoztatta orosz nyelvtud\u00e1s\u00e1t is.Az egyetemmel \u00e9rkezett Mv.-re, [&hellip;]<\/p>\n","protected":false},"featured_media":0,"comment_status":"open","ping_status":"closed","template":"","meta":[],"product_brand":[],"product_cat":[137],"product_tag":[],"class_list":{"0":"post-14489","1":"product","2":"type-product","3":"status-publish","5":"product_cat-maros-megyei-eletrajzi-lexikon","7":"first","8":"instock","9":"shipping-taxable","10":"product-type-simple"},"_links":{"self":[{"href":"https:\/\/uj.adatbank.ro\/lexikon\/wp-json\/wp\/v2\/product\/14489","targetHints":{"allow":["GET"]}}],"collection":[{"href":"https:\/\/uj.adatbank.ro\/lexikon\/wp-json\/wp\/v2\/product"}],"about":[{"href":"https:\/\/uj.adatbank.ro\/lexikon\/wp-json\/wp\/v2\/types\/product"}],"replies":[{"embeddable":true,"href":"https:\/\/uj.adatbank.ro\/lexikon\/wp-json\/wp\/v2\/comments?post=14489"}],"wp:attachment":[{"href":"https:\/\/uj.adatbank.ro\/lexikon\/wp-json\/wp\/v2\/media?parent=14489"}],"wp:term":[{"taxonomy":"product_brand","embeddable":true,"href":"https:\/\/uj.adatbank.ro\/lexikon\/wp-json\/wp\/v2\/product_brand?post=14489"},{"taxonomy":"product_cat","embeddable":true,"href":"https:\/\/uj.adatbank.ro\/lexikon\/wp-json\/wp\/v2\/product_cat?post=14489"},{"taxonomy":"product_tag","embeddable":true,"href":"https:\/\/uj.adatbank.ro\/lexikon\/wp-json\/wp\/v2\/product_tag?post=14489"}],"curies":[{"name":"wp","href":"https:\/\/api.w.org\/{rel}","templated":true}]}}

MÁLNÁSI Géza, Málnássy Géza, §

<p>1911., † Mv., 1993.: orvos. –Debrecenben végezte az orvosi tanulmányait (1936). A II. világháború alatt az apjával együtt szolgált Galíciában a kolomeai honvédkórházban, közreműködésével, segítette és pótolta a honvédek kosztadagját.Jól megtanult oroszul. Orvosként tevékenykedett Debrecenben, Kv.-on szakosította magát a radiológiában (1942). A belgyógyászat főorvosa (1944), ott kezelték Malinovszkij marsallt, kamatoztatta orosz nyelvtudását is.Az egyetemmel érkezett Mv.-re, tanársegéd (1945–48); egyetemi előadótanár a MOGYI-n (1960 –); dolgozott a mv.-i I. sz.. és II. Klinikán, gasztroenterológus (–1980).. Tanulmányozta a Maros, Hargita, és Kovászna megyei fürdők jótékony hatását a belgyógyászati betegségekben. – <strong>F. m.:</strong> <strong>társsz.:</strong> Röntgentani jegyzetek. 2–3. köt. (Mv., 1950); Belgyógyászati előadások. 2. köt.: Gyomor, belek és hashártya betegségei/ Dóczy Pál, Horváth Endre, Málnási Géza; 3 köt.: A tüdő betegségei/. Dóczy Pál, Birek László, Málnási Géza /: (Mv., 1951.); Medicină internă: Manual pentru învăţămîntul medical superior (Bucureşti, 1963).2. k. <br /><strong>Irod.:</strong> Dezső István; Genersich; Kiss-P.- P ; Péter; Szöllősi 2009; Todea–Fülöp–Avram</br></p>

<p>1911., † Mv., 1993.: orvos. –Debrecenben végezte az orvosi tanulmányait (1936). A II. világháború alatt az apjával együtt szolgált Galíciában a kolomeai honvédkórházban, közreműködésével, segítette és pótolta a honvédek kosztadagját.Jól megtanult oroszul. Orvosként tevékenykedett Debrecenben, Kv.-on szakosította magát a radiológiában (1942). A belgyógyászat főorvosa (1944), ott kezelték Malinovszkij marsallt, kamatoztatta orosz nyelvtudását is.Az egyetemmel érkezett Mv.-re, [&hellip;]</p>
