{"id":14492,"date":"2025-07-15T13:03:31","date_gmt":"2025-07-15T11:03:31","guid":{"rendered":"https:\/\/uj.adatbank.ro\/lexikon\/termek\/malnasi-laszlo-malnasi\/"},"modified":"2025-07-15T13:03:31","modified_gmt":"2025-07-15T11:03:31","slug":"malnasi-laszlo-malnasi","status":"publish","type":"product","link":"https:\/\/uj.adatbank.ro\/lexikon\/termek\/malnasi-laszlo-malnasi\/","title":{"rendered":"M\u00c1LN\u00c1SI L\u00e1szl\u00f3, m\u00e1ln\u00e1si"},"content":{"rendered":"<p>Erd\u00e9ly, 1722., \u2020 Gernyeszeg, 1797. m\u00e1rc. 3.: ref. lelk\u00e9sz. \u2013 \u00c1rva Bethlen Kata t\u00e1mogat\u00e1s\u00e1val tanult a nagyenyedi Ref. Koll.-ban (1739\u2013), \u00e9s Leidenben (1747\u201352). Bethlen Kata (1752\u201359), gr. Bethlen Imre (1759\u201361), s tal\u00e1n gr. Teleki L\u00e1szl\u00f3 f\u0151consiliarius udvari lelk\u00e9\u00adsze lett. Nagyszebenben f\u0151konziszt\u00f3riumi lelk\u00e9sz (1761\u2013), egy\u00fattal az erd\u00e9lyi ref. egyh\u00e1zak, koll\u00e9giumok \u00e9s isk.-k alap\u00edtv\u00e1ny\u00e1nak fel\u00fcgyel\u0151 gondnoka Teleki S\u00e1muel mellett (1769\u2013). Nagy \u00e9rdemei vannak az erd\u00e9lyi ref. Iskol\u00e1k anyagi helyzet\u00e9nek rendezlslvben. Nyugalomba vonult \u00e9s Gernyeszegre k\u00f6lt\u00f6z\u00f6tt (1792\u2013) a Teleki csal\u00e1dhoz amelynek t\u00f6bb tagj\u00e1val szoros bar\u00e1rs\u00e1gban volt. A korona\u0151r Teleki J\u00f3zsef Igaz bar\u00e1t k\u00e9pe c. \u00edrt verset r\u00f3la. V\u00e9grendelet\u00e9ben a gernyeszegi ref. egyh\u00e1zk\u00f6zs\u00e9gre hagyott 1000 m. ft.-ot. K\u00f6nyvt\u00e1r\u00e1t, k\u00e9zira\u00adtait a sz\u00e9kelyudvarhelyi ref. koll\u00e9gium k\u00f6nyv\u00adt\u00e1ra (ma \u00c1ll. Dokument\u00e1ci\u00f3s Kvt\u00e1r) \u0151rzi. Nyomtat\u00e1sban t\u00f6bb, f\u0151k\u00e9nt a Teleki csal\u00e1d tagjai felett mondott temet\u00e9si pr\u00e9dik\u00e1ci\u00f3ja, va\u00adlamint a fogarasi ref. templom felszentel\u00e9sekor tartott besz\u00e9de (1759) jelent meg. \u2013 <strong>F. m.:<\/strong> F\u0151 embernek egyetlen egy, de meg-hal\u00e1lozott le\u00e1nya gr\u00f3f Bethleni Bethlen Kl\u00e1ra ifj\u00fa asszony kisr\u00e9dei R\u00e9dhei J\u00e1nos \u00farnak \u00e9lete p\u00e1rja&#8230; kinek&#8230;utols\u00f3 tisztess\u00e9gt\u00e9telekor halotti egy\u00fcgy\u0171 tan\u00edt\u00e1st tett, 1757. \u00e1pr. 24. (Kv., 1758); Templum tri-unitatis&#8230; (Nagyszeben, 1759); J\u00e1kob tusakod\u00e1sa&#8230;a Jehova f\u00e9rfi angyallal. Azut\u00e1n gr. L\u00e1z\u00e1r J\u00e1nos b\u00faslakod\u00e1sa&#8230; mid\u0151n el\u00e9bb \u00e9lete p\u00e1rj\u00e1t most pedig nagyobbik fi\u00e1t gr. \u00e9s gyulakuti liber b\u00e1r\u00f3 L\u00e1z\u00e1r Imr\u00e9t maga el\u0151tt elbocs\u00e1totta, 1761. m\u00e1j. 17. (Nagyszeben, 1761); Recentissima indigenatio: azaza m\u00e1s f\u00f6ldb\u0151l e f\u00f6ldbe, m\u00e1s haz\u00e1b\u00f3l e haz\u00e1ba, Magyaro.-b\u00f3l Erd\u00e9lybe \u00e1ltal\u00fcltetett, eggy\u00e9 lett \u00faj nemzets\u00e9g, avagy m\u00e9lt\u00f3s\u00e1gos gr. Sz\u00e9ki Teleki J\u00f3zsef \u00e9s m\u00e9lt\u00f3s\u00e1gos gr\u00f3f R\u00f3th Johanna \u00f6nagys\u00e1gok p\u00e1rosod\u00e1soknak megtiszteltet\u00e9se (Szeben, 1762); Kereszt\u00e9ny h\u00edv vit\u00e9znek fej\u00e9t dics\u0151s\u00e9gre felmagasztal\u00f3 igazs\u00e1gnak koron\u00e1ja. Melyet a kir\u00e1lyok kir\u00e1lya&#8230; k\u00e9sz\u00edtett \u00e9s meg is adott Bethlen Farkas \u00far \u0151-nagys\u00e1g\u00e1nak. Isten szent besz\u00e9d\u00e9n \u00e9p\u0171lt egy halotti tan\u00edt\u00e1sban melyet elmondott a nagyteremi gy\u00e1szos udvarn\u00e1l 1763. j\u00fan. 26. napj\u00e1n (Nagyszeben, 1763); T\u00f6rv\u00e9nyb\u0151l val\u00f3 igazs\u00e1got mag\u00e1t\u00f3l elh\u00e1r\u00edt\u00f3, evangy\u00e9liumi igazs\u00e1got mag\u00e1nak v\u00e1laszt\u00f3 igaz ember : Az az n\u00e9hai gr. R\u00e1dai Eszter&#8230; gr. Sz. Teleki L\u00e1szl\u00f3 \u00farnak&#8230;\u00e9lete p\u00e1rja hogy e val\u00f3s\u00e1ggal \u00edgy l\u00e9gyen, az egyeness\u00e9gben meg- megmutogatta&#8230; tetemeinek kopors\u00f3ba l\u00f6tt z\u00e1rattat\u00e1sok szomor\u00fa alkalmatoss\u00e1g\u00e1val, 1764. jan. 8. (Nagyszeben, 1764; Kv., 1766); Az Istenf\u00e9lelemnek gazdag jutalm\u00e1t, idvez\u00edt\u0151 \u00e9des J\u00e9zus\u00e1nak \u00e9rdeme \u00e1ltal megnyert Istentf\u00e9lt\u0151 ember n\u00e9hai&#8230;gr. Bethlen Imre \u00far ki-is e f\u00f6ldi \u00e9let\u00e9t isteni f\u00e9lelemben folytatv\u00e1n s v\u00e9gezv\u00e9n&#8230;, 1765. j\u00fan. 16. (Nagyszeben, 1767); Isteni gondvisel\u00e9snek t\u00fck\u00f6re&#8230;sz\u00e9ki gr. Teleki L\u00e1szl\u00f3 \u00e9s Eszter, toroczk\u00f3szentgy\u00f6rgyi Toroczkai Zsigmondn\u00e9 felett, 1778. j\u00fan. 14. (Kv., 1779). <br \/><strong>Irod.:<\/strong> \u00c1rva Bethlen K.; B\u00f6jthe Andor; Halotti besz\u00e9dek; Jak\u00f3 Zsigmond: A sz\u00e9kelyudvarhelyi tudom\u00e1\u00adnyos k\u00f6nyvt\u00e1rt\u00f6rt\u00e9nete (J. Zs.: Ir\u00e1s, k\u00f6nyv, \u00e9r\u00adtelmis\u00e9g. Buk., 1976); Koncz; Kov\u00e1sznai; MAM\u0170L, Szinnyei; \u00daM\u00c9L<\/br><\/p>\n","protected":false},"excerpt":{"rendered":"<p>Erd\u00e9ly, 1722., \u2020 Gernyeszeg, 1797. m\u00e1rc. 3.: ref. lelk\u00e9sz. \u2013 \u00c1rva Bethlen Kata t\u00e1mogat\u00e1s\u00e1val tanult a nagyenyedi Ref. Koll.-ban (1739\u2013), \u00e9s Leidenben (1747\u201352). Bethlen Kata (1752\u201359), gr. Bethlen Imre (1759\u201361), s tal\u00e1n gr. Teleki L\u00e1szl\u00f3 f\u0151consiliarius udvari lelk\u00e9\u00adsze lett. Nagyszebenben f\u0151konziszt\u00f3riumi lelk\u00e9sz (1761\u2013), egy\u00fattal az erd\u00e9lyi ref. egyh\u00e1zak, koll\u00e9giumok \u00e9s isk.-k alap\u00edtv\u00e1ny\u00e1nak fel\u00fcgyel\u0151 gondnoka Teleki [&hellip;]<\/p>\n","protected":false},"featured_media":0,"comment_status":"open","ping_status":"closed","template":"","meta":[],"product_brand":[],"product_cat":[137],"product_tag":[],"class_list":{"0":"post-14492","1":"product","2":"type-product","3":"status-publish","5":"product_cat-maros-megyei-eletrajzi-lexikon","7":"first","8":"instock","9":"shipping-taxable","10":"product-type-simple"},"_links":{"self":[{"href":"https:\/\/uj.adatbank.ro\/lexikon\/wp-json\/wp\/v2\/product\/14492","targetHints":{"allow":["GET"]}}],"collection":[{"href":"https:\/\/uj.adatbank.ro\/lexikon\/wp-json\/wp\/v2\/product"}],"about":[{"href":"https:\/\/uj.adatbank.ro\/lexikon\/wp-json\/wp\/v2\/types\/product"}],"replies":[{"embeddable":true,"href":"https:\/\/uj.adatbank.ro\/lexikon\/wp-json\/wp\/v2\/comments?post=14492"}],"wp:attachment":[{"href":"https:\/\/uj.adatbank.ro\/lexikon\/wp-json\/wp\/v2\/media?parent=14492"}],"wp:term":[{"taxonomy":"product_brand","embeddable":true,"href":"https:\/\/uj.adatbank.ro\/lexikon\/wp-json\/wp\/v2\/product_brand?post=14492"},{"taxonomy":"product_cat","embeddable":true,"href":"https:\/\/uj.adatbank.ro\/lexikon\/wp-json\/wp\/v2\/product_cat?post=14492"},{"taxonomy":"product_tag","embeddable":true,"href":"https:\/\/uj.adatbank.ro\/lexikon\/wp-json\/wp\/v2\/product_tag?post=14492"}],"curies":[{"name":"wp","href":"https:\/\/api.w.org\/{rel}","templated":true}]}}

MÁLNÁSI László, málnási

<p>Erdély, 1722., † Gernyeszeg, 1797. márc. 3.: ref. lelkész. – Árva Bethlen Kata támogatásával tanult a nagyenyedi Ref. Koll.-ban (1739–), és Leidenben (1747–52). Bethlen Kata (1752–59), gr. Bethlen Imre (1759–61), s talán gr. Teleki László főconsiliarius udvari lelké­sze lett. Nagyszebenben főkonzisztóriumi lelkész (1761–), egyúttal az erdélyi ref. egyházak, kollégiumok és isk.-k alapítványának felügyelő gondnoka Teleki Sámuel mellett (1769–). Nagy érdemei vannak az erdélyi ref. Iskolák anyagi helyzetének rendezlslvben. Nyugalomba vonult és Gernyeszegre költözött (1792–) a Teleki családhoz amelynek több tagjával szoros barárságban volt. A koronaőr Teleki József Igaz barát képe c. írt verset róla. Végrendeletében a gernyeszegi ref. egyházközségre hagyott 1000 m. ft.-ot. Könyvtárát, kézira­tait a székelyudvarhelyi ref. kollégium könyv­tára (ma Áll. Dokumentációs Kvtár) őrzi. Nyomtatásban több, főként a Teleki család tagjai felett mondott temetési prédikációja, va­lamint a fogarasi ref. templom felszentelésekor tartott beszéde (1759) jelent meg. – <strong>F. m.:</strong> Fő embernek egyetlen egy, de meg-halálozott leánya gróf Bethleni Bethlen Klára ifjú asszony kisrédei Rédhei János úrnak élete párja&#8230; kinek&#8230;utolsó tisztességtételekor halotti együgyű tanítást tett, 1757. ápr. 24. (Kv., 1758); Templum tri-unitatis&#8230; (Nagyszeben, 1759); Jákob tusakodása&#8230;a Jehova férfi angyallal. Azután gr. Lázár János búslakodása&#8230; midőn elébb élete párját most pedig nagyobbik fiát gr. és gyulakuti liber báró Lázár Imrét maga előtt elbocsátotta, 1761. máj. 17. (Nagyszeben, 1761); Recentissima indigenatio: azaza más földből e földbe, más hazából e hazába, Magyaro.-ból Erdélybe általültetett, eggyé lett új nemzetség, avagy méltóságos gr. Széki Teleki József és méltóságos gróf Róth Johanna önagyságok párosodásoknak megtiszteltetése (Szeben, 1762); Keresztény hív vitéznek fejét dicsőségre felmagasztaló igazságnak koronája. Melyet a királyok királya&#8230; készített és meg is adott Bethlen Farkas úr ő-nagyságának. Isten szent beszédén épűlt egy halotti tanításban melyet elmondott a nagyteremi gyászos udvarnál 1763. jún. 26. napján (Nagyszeben, 1763); Törvényből való igazságot magától elhárító, evangyéliumi igazságot magának választó igaz ember : Az az néhai gr. Rádai Eszter&#8230; gr. Sz. Teleki László úrnak&#8230;élete párja hogy e valósággal így légyen, az egyenességben meg- megmutogatta&#8230; tetemeinek koporsóba lött zárattatások szomorú alkalmatosságával, 1764. jan. 8. (Nagyszeben, 1764; Kv., 1766); Az Istenfélelemnek gazdag jutalmát, idvezítő édes Jézusának érdeme által megnyert Istentféltő ember néhai&#8230;gr. Bethlen Imre úr ki-is e földi életét isteni félelemben folytatván s végezvén&#8230;, 1765. jún. 16. (Nagyszeben, 1767); Isteni gondviselésnek tüköre&#8230;széki gr. Teleki László és Eszter, toroczkószentgyörgyi Toroczkai Zsigmondné felett, 1778. jún. 14. (Kv., 1779). <br /><strong>Irod.:</strong> Árva Bethlen K.; Böjthe Andor; Halotti beszédek; Jakó Zsigmond: A székelyudvarhelyi tudomá­nyos könyvtártörténete (J. Zs.: Irás, könyv, ér­telmiség. Buk., 1976); Koncz; Kovásznai; MAMŰL, Szinnyei; ÚMÉL</br></p>

<p>Erdély, 1722., † Gernyeszeg, 1797. márc. 3.: ref. lelkész. – Árva Bethlen Kata támogatásával tanult a nagyenyedi Ref. Koll.-ban (1739–), és Leidenben (1747–52). Bethlen Kata (1752–59), gr. Bethlen Imre (1759–61), s talán gr. Teleki László főconsiliarius udvari lelké­sze lett. Nagyszebenben főkonzisztóriumi lelkész (1761–), egyúttal az erdélyi ref. egyházak, kollégiumok és isk.-k alapítványának felügyelő gondnoka Teleki [&hellip;]</p>
